ohhh nooe!

Report for 2009

                   Annual Climatological Summary for 2009

Name: Dobrava   City: Slovenske Konjice   State: SI
Elevation: 342 m  Lat: N 46° 21' 05"   Lon: E 015° 24' 04"

                  Temperature (°C), Heat Base: 18.3  Cool Base: 18.3
                          Dep.  Heat  Cool                       Max  Max  Min  Min
        Mean  Mean        From  Deg   Deg                        >=   <=   <=   <=
 YR MO  Max   Min   Mean  Norm  Days  Days  Hi  Date  Low  Date 30.0  0.0 20.0 -10.0
------------------------------------------------------------------------------------
 09  1   1.4  -4.3  -1.6  -2.3   539     4  11.8  20 -12.6   10    0   11   31    4
 09  2   6.2  -1.7   2.1  -0.2   416     3  15.7  28  -8.3   18    0    1   28    0
 09  3  10.7   0.9   6.0   0.0   332    16  15.0  23  -5.8   22    0    0   31    0
 09  4  18.3   7.9  13.1   2.9   166     2  22.5   8   4.3   22    0    0   30    0
 09  5  22.1  11.6  16.7   1.3    80    27  28.7  26   6.1   30    0    0   31    0
 09  6  22.6  13.0  17.7  -1.0    39    38  30.3  19   7.8    2    1    0   30    0
 09  7  25.8  14.8  20.3   0.1    39    69  31.2  15   9.5   12    3    0   29    0
 09  8  25.7  15.2  19.7   0.1    25    69  31.2   2  11.4   24    1    0   31    0
 09  9  21.7  12.2  15.9   1.1    91    25  27.1   2   7.4    7    0    0   30    0
 09 10  15.2   6.5  10.6   0.1   251     3  25.6   7  -2.6   16    0    0   31    0
 09 11  11.5   4.5   7.8   2.1   297     4  16.6  17  -3.7    2    0    0   30    0
 09 12   5.5  -1.0   2.4   1.4   480     1  15.5  25 -13.5   20    0    7   31    3
------------------------------------------------------------------------------------
        15.6   6.6  10.9   0.5  2760   265  31.2 Jul -13.5  Dec    5   19  363    7

                                Precipitation (mm)

              Dep.   Max        Days of Rain
              From   Obs.           >=
 YR MO Total  Norm   Day Date  0.2  2.0 20.0
---------------------------------------------
 09  1  76.0   0.0  21.0  21    10    8    1
 09  2  44.0   0.0  13.0   3     9    7    0
 09  3  82.0   0.0  44.0  29     6    6    1
 09  4  60.0   0.0  20.0  23    10    8    1
 09  5  48.0   0.0  14.0  27    10    6    0
 09  6 168.0   0.0  25.0  20    15   13    4
 09  7  63.0   0.0  19.0  10     9    7    0
 09  8 111.0   0.0  41.0   3     6    6    2
 09  9  92.0   0.0  44.0   4     8    7    1
 09 10  46.0   0.0  11.0   2     8    6    0
 09 11  77.0   0.0  26.0   3     9    7    1
 09 12  87.0   0.0  26.0  25    10    8    1
---------------------------------------------
       954.0   0.0  44.0  Mar  110   89   12

                                Wind Speed (km/h)
                          Dom
 YR MO   Avg.  Hi   Date  Dir
------------------------------
 09  1   2.0  45.7   18   WNW
 09  2   3.6  45.7   10    NW
 09  3   4.6  39.6   18    NW
 09  4   3.3  37.4   17    NW
 09  5   2.2  45.7   19    NW
 09  6   2.2  28.8   15   WNW
 09  7   2.1  31.7   23   WNW
 09  8   1.1  17.6    2   ESE
 09  9   1.0  29.5    3    NE
 09 10   2.7  46.4   21    NW
 09 11   5.3  45.0   14    NW
 09 12   4.3  47.2   23   WNW
------------------------------
         2.9  47.2  Dec    NW