ohhh nooe!

Report for 2019 Sep

                   Monthly Climatological Summary for Sep 2019

Name: Dobrava   City: Slovenske Konjice   State: SI
Elevation: 342 m  Lat: N 46 21 05   Lon: E 015 24 41

                  Temperature (°C), Rain (mm), Wind Speed (km/h)

                                      Heat  Cool        Avg
    Mean                              Deg   Deg         Wind                 Dom
Day Temp  High   Time   Low    Time   Days  Days  Rain  Speed High   Time    Dir
----------------------------------------------------------------------------------
01  23.2  29.6   14:27  17.6   05:45   0.0   4.9   0.0   0.4  11.3   15:56    NW
02  19.9  25.8   14:22  15.3   23:58   0.4   2.1  36.0   0.4  16.1   14:08    SE
03  16.2  22.4   15:06  11.6   23:52   2.9   0.8   5.0   0.4  17.7   15:27     N
04  15.9  22.9   17:38   9.9   05:52   3.5   1.1   0.0   0.5   9.7   11:36   NNW
05  16.9  24.4   16:27  10.6   07:16   3.0   1.6   0.0   0.4  11.3   14:31   NNE
06  14.9  15.7   09:17  13.6   22:53   3.4   0.0  11.4   0.1   8.0   12:15   ESE
07  14.5  15.9   18:26  13.4   03:41   3.8   0.0   7.4   0.0   8.0   22:04     S
08  14.0  15.9   15:25  12.5   05:33   4.3   0.0  19.4   0.0   8.0   13:36   NNW
09  14.1  19.6   17:15   9.9   23:02   4.3   0.1   6.4   0.7  17.7   16:17     W
10  14.1  20.6   16:40   8.2   06:45   4.7   0.4   0.2   0.1  11.3   12:33   ESE
11  15.2  21.1   16:58   8.3   06:47   3.7   0.6   0.2   0.0   8.0   10:47    SE
12  17.2  23.8   14:17  12.1   07:17   2.5   1.4   0.0   0.1  12.9   14:33   SSE
13  17.6  24.9   13:49  11.8   07:01   2.5   1.8   0.0   0.2   9.7   09:44   SSW
14  17.8  23.3   12:52  12.3   06:24   1.9   1.3   0.0   0.1  11.3   13:36     E
15  17.8  24.9   14:44  11.9   06:47   2.2   1.7   0.0   0.7  16.1   12:55   WSW
16  18.2  26.7   15:02  10.8   06:05   2.5   2.4   0.0   0.1   8.0   14:25     E
17  19.7  25.3   13:57  15.8   05:07   0.6   2.1   0.0   0.1  11.3   16:07   NNE
18  13.9  18.1   00:00  11.6   22:38   4.4   0.0   0.0   0.1  11.3   11:47     N
19  12.0  17.2   15:02   6.0   23:51   6.3   0.0   0.0   0.3  12.9   11:31     E
20   9.5  16.1   15:12   4.1   06:25   8.8   0.0   0.2   0.6  12.9   10:03   ESE
21  10.9  18.0   14:58   5.7   06:29   7.4   0.0   0.0   0.6  12.9   14:03   SSE
22  13.0  20.9   14:29   6.4   04:29   5.4   0.2   0.0   2.4  25.7   17:02   WNW
----------------------------------------------------------------------------------
    15.8  29.6     1     4.1    20    78.5  22.5  86.2   0.4  25.7    22       W

Max >=  30.0  0
Max <=   0.0  0
Min <=   0.0  0
Min <= -10.0  0
Max Rain: 36.0 on day 2
Days of Rain: 9 (>= 0.2 mm)  6 (>= 1.0 mm)  3 (>= 10.0 mm)
Heat Base: 18.3  Cool Base: 18.3  Method: Integration