ohhh nooe!

Report for 2018 Dec

                   Monthly Climatological Summary for Dec 2018

Name: Dobrava   City: Slovenske Konjice   State: SI
Elevation: 342 m  Lat: N 46 21 05   Lon: E 015 24 41

                  Temperature (°C), Rain (mm), Wind Speed (km/h)

                                      Heat  Cool        Avg
    Mean                              Deg   Deg         Wind                 Dom
Day Temp  High   Time   Low    Time   Days  Days  Rain  Speed High   Time    Dir
----------------------------------------------------------------------------------
01  -1.7   2.4   14:41  -4.2   02:11  20.0   0.0   0.0   0.0   0.0   00:00     N
02   3.1   8.5   15:23  -4.1   07:29  15.2   0.0   0.2   4.6  32.2   18:14   WNW
03   9.5  12.5   13:24   6.7   06:31   8.8   0.0   0.4  11.1  33.8   04:22    NW
04   8.8  14.2   13:06   3.4   22:11   9.5   0.0   0.0   2.0  37.0   02:42   WNW
05   3.4   5.6   13:49   0.6   04:46  14.9   0.0   0.0   0.0   8.0   12:17   NNW
06   2.5   5.2   12:45  -1.1   23:54  15.8   0.0   0.0   0.4  14.5   10:01     W
07   7.0  11.4   12:59  -1.1   00:08  11.3   0.0   0.0   8.2  48.3   22:11   WNW
08   6.0   9.5   01:10   1.9   17:13  12.3   0.0   5.2   3.3  40.2   00:03   WNW
09   6.3   9.9   11:10   3.4   00:00  12.0   0.0   0.0   7.4  38.6   06:21   WNW
10   4.4   9.3   13:03  -0.9   23:10  13.9   0.0   0.0   4.0  27.4   14:25    NW
11   3.4   5.4   11:07  -0.7   02:57  14.9   0.0   0.0   5.6  27.4   12:17   WNW
12   3.4   7.4   14:09  -1.6   23:59  14.9   0.0   0.0   6.0  32.2   05:38   WNW
13  -1.0  -0.1   12:42  -3.2   02:15  19.3   0.0   0.0   0.4  11.3   12:00   ESE
14  -1.2  -0.3   13:50  -1.8   23:52  19.5   0.0   0.0   0.4  12.9   04:12   ESE
15  -2.1  -0.2   14:26  -4.7   23:20  20.4   0.0   0.4   0.1   9.7   10:31   ESE
16  -2.6   0.8   15:03  -5.7   06:37  20.9   0.0   0.0   1.4  22.5   09:33     W
----------------------------------------------------------------------------------
     3.1  14.2     4    -5.7    16   243.6   0.0   6.2   3.4  48.3     7     WNW

Max >=  30.0  0
Max <=   0.0  3
Min <=   0.0 11
Min <= -10.0  0
Max Rain: 5.2 on day 8
Days of Rain: 4 (>= 0.2 mm)  1 (>= 1.0 mm)  0 (>= 10.0 mm)
Heat Base: 18.3  Cool Base: 18.3  Method: Integration