ohhh nooe!
Select a Year or Month report

Report for 2018 Feb

                   Monthly Climatological Summary for Feb 2018

Name: Dobrava   City: Slovenske Konjice   State: SI
Elevation: 342 m  Lat: N 46 21 05   Lon: E 015 24 41

                  Temperature (°C), Rain (mm), Wind Speed (km/h)

                                      Heat  Cool        Avg
    Mean                              Deg   Deg         Wind                 Dom
Day Temp  High   Time   Low    Time   Days  Days  Rain  Speed High   Time    Dir
----------------------------------------------------------------------------------
01   8.2   9.8   12:21   6.5   21:17  10.1   0.0  16.8   0.0   0.0   00:00     N
02   1.0   6.8   00:00   0.1   18:43  17.2   0.0   9.2   0.0   0.0   00:00     N
03   0.2   1.4   12:31  -0.7   20:16  18.1   0.0   0.0   0.0   0.0   00:00     N
04  -0.4   3.7   14:40  -3.9   21:18  18.7   0.0   0.0   0.0   0.0   00:00     N
05  -0.5   3.0   12:50  -3.5   06:08  18.8   0.0   0.2   0.0   0.0   00:00     N
06  -0.4   1.4   14:06  -1.6   22:26  18.7   0.0   0.0   0.0   0.0   00:00     N
07  -0.8   0.3   14:29  -2.0   06:41  19.1   0.0   0.0   0.0   0.0   00:00     N
08   0.8   3.2   15:04  -0.5   00:00  17.5   0.0   0.0   0.0   0.0   00:00     N
09   0.5   1.7   14:55  -0.2   05:22  17.8   0.0   0.0   0.0   0.0   00:00     N
10   0.0   0.7   11:12  -0.7   23:42  18.3   0.0   0.0   0.0   0.0   00:00     N
11  -0.5   3.2   13:52  -6.3   08:12  18.8   0.0   0.4   0.0   0.0   00:00     N
12  -0.3   0.7   14:04  -1.8   06:01  18.6   0.0   0.2   0.0   0.0   00:00     N
13  -0.6   2.1   13:13  -3.1   22:06  18.9   0.0   0.0   0.0   0.0   00:00     N
14  -1.1   3.8   14:59  -5.4   23:28  19.4   0.0   2.0   0.0   0.0   00:00     N
15  -2.6   3.0   13:22  -6.7   03:46  20.9   0.0   2.2   0.0   0.0   00:00     N
16   1.1   5.0   13:14  -1.6   03:16  17.2   0.0   4.0   0.0   0.0   00:00     N
17   1.5   4.7   12:01  -2.8   07:54  16.8   0.0   7.4   0.0   0.0   00:00     N
18   1.1   3.1   13:02  -0.1   04:02  17.2   0.0   7.0   0.0   0.0   00:00     N
19  -0.4   0.9   13:50  -1.7   23:12  18.7   0.0   0.0   0.0   0.0   00:00     N
20  -0.5   1.3   12:34  -1.9   04:33  18.8   0.0   0.0   0.0   0.0   00:00     N
21   0.5   2.6   13:00  -1.2   23:51  17.8   0.0   0.0   0.0   0.0   00:00     N
22  -1.0  -0.5   14:36  -1.6   05:59  19.3   0.0   0.0   0.0   0.0   00:00     N
23  -1.0   0.1   12:58  -1.7   03:44  19.3   0.0   0.0   0.0   0.0   00:00     N
----------------------------------------------------------------------------------
     0.2   9.8     1    -6.7    15   416.0   0.0  49.4   0.0   0.0     0       E

Max >=  30.0  0
Max <=   0.0  1
Min <=   0.0 21
Min <= -10.0  0
Max Rain: 16.8 on day 1
Days of Rain: 10 (>= 0.2 mm)  7 (>= 1.0 mm)  1 (>= 10.0 mm)
Heat Base: 18.3  Cool Base: 18.3  Method: Integration