NOAA-Style klimatska poročila


Poročilo za 2020
                   Annual Climatological Summary for 2020

Name: Bezina   City: Slovenske Konjice   State: SI
Elevation: 344 m  Lat: N 46 21 00   Lon: E 015 25 00

                  Temperature (°C), Heat Base: 18.3  Cool Base: 18.3
                          Dep.  Heat  Cool                       Max  Max  Min  Min
        Mean  Mean        From  Deg   Deg                        >=   <=   <=   <=
 YR MO  Max   Min   Mean  Norm  Days  Days  Hi  Date  Low  Date 30.0  0.0  0.0 -10.0
------------------------------------------------------------------------------------
 20  1   7.5  -2.9   1.6  -0.3   518     0  13.8  31  -6.3   24    0    0   29    0
 20  2  11.7   1.3   6.7   5.6   335     0  15.3   3  -4.5    7    0    0   15    0
 20  3  12.6   2.1   7.2   0.2   347     2  22.4  20  -3.8   31    0    0   11    0
 20  4  19.7   4.1  11.7  -0.3   211    16  26.1  17  -4.2    2    0    0    8    0
 20  5  20.3   8.8  14.3  -0.8   140    17  27.2   9   2.9    7    0    0    0    0
 20  6  24.4  13.4  18.6  -0.5    50    59  31.3  28   9.9    3    3    0    0    0
 20  7  27.0  14.2  20.3  -0.3    39   102  33.7  28   9.1   13    8    0    0    0
 20  8  27.8  16.2  21.3   0.9    16   108  32.4  22  13.0   20   10    0    0    0
 20  9  23.4  11.1  16.6   0.1    92    40  29.0  15   3.9   27    0    0    0    0
 20 10  16.7   7.7  11.8   0.0   203     2  23.3   3   2.7   20    0    0    0    0
 20 11   9.5   1.3   4.9  -2.0   404     1  21.7   3  -5.2   22    0    0   13    0
 20 12   4.7   0.2   2.3  -0.9   480     0  12.2  24  -5.7    1    0    1   14    0
------------------------------------------------------------------------------------
        17.1   6.5  11.4   0.2  2834   347  33.7 Jul  -6.3  Jan    0    0   29    0

                                Precipitation (mm)

              Dep.   Max        Days of Rain
              From   Obs.           >=
 YR MO Total  Norm   Day Date  0.2  2.0 20.0
---------------------------------------------
 20  1  27.0   7.0  22.2  28    12    2    1
 20  2  44.8  -3.2  26.0  26     8    3    1
 20  3  34.2   2.2   9.8   1    12    6    0
 20  4  39.8 -31.2  16.0  29     8    4    0
 20  5  58.2 -55.8  10.2  24    19   10    0
 20  6 127.2  32.2  22.4  25    18   11    2
 20  7 172.4  63.4  34.8   6    20   12    4
 20  8 139.8  41.8  33.8   3    18   10    2
 20  9  91.6 -32.4  41.6  25    13    5    2
 20 10 162.8  66.8  48.6   3    17    8    2
 20 11  52.0 -32.0  43.6  16    14    3    1
 20 12 155.9 101.9  26.0  28    21   12    2
---------------------------------------------
      1105.7 160.7  48.6  Oct  180   86   17

                                Wind Speed (km/h)
                          Dom
 YR MO   Avg.  Hi   Date  Dir
------------------------------
 20  1   1.3  66.0   28    SW
 20  2   5.0  85.3   10    SW
 20  3   3.2  53.1    1    SW
 20  4   2.8  53.1   28     S
 20  5   3.3  51.5   11   SSW
 20  6   3.2  48.3    4    SW
 20  7   2.0  49.9    6     S
 20  8   1.6  43.5   30     S
 20  9   2.0  43.5   25     S
 20 10   3.0  49.9   21    SW
 20 11   1.1  22.5    2     S
 20 12   1.6  54.7   29    SW
------------------------------
         2.5  85.3  Feb   SSW