NOAA-Style klimatska poročila


Poročilo za 2018 November
                   Monthly Climatological Summary for Nov 2018

Name: Bezina   City: Slovenske Konjice   State: SI
Elevation: 344 m  Lat: N 46 21 00   Lon: E 015 25 00

                  Temperature (°C), Rain (mm), Wind Speed (km/h)

                                      Heat  Cool        Avg
    Mean                              Deg   Deg         Wind                 Dom
Day Temp  High   Time   Low    Time   Days  Days  Rain  Speed High   Time    Dir
----------------------------------------------------------------------------------
01  11.2  15.7   13:43   7.4   00:40   7.1   0.0   5.6   0.9  16.1   14:37    NE
02  12.8  16.1   11:16   8.6   05:30   5.5   0.0  13.6   0.1   8.0   11:45    NE
03  14.1  16.3   11:16  12.3   05:17   4.2   0.0   0.8   0.5  11.3   11:11     W
04  13.8  16.7   14:34  12.8   04:38   4.5   0.0   0.0   0.6   9.7   15:17   ESE
05  13.1  16.2   14:08   9.9   23:52   5.2   0.0   0.0   0.6   9.7   12:08    SE
06  12.4  17.0   13:14   8.0   06:18   5.9   0.0   0.2   0.6  11.3   13:24     E
07  10.8  16.4   13:33   7.9   23:56   7.5   0.0   0.2   1.0  12.9   15:14     E
08  11.9  17.8   13:53   7.6   00:55   6.4   0.0   0.0   1.5  16.1   04:04   ENE
09  11.8  16.2   13:18   8.4   22:47   6.5   0.0   0.0   1.7  17.7   12:42     S
10  12.1  16.1   13:03   7.6   05:56   6.2   0.0   0.2   5.1  30.6   10:46    SW
11  14.3  17.6   12:16  12.1   01:29   4.0   0.0   0.0   7.1  40.2   12:33   WSW
12  15.4  19.2   13:49  13.5   23:59   2.9   0.1   0.0   8.4  37.0   12:00    SW
13  13.2  17.4   12:31   9.2   21:38   5.1   0.0   0.0   6.1  32.2   11:16    SW
14   8.9  11.7   14:24   5.7   23:16   9.4   0.0   1.0   0.4   8.0   15:11     S
15   6.6  11.2   14:57   3.6   03:39  11.7   0.0   0.2   0.7  11.3   10:32    SE
16   6.0  10.7   13:30   2.2   18:44  12.3   0.0   0.0   1.7  19.3   13:13   ESE
17   3.5   8.6   13:30  -1.5   22:02  14.8   0.0   0.0   2.7  25.7   14:01   ESE
18   2.1   3.7   12:13  -0.2   00:00  16.2   0.0   0.0   0.6  11.3   23:34   SSE
19   1.1   1.7   00:00   0.6   07:43  17.2   0.0   1.6   1.6  17.7   23:53   SSE
----------------------------------------------------------------------------------
    10.3  19.2    12    -1.5    17   152.6   0.1  23.4   2.2  40.2    11     SSW

Max >=  30.0  0
Max <=   0.0  0
Min <=   0.0  2
Min <= -10.0  0
Max Rain: 13.6 on day 2
Days of Rain: 9 (>= 0.2 mm)  2 (>= 2.0 mm)  0 (>= 20.0 mm)
Heat Base: 18.3  Cool Base: 18.3  Method: Integration