NOAA-Style klimatska poročila


Poročilo za 2024 Maj
                   Monthly Climatological Summary for May 2024

Name: Bezina   City: Slovenske Konjice   State: SI
Elevation: 344 m  Lat: N 46 21 00   Lon: E 015 25 00

                  Temperature (°C), Rain (mm), Wind Speed (km/h)

                                      Heat  Cool        Avg
    Mean                              Deg   Deg         Wind                 Dom
Day Temp  High   Time   Low    Time   Days  Days  Rain  Speed High   Time    Dir
----------------------------------------------------------------------------------
01  13.1  17.2   15:42   8.6   06:06   5.2   0.0   0.6   0.2  14.5   08:21   ESE
02  15.3  20.7   14:06  11.2   23:58   3.3   0.3   0.8   2.4  38.6   11:01   SSW
03  12.2  13.6   11:32  10.9   23:52   6.1   0.0  19.2   0.2  17.7   03:17   WSW
04  15.6  23.1   16:50  10.3   06:06   3.8   1.0   0.6   0.3  19.3   13:51     S
05  16.4  22.7   15:48   8.7   05:59   3.1   1.2   0.2   4.0  43.5   16:02   SSW
06  17.9  22.8   13:58  14.2   06:14   1.4   1.1   0.0  10.4  56.3   14:06    SW
07  16.1  20.4   11:00  11.7   22:51   2.5   0.3   0.6   2.6  33.8   14:11    SW
08  13.7  15.2   14:28  12.3   00:00   4.6   0.0   4.2   0.0   3.2   04:12     N
09  15.1  21.0   17:30   8.6   23:59   3.7   0.5   0.0   0.6  25.7   12:39    NE
10  14.8  22.6   15:50   6.6   05:38   4.7   1.1   0.0   0.4  25.7   14:42    SE
11  15.4  22.6   15:53   7.3   05:29   4.1   1.2   0.0   0.5  22.5   12:28   SSE
12  15.8  22.2   14:57   9.9   04:40   3.3   0.8   0.4   0.1  17.7   12:40    NE
13  14.8  19.8   14:05  11.3   03:40   3.7   0.1  10.8   0.0  14.5   14:43   ENE
14  13.4  17.1   17:26   9.0   23:59   4.9   0.0   9.8   0.0   4.8   00:36     N
15  14.3  20.5   16:39   6.8   05:39   4.3   0.3   1.4   1.1  20.9   15:31   SSE
16  14.4  16.9   17:45  12.7   06:09   3.9   0.0  31.8   0.6  17.7   18:07   ESE
17  16.3  21.4   16:04  11.5   23:55   2.7   0.7  12.4   4.3  37.0   16:46    SW
18  16.9  24.7   15:51   9.0   04:20   3.2   1.9   0.0   3.8  33.8   12:18     S
19  19.3  25.9   15:21  12.0   01:54   1.4   2.4   0.0   1.0  24.1   18:19     S
20  19.0  25.2   15:00  11.8   06:00   1.3   2.0   0.0   0.6  20.9   15:28     S
21  16.3  18.7   15:23  14.5   23:59   2.0   0.0  17.8   0.2  20.9   15:41    SE
22  16.3  21.3   11:19  13.1   14:42   2.3   0.4  32.8   1.0  19.3   02:45   WNW
23  16.6  21.8   13:22  11.4   04:19   2.2   0.6   0.0   0.4  19.3   16:34    SW
----------------------------------------------------------------------------------
    15.6  25.9    19     6.6    10    77.7  15.9 143.4   1.5  56.3     6     SSW

Max >=  30.0  0
Max <=   0.0  0
Min <=   0.0  0
Min <= -10.0  0
Max Rain: 32.8 on day 22
Days of Rain: 15 (>= 0.2 mm)  8 (>= 2.0 mm)  2 (>= 20.0 mm)
Heat Base: 18.3  Cool Base: 18.3  Method: Integration