NOAA-Style klimatska poročila


Poročilo za 2017 September
                   Monthly Climatological Summary for Sep 2017

Name: Bezina   City: Slovenske Konjice   State: SI
Elevation: 344 m  Lat: N 46 21 00   Lon: E 015 25 00

                  Temperature (°C), Rain (mm), Wind Speed (km/h)

                                      Heat  Cool        Avg
    Mean                              Deg   Deg         Wind                 Dom
Day Temp  High   Time   Low    Time   Days  Days  Rain  Speed High   Time    Dir
----------------------------------------------------------------------------------
01  19.6  24.0   09:35  16.8   23:53   0.2   1.5  11.0   2.3  38.6   11:00    SW
02  14.6  16.9   00:46  12.4   23:55   3.7   0.0  19.6   1.9  24.1   00:55    SE
03  14.4  18.9   17:09  10.6   23:42   3.9   0.0   1.0   2.3  22.5   15:02     N
04  15.3  22.7   15:40   8.3   05:33   4.0   1.1   0.0   3.1  20.9   11:32   SSE
05  16.1  24.3   17:08   8.9   07:03   3.8   1.5   0.0   2.0  20.9   13:28   SSE
06  17.8  25.4   14:05  10.6   05:58   2.5   2.0   0.0   2.1  19.3   17:29   SSW
07  14.5  17.3   04:57  12.4   22:21   3.8   0.0  19.8   1.2  14.5   06:38     E
08  14.2  18.7   14:35  10.6   23:59   4.1   0.0   0.0   1.7  14.5   16:21    SW
09  16.1  23.7   13:52   9.3   06:27   3.1   1.0   0.2   4.3  35.4   13:25    SW
10  17.9  22.8   15:29  13.7   00:00   1.3   1.0   2.0   2.0  19.3   02:03   WSW
11  16.2  17.8   16:27  13.9   02:05   2.1   0.0  18.6   0.7   9.7   04:26     E
12  13.1  16.5   00:30  10.7   21:15   5.2   0.0  14.8   2.5  20.9   19:04   WSW
13  14.9  21.3   15:55   8.7   06:24   3.8   0.5   0.0   6.2  40.2   18:20    SW
14  17.4  21.9   12:34  10.7   23:58   1.6   0.7  20.6   8.8  57.9   11:52    SW
15  11.1  12.7   17:02   9.7   02:38   7.2   0.0  35.2   1.0  11.3   02:18     E
16  12.5  14.3   13:58  10.8   05:54   5.8   0.0  45.0   1.3  11.3   02:18   ESE
17  13.5  18.2   16:21  10.6   22:02   4.8   0.0  21.2   1.9  32.2   14:17   WSW
18  12.4  16.6   14:15   8.3   07:23   5.9   0.0  10.4   1.4  17.7   13:17    NE
19  10.1  11.5   00:00   8.8   21:17   8.2   0.0  32.2   2.6  29.0   19:35     S
20  10.8  13.3   14:56   8.3   07:13   7.5   0.0   0.0   2.3  24.1   18:54    NW
21  12.2  19.3   14:00   5.6   06:07   6.1   0.0   0.8   3.0  29.0   08:46    SW
22  13.9  21.4   16:21   8.3   23:56   4.9   0.5   0.0   3.4  22.5   03:42    SW
23  13.4  21.7   15:23   6.7   06:37   5.4   0.5   0.2   1.2  19.3   16:15    SE
24  13.6  15.8   15:47  11.7   23:58   4.7   0.0   6.2   0.6  12.9   13:41   SSE
25  12.9  16.2   15:19  11.1   01:17   5.2   0.0   0.2   0.6  19.3   15:30   ENE
----------------------------------------------------------------------------------
    14.3  25.4     6     5.6    21   108.8  10.3 259.0   2.4  57.9    14     SSW

Max >=  30.0  0
Max <=   0.0  0
Min <=   0.0  0
Min <= -10.0  0
Max Rain: 45.0 on day 16
Days of Rain: 18 (>= 0.2 mm)  13 (>= 2.0 mm)  5 (>= 20.0 mm)
Heat Base: 18.3  Cool Base: 18.3  Method: Integration