NOAA-Style klimatska poročila


Poročilo za 2021 April
                   Monthly Climatological Summary for Apr 2021

Name: Bezina   City: Slovenske Konjice   State: SI
Elevation: 344 m  Lat: N 46 21 00   Lon: E 015 25 00

                  Temperature (°C), Rain (mm), Wind Speed (km/h)

                                      Heat  Cool        Avg
    Mean                              Deg   Deg         Wind                 Dom
Day Temp  High   Time   Low    Time   Days  Days  Rain  Speed High   Time    Dir
----------------------------------------------------------------------------------
01  15.4  25.9   16:46   6.0   06:35   4.9   2.0   0.0   1.0  16.1   10:38   SSW
02  16.0  20.9   13:14   9.6   23:59   2.5   0.2   4.6   1.7  24.1   23:14   SSE
03   8.0  12.4   16:51   3.5   23:59  10.3   0.0  15.0   2.7  29.0   16:56   NNE
04   5.3  10.5   16:41   0.4   23:28  13.0   0.0   0.0   2.8  24.1   11:20   ESE
05   7.3  15.2   15:38  -0.4   02:58  11.0   0.0   0.0   6.7  37.0   16:25    SW
06   2.0   8.5   02:01  -1.9   22:31  16.3   0.0  10.2   1.8  33.8   01:43   WSW
07   0.7   5.9   12:37  -4.5   06:54  17.6   0.0   0.8   1.9  24.1   13:32   WSW
08   3.7  11.9   15:30  -3.7   04:18  14.6   0.0   0.0   3.2  29.0   16:02    SW
09   6.8  14.7   14:28  -2.5   06:53  11.5   0.0   0.0   7.0  48.3   16:55    SW
10  11.5  16.8   16:42   7.6   00:05   6.8   0.0   0.0  11.8  48.3   18:04    SW
11  11.0  12.8   11:27  10.1   04:25   7.3   0.0   0.0   8.0  38.6   01:46    SW
12  11.5  14.8   12:22   5.6   23:59   6.8   0.0  12.8   4.3  33.8   10:34    SW
----------------------------------------------------------------------------------
     8.3  25.9     1    -4.5     7   122.6   2.2  43.4   4.4  48.3     9      SW

Max >=  30.0  0
Max <=   0.0  0
Min <=   0.0  5
Min <= -10.0  0
Max Rain: 15.0 on day 3
Days of Rain: 5 (>= 0.2 mm)  4 (>= 2.0 mm)  0 (>= 20.0 mm)
Heat Base: 18.3  Cool Base: 18.3  Method: Integration