NOAA-Style klimatska poročila


Poročilo za 2018
                   Annual Climatological Summary for 2018

Name: Bezina   City: Slovenske Konjice   State: SI
Elevation: 344 m  Lat: N 46 21 00   Lon: E 015 25 00

                  Temperature (°C), Heat Base: 18.3  Cool Base: 18.3
                          Dep.  Heat  Cool                       Max  Max  Min  Min
        Mean  Mean        From  Deg   Deg                        >=   <=   <=   <=
 YR MO  Max   Min   Mean  Norm  Days  Days  Hi  Date  Low  Date 30.0  0.0  0.0 -10.0
------------------------------------------------------------------------------------
 18  1   9.1   1.4   5.0   3.1   411     0  16.8  29  -3.3   22    0    1   15    0
 18  2   2.4  -3.1  -0.6  -1.7   528     0  10.4   1 -14.6   28    0    5   23    4
 18  3   8.2   0.4   4.1  -2.9   441     0  16.3  28 -15.2    1    0    3   15    1
 18  4  21.5   8.2  14.6   2.6   141    30  28.5  23   1.0    7    0    0    0    0
 18  5  23.8  11.8  17.4   2.3    76    48  29.1  31   7.8   16    0    0    0    0
 18  6  25.8  14.5  19.7   0.6    36    79  31.6  21   7.5   23    3    0    0    0
 18  7  27.5  15.3  20.9   0.3    23   103  32.9  31  12.3    8    7    0    0    0
 18  8  28.8  15.7  21.8   1.4    26   133  33.9   8  10.6   27   17    0    0    0
 18  9  23.7  11.4  16.8   0.4    93    48  29.9  12   1.1   26    0    0    0    0
 18 10  18.7   7.9  12.7   0.9   180     6  22.9  24   2.7    1    0    0    0    0
 18 11  10.6   4.9   7.5   0.7   324     0  19.2  12  -5.8   29    0    1    5    0
 18 12   7.1  -1.4   2.6  -0.6   486     0  16.1   4  -6.3   18    0    0   25    0
------------------------------------------------------------------------------------
        17.3   7.3  11.9   0.6  2764   446  33.9 Aug -15.2  Mar    0    9   53    5

                                Precipitation (mm)

              Dep.   Max        Days of Rain
              From   Obs.           >=
 YR MO Total  Norm   Day Date  0.2  2.0 20.0
---------------------------------------------
 18  1  46.4  26.4  14.0   1    17    5    0
 18  2 118.4  70.4  26.3   2     9    9    2
 18  3 101.7  69.7  20.4  30    15    9    1
 18  4  99.0  28.0  52.0  16    15    6    1
 18  5 195.0  81.0  66.8  14    20   10    3
 18  6 137.0  42.0  30.4   8    19   10    2
 18  7 117.8   8.8  42.0  11    18    9    1
 18  8 138.0  40.0  73.2  14    12    6    2
 18  9  82.2 -41.8  33.2  24    18    7    1
 18 10  62.6 -33.4  25.8  28    21    8    1
 18 11  51.2 -32.8  13.6   2    16    6    0
 18 12   9.0 -45.0   5.2   8    14    1    0
---------------------------------------------
      1158.3 213.3  73.2  Aug  194   86   14

                                Wind Speed (km/h)
                          Dom
 YR MO   Avg.  Hi   Date  Dir
------------------------------
 18  1   3.7  69.2    3    SW
 18  2   1.9  57.9    1   SSW
 18  3   3.5  48.3   28   SSW
 18  4   4.2  74.0    3   SSW
 18  5   2.5  37.0   19   SSE
 18  6   2.8  40.2    5   SSE
 18  7   2.3  51.5    5     S
 18  8   1.9  27.4    7    SE
 18  9   1.7  37.0   23   SSE
 18 10   2.0  59.5   30     S
 18 11   1.7  40.2   11   SSW
 18 12   2.8  43.5   24   WSW
------------------------------
         2.6  74.0  Apr   SSW