NOAA-Style klimatska poročila


Poročilo za 2014
                   Annual Climatological Summary for 2014

Name: Bezina   City: Slovenske Konjice   State: SI
Elevation: 344 m  Lat: N 46° 21' 28"   Lon: E 015° 25' 56"

                  Temperature (°C), Heat Base: 18,3  Cool Base: 18,3
                          Dep.  Heat  Cool                       Max  Max  Min  Min
        Mean  Mean        From  Deg   Deg                        >=   <=   <=   <=
 YR MO  Max   Min   Mean  Norm  Days  Days  Hi  Date  Low  Date 30,0  0,0  0,0 -10,0
------------------------------------------------------------------------------------
 14  1   7,5   1,6   4,6   3,9   425     0  13,1   5  -7,1   26    0    6   11    0
 14  2   7,8   1,0   4,4   2,1   388     0  13,7  16  -4,3    1    0    4   10    0
 14  3  15,3   3,8   9,5   3,5   274     0  23,4  17  -0,8    9    0    0    2    0
 14  4  17,7   7,5  12,3   2,1   181     1  23,9   8   0,8   16    0    0    0    0
 14  5  20,5   9,4  14,9  -0,5   132    24  28,6  22   1,7    5    0    0    0    0
 14  6  24,9  12,6  18,5  -0,2    61    67  33,7  11   8,3    4    5    0    0    0
 14  7  26,0  14,7  20,0  -0,2    32    86  32,0   7   9,3    1    3    0    0    0
 14  8  24,4  13,5  18,7  -0,9    52    62  31,3  11   9,2   29    2    0    0    0
 14  9  20,5  11,6  15,5   0,7   101    15  27,2   9   5,4   24    0    0    0    0
 14 10  18,3   9,0  13,1   2,6   178    17  25,3  11  -0,9   29    0    0    1    0
 14 11  11,9   5,9   8,4   2,7   296     0  20,6   5  -0,9   23    0    0    1    0
 14 12   7,2   0,7   3,8   2,8   447     0  14,6  20 -12,4   30    0    3   12    3
------------------------------------------------------------------------------------
        16,8   7,6  12,0   1,6  2569   274  33,7 jun -12,4  dec   10   13   37    3

                                Precipitation (mm)

              Dep.   Max        Days of Rain
              From   Obs.           >=
 YR MO Total  Norm   Day Date  0,2  2,0 20,0
---------------------------------------------
 14  1  58,0   0.0  24,4  19    11    5    1
 14  2 119,7   0.0  24,4  17    13   11    2
 14  3  19,8   0.0   9,6  23     6    3    0
 14  4 123,2   0.0  34,1   9    18   11    2
 14  5  98,4   0.0  33,0  11    12    8    1
 14  6 131,6   0.0  43,6  30    12    9    3
 14  7 164,6   0.0  32,2   9    21   13    4
 14  8 155,0   0.0  39,0   5    16    9    4
 14  9 154,4   0.0  39,4   1    20   14    2
 14 10  81,6   0.0  44,4  22    12    5    2
 14 11  81,2   0.0  24,6   6    18    5    2
 14 12  61,5   0.0  20,7  29    14    9    1
---------------------------------------------
      1249,0   0.0  44,4  okt  173  102   24

                                Wind Speed (km/h)
                          Dom
 YR MO   Avg.  Hi   Date  Dir
------------------------------
 14  1   2,7  60,0   16   WSW
 14  2   3,1  65,6    7   WSW
 14  3   3,3  39,6   22    SW
 14  4   2,5  45,1   14   WSW
 14  5   3,3  48,3    4   SSW
 14  6   2,7  43,5   29     S
 14  7   2,7  41,8   21    SW
 14  8   2,5  38,6   14   SSW
 14  9   2,0  41,8   13   SSW
 14 10   3,0  51,5   13    SW
 14 11   1,9  57,9    4   SSW
 14 12   3,8  54,7   13   WSW
------------------------------
         2,8  65,6  feb    SW