NOAA-Style klimatska poročila


Poročilo za 2011
                   Annual Climatological Summary for 2011

Name: Bezina   City: Slovenske Konjice   State: SI
Elevation: 344 m  Lat: N 46° 21' 28"   Lon: E 015° 25' 56"

                  Temperature (°C), Heat Base: 18,3  Cool Base: 18,3
                          Dep.  Heat  Cool                       Max  Max  Min  Min
        Mean  Mean        From  Deg   Deg                        >=   <=   <=   <=
 YR MO  Max   Min   Mean  Norm  Days  Days  Hi  Date  Low  Date 30,0  0,0  0,0 -10,0
------------------------------------------------------------------------------------
 11  1   2,0  -3,1  -0,7  -1,4   266     0  13,0  18  -8,1   23    0    3   12    0
 11  2   5,1  -2,3   1,0  -1,3   483     0  19,0   6 -10,4   24    0    5   18    1
 11  3  11,6   1,6   6,3   0,3   371     0  19,7  25  -6,8    8    0    0   14    0
 11  4  19,6   6,4  12,5   2,3   173     0  27,0   7   0,9   17    0    0    0    0
 11  5  22,5   8,2  15,2  -0,2   104     7  28,4  24   0,9    4    0    0    0    0
 11  6  24,9  13,4  18,7   0,0    19    32  30,2  22   8,2   20    1    0    0    0
 11  7  25,3  14,1  19,3  -0,9    25    55  33,4   9   8,5    2    7    0    0    0
 11  8  28,5  14,6  20,9   1,3     9    87  35,1  26   8,0   11    9    0    0    0
 11  9  25,7  12,5  18,3   3,5    38    36  32,2   4   8,2   29    4    0    0    0
 11 10  15,7   5,2   9,9  -0,6   259     0  25,9   3  -2,5   17    0    0    4    0
 11 11   7,5   0,3   3,3  -2,4   451     0  19,0   5  -6,8   18    0    5   20    0
 11 12   8,1  -0,5   3,9   2,9   433     0  14,8   4  -6,6   20    0    0   19    0
------------------------------------------------------------------------------------
        16,4   5,9  10,7   0,3  2635   220  35,1 avg -10,4  feb   21   13   87    1

                                Precipitation (mm)

              Dep.   Max        Days of Rain
              From   Obs.           >=
 YR MO Total  Norm   Day Date  0,2  2,0 20,0
---------------------------------------------
 11  1  10,4   0.0   6,4  20     2    2    0
 11  2  13,8   0.0   5,4  18     7    2    0
 11  3   0,0   0.0   0,0  18     0    0    0
 11  4  44,0   0.0   9,9  30     8    7    0
 11  5  83,4   0.0  41,2  28    10    5    1
 11  6 148,3   0.0  29,0  19    14   10    2
 11  7 129,9   0.0  25,6  28    17   12    2
 11  8  51,9   0.0  36,0   8     7    3    1
 11  9  54,3   0.0  37,7  19     6    3    1
 11 10  98,4   0.0  38,3   7    10    4    2
 11 11   0,8   0.0   0,3  15     3    0    0
 11 12  75,7   0.0  26,0  15    12    4    2
---------------------------------------------
       710,9   0.0  41,2  maj   96   52   11

                                Wind Speed (km/h)
                          Dom
 YR MO   Avg.  Hi   Date  Dir
------------------------------
 11  1   1,8  22,2   28    SW
 11  2   1,8  40,7   11   WSW
 11  3   6,9  77,8   17   WSW
 11  4   2,1  37,0    5    SW
 11  5   1,9  40,7   14   SSE
 11  6   2,0  44,4   18    SW
 11  7   1,7  31,5   17    SW
 11  8   1,5  37,0    7   SSW
 11  9   1,4  40,7   18   SSW
 11 10   1,5  59,3   19    SW
 11 11   1,5  46,3    4    SE
 11 12   2,9  59,3   16    SW
------------------------------
         2,3  77,8  mar    SW