NOAA-Style klimatska poročila


Poročilo za 2015
                   Annual Climatological Summary for 2015

Name: Bezina   City: Slovenske Konjice   State: SI
Elevation: 344 m  Lat: N 46 21 28   Lon: E 015 25 55

                  Temperature (?C), Heat Base: 18.3  Cool Base: 18.3
                          Dep.  Heat  Cool                       Max  Max  Min  Min
        Mean  Mean        From  Deg   Deg                        >=   <=   <=   <=
 YR MO  Max   Min   Mean  Norm  Days  Days  Hi  Date  Low  Date 30.0  0.0  0.0 -10.0
------------------------------------------------------------------------------------
 15  1   7.0  -0.3   3.3   2.6   464     0  13.6  17  -9.7    1    0    0   18    0
 15  2   5.9  -1.7   1.9  -0.4   460     0  12.7  20  -8.8    8    0    0   21    0
 15  3  12.2   1.0   6.5   0.5   366     0  17.2  24  -3.9    8    0    0   13    0
 15  4  17.2   5.1  11.1   0.9   226    11  25.7  16  -2.7    6    0    0    3    0
 15  5  21.4  10.6  15.7   0.3   114    33  28.4   6   5.4   29    0    0    0    0
 15  6  25.3  12.6  18.9   0.2    60    79  30.8  12   7.2   18    2    0    0    0
 15  7  28.6  16.6  22.4   2.2    20   148  35.4  19  11.4   10   15    0    0    0
 15  8  28.6  15.3  21.5   1.9    27   126  33.9  13   9.7    1   16    0    0    0
 15  9  21.2  10.8  15.7   0.9   114    36  31.3   1   4.9    7    1    0    0    0
 15 10  14.8   6.7  10.3  -0.2   250     1  22.1   5   1.5   31    0    0    0    0
 15 11  14.4   3.4   8.0   2.3   313     5  24.6   8  -2.9   23    0    0    9    0
 15 12   8.9  -0.7   3.4   2.4   443     0  16.7   2  -7.6   31    0    0   23    0
------------------------------------------------------------------------------------
        17.1   6.6  11.6   1.1  2857   438  35.4 Jul  -9.7  Jan    0    0   18    0

                                Precipitation (mm)

              Dep.   Max        Days of Rain
              From   Obs.           >=
 YR MO Total  Norm   Day Date  0.2  2.0 20.0
---------------------------------------------
 15  1  46.4   0.0  19.6  30    11    5    0
 15  2  40.6   0.0  18.6  22     8    5    0
 15  3  33.8   0.0  14.8  25     9    6    0
 15  4  28.4   0.0  14.8  28    10    3    0
 15  5 122.0   0.0  32.0  23    16    9    2
 15  6 134.0   0.0  54.8  23    14    9    2
 15  7  96.2   0.0  16.6  27    15    9    0
 15  8  70.8   0.0  41.2  19    11    5    1
 15  9  97.6   0.0  46.2  25    13    6    2
 15 10 176.0   0.0  40.8   7    20   10    3
 15 11  46.6   0.0  41.4  21    11    2    1
 15 12   2.8   0.0   0.4  30    13    0    0
---------------------------------------------
       895.2   0.0  54.8  Jun  151   69   11

                                Wind Speed (km/h)
                          Dom
 YR MO   Avg.  Hi   Date  Dir
------------------------------
 15  1   3.9  62.8   16   WSW
 15  2   2.3  66.0   21     S
 15  3   3.6  66.0   31    SW
 15  4   4.7  54.7    2   WSW
 15  5   3.4  53.1    1    SW
 15  6   2.7  57.9   13   SSW
 15  7   1.9  45.1   24     S
 15  8   1.6  29.0   15     S
 15  9   2.1  45.1   17    SW
 15 10   1.1  37.0    4     S
 15 11   3.1  59.5   20   WSW
 15 12   2.1  43.5    1   WSW
------------------------------
         2.7  66.0  Feb    SW