NOAA-Style klimatska poročila


Poročilo za 2012
                   Annual Climatological Summary for 2012

Name: Bezina   City: Slovenske Konjice   State: SI
Elevation: 344 m  Lat: N 46° 21' 28"   Lon: E 015° 25' 56"

                  Temperature (°C), Heat Base: 18,3  Cool Base: 18,3
                          Dep.  Heat  Cool                       Max  Max  Min  Min
        Mean  Mean        From  Deg   Deg                        >=   <=   <=   <=
 YR MO  Max   Min   Mean  Norm  Days  Days  Hi  Date  Low  Date 30,0  0,0  0,0 -10,0
------------------------------------------------------------------------------------
 12  1   6,4  -2,2   2,1   1,4   502     0  11,9  22 -10,6   31    0    2   25    1
 12  2   2,7  -6,7  -2,1  -4,4   591     0  18,7  24 -16,4    8    0   13   24   11
 12  3  15,6   2,4   8,6   2,6   299     0  21,9  16  -5,3    7    0    0    9    0
 12  4  16,8   6,1  11,4   1,2   211     2  28,0  29  -2,6    9    0    0    3    0
 12  5  21,3   9,4  15,5   0,1    94     7  28,4  12   0,0    5    0    0    1    0
 12  6  26,1  14,4  20,3   1,6    15    75  33,8  30   6,1    6    8    0    0    0
 12  7  27,9  15,7  21,5   1,3     9   108  33,5   1  10,0   17   15    0    0    0
 12  8  29,1  14,6  21,5   1,9     7   106  36,4  22   9,3   12   12    0    0    0
 12  9  22,2  11,9  16,7   1,9    63    15  28,9  11   4,2   21    0    0    0    0
 12 10  16,1   7,1  11,3   0,8   217     0  23,4   1  -2,3   30    0    0    3    0
 12 11  12,1   5,4   8,5   2,8   294     0  18,7   5   0,7   18    0    0    0    0
 12 12   5,5  -1,4   1,9   0,9   509     0  12,8  25 -10,8   13    0    1   19    1
------------------------------------------------------------------------------------
        16,8   6,4  11,4   1,0  2813   316  36,4 avg -16,4  feb   35   16   84   13

                                Precipitation (mm)

              Dep.   Max        Days of Rain
              From   Obs.           >=
 YR MO Total  Norm   Day Date  0,2  2,0 20,0
---------------------------------------------
 12  1   0,0   0.0   0,0  20     0    0    0
 12  2   7,3   0.0   5,7  20     2    1    0
 12  3   4,0   0.0   3,7  19     2    1    0
 12  4  68,0   0.0  22,6   7    14   10    1
 12  5 113,1   0.0  29,8  12    13   11    2
 12  6  70,7   0.0  19,2   9    10    8    0
 12  7  84,6   0.0  17,6  15    13   10    0
 12  8  75,7   0.0  36,2  31     8    6    2
 12  9 165,9   0.0  60,6   1     7    6    4
 12 10 164,4   0.0  57,9  27    15   10    2
 12 11  85,9   0.0  31,8   5    15    6    1
 12 12  41,4   0.0  12,5  15     9    5    0
---------------------------------------------
       881,0   0.0  60,6  sep  108   74   12

                                Wind Speed (km/h)
                          Dom
 YR MO   Avg.  Hi   Date  Dir
------------------------------
 12  1   4,9  72,2    2     W
 12  2   2,6  42,6   16     S
 12  3   2,5  52,2   17   SSW
 12  4   3,7  52,2   26    SW
 12  5   2,8  33,9   24     S
 12  6   3,2  44,6    3    SW
 12  7   2,5  42,0   19     S
 12  8   2,2  41,1   23   SSW
 12  9   2,2  42,0   24   SSW
 12 10   2,3  36,3    7   WSW
 12 11   2,4  45,0   26    SW
 12 12   3,2  55,4   25     W
------------------------------
         2,9  72,2  jan    SW