NOAA-Style klimatska poročila


Poročilo za 2019
                   Annual Climatological Summary for 2019

Name: Bezina   City: Slovenske Konjice   State: SI
Elevation: 344 m  Lat: N 46 21 00   Lon: E 015 25 00

                  Temperature (°C), Heat Base: 18.3  Cool Base: 18.3
                          Dep.  Heat  Cool                       Max  Max  Min  Min
        Mean  Mean        From  Deg   Deg                        >=   <=   <=   <=
 YR MO  Max   Min   Mean  Norm  Days  Days  Hi  Date  Low  Date 30.0  0.0  0.0 -10.0
------------------------------------------------------------------------------------
 19  1   4.2  -3.0   0.6  -1.3   548     0  12.1  14 -10.3   26    0    3   28    1
 19  2  11.6  -1.0   4.6   3.5   384     0  20.7  28  -7.2   24    0    0   18    0
 19  3  14.9   2.7   8.4   1.4   306     1  22.4  24  -3.1   12    0    0    6    0
 19  4  16.6   5.8  11.0  -1.0   226     7  25.3  26   0.8   16    0    0    0    0
 19  5  17.2   8.5  12.8  -2.3   181     9  25.3  26   1.8    7    0    0    0    0
 19  6  28.7  15.5  22.0   2.9    18   129  34.6  27  11.3    1   13    0    0    0
 19  7  28.0  15.5  21.5   0.9    24   122  34.9   1  10.6   11   12    0    0    0
 19  8  28.0  16.5  21.8   1.4    15   124  33.6  12  10.3   15   10    0    0    0
 19  9  22.5  11.1  16.2  -0.2    96    34  30.3   1   3.7   20    1    0    0    0
 19 10  19.2   9.1  13.4   1.6   167    15  26.6  23   2.4    8    0    0    0    0
 19 11  11.1   5.3   8.3   1.5   300     0  17.0   3  -1.1   30    0    0    1    0
 19 12   5.4  -2.6   0.8  -2.4   140     0  10.4   8  -5.1    6    0    0    7    0
------------------------------------------------------------------------------------
        17.3   6.9  11.8   0.5  2406   440  34.9 Jul -10.3  Jan    0    3   28    1

                                Precipitation (mm)

              Dep.   Max        Days of Rain
              From   Obs.           >=
 YR MO Total  Norm   Day Date  0.2  2.0 20.0
---------------------------------------------
 19  1  56.8  36.8  18.4  28    15    7    0
 19  2  31.8 -16.2  14.0  11    10    4    0
 19  3  47.0  15.0  21.2  18    11    3    1
 19  4  95.2  24.2  25.0  11    12    8    2
 19  5 151.4  37.4  39.2  28    20   13    2
 19  6 132.6  37.6  66.2  23    15    7    2
 19  7 136.2  27.2  37.6  28    17   11    2
 19  8  91.4  -6.6  26.4  26    16    9    1
 19  9 147.4  23.4  33.4   2    22   12    3
 19 10  68.0 -28.0  25.2   2    17    4    2
 19 11 152.2  68.2  30.8   5    24   12    3
 19 12  20.0 -34.0  19.4   2     4    1    0
---------------------------------------------
      1130.0 185.0  66.2  Jun  183   91   18

                                Wind Speed (km/h)
                          Dom
 YR MO   Avg.  Hi   Date  Dir
------------------------------
 19  1   2.4  51.5   17   WSW
 19  2   2.6  51.5   10     S
 19  3   4.5  66.0    4    SW
 19  4   2.7  54.7   26     S
 19  5   3.2  43.5    1   SSW
 19  6   2.8  51.5    6     S
 19  7   2.7  38.6   27     S
 19  8   2.2  33.8   24     S
 19  9   1.8  32.2   22   SSW
 19 10   2.5  45.1   20    SW
 19 11   1.5  43.5   27    SW
 19 12   0.7  38.6    8    SW
------------------------------
         2.5  66.0  Mar   SSW