NOAA-Style klimatska poročila


Poročilo za 2013
                   Annual Climatological Summary for 2013

Name: Bezina   City: Slovenske Konjice   State: SI
Elevation: 344 m  Lat: N 46° 21' 28"   Lon: E 015° 25' 56"

                  Temperature (°C), Heat Base: 18,3  Cool Base: 18,3
                          Dep.  Heat  Cool                       Max  Max  Min  Min
        Mean  Mean        From  Deg   Deg                        >=   <=   <=   <=
 YR MO  Max   Min   Mean  Norm  Days  Days  Hi  Date  Low  Date 30,0  0,0  0,0 -10,0
------------------------------------------------------------------------------------
 13  1   4,9  -1,3   1,7   1,0   514     0  15,4  31  -9,0   26    0    5   19    0
 13  2   3,7  -2,0   0,9  -1,4   488     0  11,5   2  -9,8   11    0    3   22    0
 13  3   7,3  -0,2   3,6  -2,4   456     0  15,9   8  -6,6   28    0    3   16    0
 13  4  16,8   6,6  11,7   1,5   199     2  27,1  30  -0,1    4    0    0    2    0
 13  5  19,3  10,3  14,6  -0,8   117     2  28,9   1   6,1   14    0    0    0    0
 13  6  24,4  13,1  18,8   0,1    46    60  34,1  20   6,9   28    6    0    0    0
 13  7  28,7  15,0  21,6   1,4     2   105  36,3  28   9,3    1    9    0    0    0
 13  8  27,7  14,5  20,7   1,1    14    89  38,5   8   9,9   30   12    0    0    0
 13  9  20,4  10,7  15,1   0,3    99     3  27,7   3   5,7   18    0    0    0    0
 13 10  17,4   8,7  13,0   2,5   164     0  22,6  29   0,4    4    0    0    0    0
 13 11   9,8   4,0   6,9   1,2   341     0  17,7   1  -4,6   29    0    0    4    0
 13 12   7,1   0,0   3,4   2,4   461     0  12,9  23  -5,8   16    0    3   16    0
------------------------------------------------------------------------------------
        15,6   6,6  11,0   0,6  2906   265  38,5 avg  -9,8  feb   27   14   79    0

                                Precipitation (mm)

              Dep.   Max        Days of Rain
              From   Obs.           >=
 YR MO Total  Norm   Day Date  0,2  2,0 20,0
---------------------------------------------
 13  1  12,6   0.0   4,2  21    12    2    0
 13  2  49,2   0.0  19,7   2     8    5    0
 13  3 105,1   0.0  20,9  18    15    9    1
 13  4  47,3   0.0  10,0  12    12    7    0
 13  5 161,8   0.0  29,5   7    19   13    4
 13  6  30,1   0.0   8,4  24    13    5    0
 13  7  57,8   0.0  24,9   6    10    5    1
 13  8 108,4   0.0  35,8  24     9    6    2
 13  9 122,2   0.0  48,2  11    14    5    3
 13 10  41,1   0.0  20,1  11     7    5    1
 13 11 170,1   0.0  40,6   9    14   10    3
 13 12  35,4   0.0  13,5  26    11    4    0
---------------------------------------------
       941,1   0.0  48,2  sep  144   76   15

                                Wind Speed (km/h)
                          Dom
 YR MO   Avg.  Hi   Date  Dir
------------------------------
 13  1   2,6  39,3   30   WSW
 13  2   2,0  49,3    5   WSW
 13  3   2,9  42,4    8    SW
 13  4   3,5  47,4   12    SW
 13  5   3,0  43,5   19    SW
 13  6   3,0  39,3    9    SW
 13  7   2,7  63,0   29   SSW
 13  8   2,3  36,3   13   SSW
 13  9   1,8  27,8   18    SW
 13 10   3,4  47,8   23   WSW
 13 11   2,6  41,1   26     W
 13 12   2,5  69,1   19   WSW
------------------------------
         2,7  69,1  dec    SW