Select a Year or Month report
Report for 2024 Feb
Monthly Climatological Summary for Feb 2024 Name: Dobrava City: Slovenske Konjice State: SI Elevation: 342 m Lat: N 46° 21' 05" Lon: E 015° 24' 39" Temperature (°C), Rain (mm), Wind Speed (km/h) Heat Cool Avg Mean Deg Deg Wind Dom Day Temp High Time Low Time Days Days Rain Speed High Time Dir ---------------------------------------------------------------------------------- 01 5.7 11.8 13:39 0.2 23:20 12.6 0.0 0.0 3.8 26.0 13:25 NW 02 4.9 10.2 13:04 -0.2 01:09 13.4 0.0 0.0 2.7 18.0 13:07 WNW 03 8.6 17.4 12:01 3.1 23:56 9.6 0.0 0.0 4.3 23.0 01:37 NW 04 7.7 17.2 15:02 1.3 06:01 10.5 0.0 0.0 2.4 26.0 21:38 NNW 05 11.5 16.8 14:25 8.8 06:40 6.8 0.0 0.0 9.4 37.0 23:05 NW 06 10.2 13.8 13:37 8.4 21:50 8.1 0.0 0.0 14.5 39.0 19:43 WNW 07 10.1 13.4 13:52 7.7 07:06 8.2 0.0 0.0 13.1 40.0 00:04 WNW 08 10.4 12.9 12:41 8.3 06:23 7.9 0.0 0.0 14.3 50.0 21:37 WNW 09 11.4 12.2 13:41 10.3 06:53 6.9 0.0 0.4 14.1 55.0 00:30 W 10 11.3 15.4 12:35 8.7 23:54 7.0 0.0 4.2 5.9 37.0 12:26 WNW 11 9.1 11.2 15:37 7.7 23:52 9.2 0.0 21.6 0.0 2.0 12:29 N 12 7.9 11.1 14:12 5.3 23:59 4.6 0.0 0.2 0.0 2.0 10:23 N 13 6.2 12.2 15:40 0.9 22:55 12.1 0.0 0.0 2.3 18.0 13:16 NW 14 4.9 13.0 15:32 -0.6 05:51 13.4 0.0 0.0 1.8 21.0 11:14 NW 15 7.2 15.9 15:22 0.7 02:07 11.1 0.0 0.0 1.3 18.0 09:55 WNW 16 6.5 14.9 15:14 1.3 07:40 11.8 0.0 0.0 0.6 10.0 13:55 SE 17 8.6 15.8 13:51 1.4 07:16 9.7 0.0 0.0 0.3 16.0 17:08 SE 18 7.9 11.4 13:52 3.3 23:47 10.4 0.0 2.2 0.6 13.0 13:51 NW 19 6.1 12.2 15:09 1.8 05:59 12.2 0.0 0.0 0.7 11.0 02:53 NNW 20 7.1 13.5 14:29 1.6 02:35 11.2 0.0 0.2 1.7 18.0 10:21 NW 21 7.3 13.4 16:15 0.2 03:34 10.9 0.0 0.0 4.3 23.0 12:03 WNW 22 9.6 11.1 10:58 7.9 04:03 8.7 0.0 1.0 19.4 61.0 12:05 W 23 10.2 12.9 16:17 8.2 23:55 8.1 0.0 11.2 7.0 47.0 01:20 WNW 24 8.5 12.4 13:58 2.9 23:59 9.8 0.0 3.2 4.2 35.0 03:41 W 25 6.6 12.8 15:03 1.4 02:35 11.7 0.0 0.0 1.1 14.0 11:48 SW 26 7.0 11.7 12:08 0.4 06:50 11.3 0.0 0.0 4.9 37.0 12:26 W 27 7.4 10.6 14:33 4.1 05:44 10.8 0.0 2.8 0.5 11.3 03:28 NW 28 9.6 14.3 14:34 5.8 23:58 8.7 0.0 0.2 2.5 17.7 09:35 WNW 29 7.4 11.6 15:59 3.3 06:52 10.9 0.0 0.0 0.1 9.7 10:20 ESE ---------------------------------------------------------------------------------- 8.2 17.4 3 -0.6 14 287.6 0.0 47.2 4.9 61.0 22 WNW Max >= 30.0 0 Max <= 0.0 0 Min <= 0.0 2 Min <= -10.0 0 Max Rain: 21.6 on day 11 Days of Rain: 11 (>= 0.2 mm) 7 (>= 1.0 mm) 2 (>= 10.0 mm) Heat Base: 18.3 Cool Base: 18.3 Method: Integration