Select a Year or Month report
Report for 2023 Jun
Monthly Climatological Summary for Jun 2023 Name: Dobrava City: Slovenske Konjice State: SI Elevation: 342 m Lat: N 46° 21' 05" Lon: E 015° 24' 40" Temperature (°C), Rain (mm), Wind Speed (km/h) Heat Cool Avg Mean Deg Deg Wind Dom Day Temp High Time Low Time Days Days Rain Speed High Time Dir ---------------------------------------------------------------------------------- 01 19.5 25.0 16:39 14.3 06:08 1.1 2.3 0.0 0.5 13.0 13:00 ENE 02 20.3 27.5 15:38 14.2 05:43 1.0 3.1 0.0 0.6 14.0 11:18 NNW 03 17.2 20.9 16:32 15.1 06:58 1.5 0.4 0.0 0.2 13.0 16:34 NE 04 17.6 22.8 12:39 14.3 04:19 1.5 0.8 6.6 0.4 23.0 14:50 SSW 05 15.2 16.3 18:52 14.6 23:50 3.1 0.0 31.6 0.1 10.0 16:05 W 06 16.5 20.8 13:21 14.4 01:40 2.1 0.2 25.4 0.0 8.0 16:14 SSW 07 18.2 24.7 15:56 12.3 05:37 1.7 1.6 0.2 0.2 18.0 18:14 NNW 08 18.8 24.7 14:03 14.6 23:59 1.1 1.6 0.0 0.8 16.0 15:31 WNW 09 18.5 25.6 12:46 13.7 02:28 1.6 1.9 5.2 0.9 19.0 13:11 N 10 18.2 23.7 14:23 13.9 05:35 1.3 1.2 9.4 0.3 11.0 21:54 NNE 11 18.2 23.4 16:48 15.7 04:17 0.9 0.8 6.6 0.3 11.0 16:31 ENE 12 18.8 23.2 16:02 15.5 23:59 0.7 1.3 0.2 0.7 14.0 15:07 E 13 16.8 22.5 14:46 10.1 05:30 2.5 1.0 0.0 0.6 13.0 14:53 ENE 14 17.3 21.9 12:56 12.7 05:17 1.9 1.0 0.0 0.5 14.0 12:36 E 15 16.9 23.7 15:29 11.3 05:15 2.6 1.2 0.2 0.5 14.0 19:12 N 16 16.9 24.0 11:51 12.0 04:31 2.5 1.1 2.6 1.2 29.0 15:00 NNW 17 18.6 24.5 14:48 11.2 05:29 1.9 2.2 0.0 0.7 13.0 07:18 N 18 21.4 28.7 16:18 12.6 05:08 1.1 4.2 0.0 1.6 14.0 13:06 WSW 19 22.2 30.6 14:41 14.6 06:05 0.3 4.2 0.0 1.1 14.0 02:42 N 20 24.3 30.7 17:09 17.0 03:52 0.1 6.1 0.0 1.2 16.0 15:14 W 21 26.7 33.4 15:54 19.9 06:38 0.0 8.4 0.2 1.2 34.0 21:35 NNW 22 26.0 32.9 16:23 18.6 05:44 0.0 7.7 0.0 0.8 18.0 01:15 WNW ---------------------------------------------------------------------------------- 19.3 33.4 21 10.1 13 38.5 67.0 95.8 0.7 34.0 21 NNW Max >= 30.0 5 Max <= 0.0 0 Min <= 0.0 0 Min <= -10.0 0 Max Rain: 31.6 on day 5 Days of Rain: 12 (>= 0.2 mm) 8 (>= 1.0 mm) 2 (>= 10.0 mm) Heat Base: 18.3 Cool Base: 18.3 Method: Integration