ohhh nooe!

Report for 2012 May

                   Monthly Climatological Summary for May 2012

Name: Dobrava   City: Slovenske Konjice   State: SI
Elevation: 342 m  Lat: N 46° 21' 05"   Lon: E 015° 24' 41"

                  Temperature (°C), Rain (mm), Wind Speed (km/h)

                                      Heat  Cool        Avg
    Mean                              Deg   Deg         Wind                 Dom
Day Temp  High   Time   Low    Time   Days  Days  Rain  Speed High   Time    Dir
----------------------------------------------------------------------------------
 1  20.0  27.5   15:10  11.8   03:08   1.7   3.3   0.0   2.6  17.7   14:27   NNW
 2  20.5  27.4   15:38  14.2   04:53   0.7   2.8   0.0   3.2  19.3   12:55    NW
 3  18.7  24.6   16:26  12.7   23:13   1.5   1.9   8.2   3.1  27.4   21:09    NW
 4  14.7  19.9   15:33  11.3   23:58   3.8   0.2   3.0   0.9  14.5   00:01   ENE
 5  16.5  21.3   15:01  10.4   00:37   2.5   0.7   0.0  11.8  45.1   15:21     W
 6  15.4  20.3   13:56  10.7   06:28   3.0   0.1   0.0   7.6  33.8   14:09     W
 7  12.5  15.7   16:10   9.5   22:46   5.7   0.0   9.8   1.0  12.9   00:01     W
 8  14.7  22.6   16:28   8.1   05:35   4.3   0.7   0.0   1.9  17.7   12:38   SSW
 9  16.8  23.9   14:27   9.8   02:29   3.0   1.6   0.0   1.8  17.7   13:32   SSE
10  17.9  25.3   16:07  10.1   06:02   2.7   2.3   0.0   1.3  16.1   12:33     E
11  19.7  27.2   15:37  11.9   05:54   1.8   3.2   0.0   1.6  19.3   15:36     E
12  17.8  28.7   12:30  10.5   23:58   2.4   1.9  35.2   1.4  24.1   21:47   ESE
13   9.6  12.5   16:42   6.4   04:49   8.7   0.0  12.0   1.5  25.7   12:01     E
14   9.7  12.0   14:36   7.4   03:31   8.6   0.0   0.0   2.7  27.4   14:57     N
15  12.6  18.6   16:04   8.1   05:55   5.6   0.0   0.0   1.0  12.9   08:48    SE
16   8.4  10.2   03:33   7.0   21:06   9.9   0.0   2.6   2.4  27.4   03:34   WNW
17  11.1  16.6   14:16   4.7   23:59   7.1   0.0   0.0   2.6  27.4   00:38   NNW
18  10.2  17.6   16:45   2.4   02:23   8.0   0.0   0.0   1.7  17.7   10:48     S
19  13.6  21.3   17:10   5.4   04:43   5.2   0.5   0.0   1.4  19.3   11:52     E
20  17.2  24.9   16:43   8.1   05:52   3.1   2.0   0.0   2.4  19.3   17:26     W
21  14.9  17.5   15:50  12.6   02:07   3.3   0.0  21.2   0.8  27.4   04:26   WNW
22  14.0  16.5   19:17  12.1   04:55   4.3   0.0   8.0   1.3  20.9   12:10    NW
23  18.7  25.9   16:40  13.1   05:34   1.6   2.0   7.0   2.4  25.7   13:36   NNW
24  20.4  25.9   13:04  14.2   23:14   0.5   2.6   0.2   4.4  37.0   12:26    NW
25  17.7  21.9   16:23  11.1   23:58   1.5   0.9   0.0   2.7  37.0   12:44     N
26  14.2  19.7   16:13   8.2   05:44   4.1   0.1   0.0   1.5  22.5   15:00     E
27  15.7  22.1   13:24   8.3   05:32   3.5   1.0   0.0   1.4  20.9   11:52   NNE
28  15.7  22.3   14:15   8.8   03:03   3.4   0.8   1.6   2.0  22.5   19:11   WNW
29  17.1  23.4   16:45  11.9   01:41   2.1   0.9   0.4   1.6  20.9   08:58    NW
30  18.6  25.3   15:59  12.8   04:29   1.6   1.9   0.4   2.1  27.4   18:10   NNW
31  18.9  24.4   16:03  13.2   01:45   1.4   2.0   0.4   1.4  24.1   14:11   SSW
----------------------------------------------------------------------------------
    15.6  28.7    12     2.4    18   116.6  33.4 110.0   2.4  45.1     5     WNW

Max >=  30.0:  0
Max <=   0.0:  0
Min <=  20.0: 31
Min <= -10.0:  0
Max Rain: 35.2 on day 12
Days of Rain: 14 (>= 0.2 mm)  9 (>= 2.0 mm)  2 (>= 20.0 mm)
Heat Base: 18.3  Cool Base: 18.3  Method: Integration