ohhh nooe!

Report for 2011 Oct

                   Monthly Climatological Summary for Oct 2011

Name: Dobrava   City: Slovenske Konjice   State: SI
Elevation: 342 m  Lat: N 46° 21' 05"   Lon: E 015° 24' 04"

                  Temperature (°C), Rain (mm), Wind Speed (km/h)

                                      Heat  Cool        Avg
    Mean                              Deg   Deg         Wind                 Dom
Day Temp  High   Time   Low    Time   Days  Days  Rain  Speed High   Time    Dir
----------------------------------------------------------------------------------
 1  16.9  24.7   14:08  10.1   06:30   2.9   1.5   0.0   0.2  10.1   13:32   NNE
 2  17.0  23.9   13:42  11.9   22:32   2.8   1.4   0.0   0.5  10.8   12:52   SSW
 3  17.0  25.2   14:46  11.8   01:53   2.9   1.6   0.0   1.8  13.3   11:56    NW
 4  16.2  24.8   14:16   8.8   06:20   3.7   1.6   0.0   0.4   9.4   11:58     N
 5  16.5  24.8   14:05   9.5   06:22   3.4   1.6   0.0   0.3  10.8   15:36     E
 6  17.0  24.2   14:47   9.3   07:14   3.1   1.8   0.0   3.4  24.8   23:59   WSW
 7  10.0  19.1   00:16   3.3   23:38   8.3   0.0  37.8   3.3  31.7   00:39   WNW
 8   7.1  12.3   13:33   3.3   01:19  11.1   0.0   0.3   3.0  18.4   06:45   NNW
 9   7.0  13.0   14:15   2.6   04:51  11.3   0.0   0.0   1.9  24.1   12:14     N
10   7.7  11.1   23:30   3.1   02:43  10.6   0.0   0.0   1.9  19.8   11:43    NW
11  15.4  24.0   14:15   9.0   00:16   3.7   0.8   0.0   4.4  19.8   02:36   NNW
12  16.0  20.8   13:04  12.3   07:58   2.7   0.4   0.0   1.0  14.0   06:26     N
13   9.6  12.6   00:00   3.8   22:26   8.7   0.0   0.0   0.8  13.0   15:12   ESE
14   6.3  12.3   13:47   1.5   07:16  12.0   0.0   0.0   1.6  16.2   11:13   ESE
15   5.0  11.5   14:23  -1.0   06:49  13.3   0.0   0.0   0.9  14.0   15:52    SE
16   4.6  10.1   14:37   0.2   03:10  13.7   0.0   0.0   1.2  16.9   13:07   ESE
17   4.4  12.9   14:42  -1.1   06:40  13.9   0.0   0.0   1.5  13.3   12:55   NNW
18   7.5  15.7   14:50  -1.4   05:29  10.8   0.0   0.0   3.2  19.8   15:43    NW
19  13.2  16.7   11:46   9.2   01:26   5.1   0.0   0.0  12.0  40.3   15:07     W
20   6.9  13.6   00:00   4.0   18:22  11.4   0.0  35.8   0.9  16.2   04:52    SE
21   5.5   9.3   13:28   1.4   23:43  12.8   0.0   0.0   0.4  13.0   12:14   ESE
22   3.5   6.3   14:37   0.0   07:23  14.8   0.0   0.5   0.1   7.2   09:43   ENE
23   5.8   7.3   15:25   4.8   00:21  12.5   0.0   0.3   0.0   9.4   16:22     E
24   7.1   9.3   15:05   6.0   02:47  11.2   0.0   0.3   0.1   8.6   23:40   SSW
25   8.9  11.2   15:58   7.0   02:01   9.4   0.0   0.0   0.1   7.9   11:13   SSW
26   9.6  10.1   06:44   9.2   03:06   8.7   0.0  16.0   0.1   9.4   16:51   ESE
27   9.9  14.1   14:45   8.0   23:15   8.4   0.0   6.5   0.1   8.6   02:14     S
28  10.8  16.1   15:00   6.8   02:08   7.5   0.0   0.0   1.4  16.9   12:10     W
29  10.2  11.0   14:56   9.4   09:46   8.1   0.0   0.0   0.0   0.0   00:00     E
30   9.3  13.9   14:08   6.0   22:47   9.3   0.0   0.3   0.2  13.0   12:18     W
31   7.8  15.4   13:36   3.7   03:48  10.5   0.0   0.0   0.7  14.0   09:22     W
----------------------------------------------------------------------------------
    10.0  25.2     3    -1.4    18   268.6  10.7  97.8   1.5  40.3    19     WNW

Max >=  30.0:  0
Max <=   0.0:  0
Min <=  20.0: 31
Min <= -10.0:  0
Max Rain: 37.8 on day 7
Days of Rain: 9 (> 0.2 mm)  4 (> 2.0 mm)  2 (> 20.0 mm)
Heat Base: 18.3  Cool Base: 18.3  Method: Integration