ohhh nooe!

Report for 2011 Apr

                   Monthly Climatological Summary for Apr 2011

Name:  Dobrava   City:  Slovenske Konjice   State:  SI
Elevation: 342 m  Lat: N 46° 21' 04"   Lon: E 015° 24' 03"

                  Temperature (°C), Rain (mm), Wind Speed (km/h)

                                      Heat  Cool        Avg
    Mean                              Deg   Deg         Wind                 Dom
Day Temp  High   Time   Low    Time   Days  Days  Rain  Speed High   Time    Dir
----------------------------------------------------------------------------------
 1  13.3  19.1   14:50   8.1   00:44   5.0   0.0   0.0   0.8  10.1   02:09   ENE
 2  13.8  20.4   15:57   7.5   05:01   4.5   0.0   0.0   2.4  13.3   11:28     E
 3  14.0  21.5   16:36   6.5   06:39   4.3   0.0   0.0   3.0  13.3   12:45     E
 4  13.7  23.1   15:58   7.8   06:54   4.6   0.0   0.0   1.9  19.8   20:01   NNE
 5  11.4  16.4   17:08   5.7   23:58   6.9   0.0   0.0   3.6  27.0   15:10     N
 6  11.9  19.0   18:35   4.8   02:36   6.4   0.0   0.0   2.9  14.0   13:55   NNE
 7  17.3  25.9   17:24   8.2   05:01   1.0   0.0   0.0   5.2  23.4   13:11    NW
 8  16.3  22.1   14:17   9.8   23:55   2.0   0.0   0.0   2.7  16.2   10:12   ENE
 9  18.0  23.5   17:04  10.0   00:00   0.3   0.0   0.0   4.4  21.2   03:37    NW
10  11.2  19.5   18:12   3.0   06:21   7.1   0.0   0.0   1.8  14.0   18:39   ENE
11  11.8  18.2   14:32   4.3   06:36   6.5   0.0   0.0   1.5  14.0   05:41   ESE
12  13.9  22.1   14:42   7.3   23:58   4.4   0.0   0.0   5.7  31.7   21:06   NNW
13   8.1  12.4   17:07   4.3   07:27  10.2   0.0   0.0   4.2  27.4   14:05    NW
14   8.1  14.3   14:29   2.1   04:15  10.2   0.0   0.0   3.5  21.2   10:41    NW
15   7.7  11.9   16:03   3.1   03:24  10.6   0.0   0.0   1.6  17.6   13:44   ENE
16   7.7  12.1   17:06   3.7   03:18  10.6   0.0   0.0   1.6  19.1   09:28    SE
17   8.5  14.9   16:08   1.5   05:50   9.8   0.0   0.0   2.0  16.2   12:17     E
18  10.0  17.0   16:19   2.2   06:25   8.3   0.0   0.0   2.5  16.9   13:27   ENE
19  11.2  18.5   16:28   2.7   05:27   7.1   0.0   0.0   2.0  16.9   12:20     E
20  13.3  21.0   14:37   5.7   05:07   5.0   0.0   0.0   2.4  16.9   11:30   SSE
21  15.5  23.2   16:35   6.9   06:17   2.8   0.0   0.0   4.7  24.1   12:02   WNW
22  15.9  22.7   16:50   9.1   06:55   2.4   0.0   0.0   3.9  16.9   11:20     N
23  16.4  22.5   14:34  11.2   06:24   1.9   0.0   0.0   6.3  22.0   18:23   WNW
24  16.2  22.9   14:17  11.6   23:51   2.1   0.0   0.0   4.1  21.2   17:15   WNW
25  14.0  20.0   16:26   9.4   02:00   4.3   0.0   0.0   1.2  24.1   19:01   ENE
26  11.7  14.6   13:41  10.0   22:21   6.6   0.0   0.0   1.5  20.5   15:22   ESE
27  11.1  16.4   13:32   7.1   06:00   7.2   0.0   0.0   0.7  16.2   14:58     E
28  10.9  14.2   15:41   7.4   02:06   7.4   0.0   0.0   0.0   6.5   15:11   ESE
29  10.9  13.3   14:22   9.5   03:02   7.4   0.0   0.0   0.2   9.4   14:05   NNE
30  11.8  16.2   16:23   9.5   02:19   6.5   0.0   0.0   0.2   8.6   14:00    SW
----------------------------------------------------------------------------------
    12.5  25.9     7     1.5    17   173.4   0.0   0.0   2.6  31.7    12       N

Max >=  30.0:  0
Max <=  25.0: 29
Min <=  10.0: 28
Min <=   0.0:  0
Max Rain: 0.0 on day 0
Days of Rain: 0 (> 0.2 mm)  0 (> 2.0 mm)  0 (> 20.0 mm)
Heat Base: 18.3  Cool Base: 18.3  Method: Integration