ohhh nooe!

Report for 2010 Feb

                   Monthly Climatological Summary for Feb 2010

Name:  Dobrava   City:  Slovenske Konjice   State:  SI
Elevation: 342 m  Lat: N 46° 21' 04"   Lon: E 015° 24' 03"

                  Temperature (°C), Rain (mm), Wind Speed (km/h)

                                      Heat  Cool        Avg
    Mean                              Deg   Deg         Wind                 Dom
Day Temp  High   Time   Low    Time   Days  Days  Rain  Speed High   Time    Dir
----------------------------------------------------------------------------------
 1  -5.7   1.6   14:14 -11.4   03:24  24.0   0.0   0.0   1.7  16.2   12:13   NNW
 2  -3.0   2.9   14:10  -7.7   05:15  21.3   0.0   0.0   5.2  24.1   11:49   NNW
 3   2.8   6.1   14:20  -0.7   02:47  15.5   0.0   0.0  13.3  37.4   10:29   WNW
 4   1.6   5.9   14:10  -5.0   07:35  16.7   0.0   0.0   3.3  17.6   22:32   NNW
 5   4.7   6.8   09:27   1.4   23:31  13.6   0.0   0.0   6.2  28.1   06:14   WNW
 6   0.1   1.4   00:01  -0.5   13:32  18.2   0.0   1.0   0.3  13.3   11:21    SE
 7  -3.0  -0.2   00:00  -5.7   23:59  21.3   0.0   0.0   0.0   0.0   00:00   ---
 8  -4.8  -2.2   14:13  -6.5   06:24  23.1   0.0   0.0   0.0   0.0   00:00   ---
 9  -4.1  -2.8   15:03  -5.3   00:30  22.4   0.0   0.0   0.0   0.0   00:00   ---
10  -2.9   0.5   23:43  -4.7   05:03  21.2   0.0   0.0   1.5  19.1   21:50   ESE
11  -0.6   0.6   00:09  -1.9   23:08  18.9   0.0   0.0   1.6  13.3   00:34   SSE
12  -1.7  -0.1   13:23  -2.6   07:02  20.0   0.0   0.0   0.4  12.2   19:33    SE
13  -1.0   5.7   14:46  -5.7   08:06  19.3   0.0   2.0   1.9  24.1   10:01    NW
14  -1.6   0.2   13:07  -4.4   01:00  19.9   0.0   0.0   0.2   8.6   13:20    SE
15  -1.2   0.9   15:03  -3.2   06:13  19.5   0.0   0.0   0.7  13.0   23:34     W
16   0.0   6.0   14:13  -5.8   03:44  18.3   0.0   3.0   2.0  14.0   11:46     N
17   1.5   7.0   14:35  -1.0   04:00  16.8   0.0   0.0   0.4   9.4   21:39     E
18   5.0   9.9   13:51   1.3   05:58  13.3   0.0   0.0   5.1  27.4   14:48    NW
19   4.8   7.3   11:11   1.3   01:00  13.5   0.0  11.0   2.0  17.6   05:12    NW
20   2.6   3.7   02:09   1.0   23:58  15.7   0.0  11.0   0.8  13.0   23:02   NNW
21   2.9   6.6   14:14  -0.2   06:29  15.4   0.0   0.0   8.6  28.1   17:13   WNW
22   5.1   7.9   14:32   2.8   03:29  13.2   0.0   0.0  12.6  36.7   15:12   WNW
23   8.6  12.2   15:44   5.6   00:17   9.7   0.0   0.0  12.0  37.4   04:48   WNW
24   7.2  12.5   15:02   1.0   05:21  11.1   0.0   0.0   2.9  13.3   15:11    NW
25   8.4  15.1   14:28   0.5   06:32   9.9   0.0   0.0   4.2  24.1   23:45   WNW
26   7.9  10.0   12:16   4.7   23:54  10.4   0.0  12.0   5.3  36.7   01:05   WNW
27   6.4  12.4   14:49   1.6   07:05  11.9   0.0   0.0   4.0  23.4   11:02    NW
28   9.6  11.8   13:10   7.3   00:00   8.7   0.0   0.0  20.7  51.5   10:06     W
----------------------------------------------------------------------------------
     1.8  15.1    25   -11.4     1   462.8   0.0  40.0   4.2  51.5    28     WNW

Max >=  30.0:  0
Max <=  25.0: 28
Min <=  10.0: 28
Min <=   0.0: 17
Max Rain: 12.0 on day 26
Days of Rain: 6 (> 0.2 mm)  5 (> 2.0 mm)  0 (> 20.0 mm)
Heat Base: 18.3  Cool Base: 18.3  Method: Integration