ohhh nooe!

Report for 2009 Dec

                   Monthly Climatological Summary for Dec 2009

Name:  Dobrava   City:  Slovenske Konjice   State:  SI
Elevation: 342 m  Lat: N 46° 21' 04"   Lon: E 015° 24' 03"

                  Temperature (°C), Rain (mm), Wind Speed (km/h)

                                      Heat  Cool        Avg
    Mean                              Deg   Deg         Wind                 Dom
Day Temp  High   Time   Low    Time   Days  Days  Rain  Speed High   Time    Dir
----------------------------------------------------------------------------------
 1   8.7  14.4   00:01   2.1   23:49   9.6   0.0  15.0   2.9  31.7   01:05    NW
 2   3.6   8.7   13:19   0.9   03:09  14.7   0.0   0.0   1.8  10.1   11:14   NNW
 3   2.6   7.0   14:07  -2.4   07:41  15.7   0.0   0.0   2.2  20.5   02:07   WNW
 4   3.5   5.0   13:12   0.3   07:44  14.8   0.0   0.0   1.9  11.5   01:45   WNW
 5   3.1   7.8   13:30   0.4   05:51  15.2   0.0   0.0   1.2  14.8   11:53   WNW
 6   2.4   5.1   14:00   0.6   00:51  15.9   0.0   0.0   4.9  21.2   12:05   WNW
 7   3.2   7.8   13:50  -0.9   05:05  15.1   0.0   0.0   1.1  16.2   08:54     W
 8   5.1   7.4   11:53   3.6   00:00  13.2   0.0  18.0   0.4  14.0   14:27     W
 9   6.0   9.3   14:41   3.6   08:33  12.3   0.0   0.0   2.0  29.5   13:31     N
10   4.9   8.6   13:15   1.0   07:47  13.4   0.0   0.0   1.5  13.3   22:04    NW
11   5.6   9.0   11:51   3.0   23:59  12.7   0.0   0.0   3.0  20.5   23:39   NNW
12   1.9   4.1   11:43   0.7   23:49  16.4   0.0   0.0   4.4  18.4   16:02    SE
13  -1.0   0.7   00:00  -3.0   23:20  19.3   0.0   0.0   2.6  16.2   14:01    SE
14  -3.0  -2.7   01:01  -3.4   18:42  21.3   0.0   0.0   1.7  10.8   18:30    SE
15  -2.4  -1.4   13:12  -3.6   05:40  20.7   0.0   1.0   3.2  20.5   15:25    SE
16  -3.9  -1.8   00:00  -6.9   23:13  22.2   0.0   0.0   1.8  14.0   03:18    SE
17  -5.2  -2.2   12:48  -9.4   20:47  23.5   0.0   0.0   1.5  13.3   04:11     W
18  -7.7  -3.5   14:23 -11.0   22:04  26.0   0.0   0.0   2.0  14.0   12:56   NNW
19  -8.9  -7.0   15:01 -13.3   22:39  27.2   0.0   0.0   2.0  13.3   09:56    SE
20  -9.9  -4.2   13:30 -13.5   02:21  28.2   0.0  10.0   4.1  20.5   23:50   NNW
21  -0.2   3.2   22:16  -6.8   01:24  18.5   0.0   0.0  14.3  38.2   17:48   WNW
22   6.1   8.9   13:58   2.7   02:32  12.2   0.0   2.0  10.7  28.1   12:49   WNW
23  10.8  12.8   10:24   5.3   00:03   7.5   0.0   6.0  10.5  47.2   11:44   WNW
24   9.8  14.8   23:56   5.1   04:47   8.5   0.0   1.0   2.5  28.1   23:56    NW
25  12.1  15.5   13:55   5.0   20:31   6.2   0.0  26.0   8.7  35.3   16:57   WNW
26   3.7   6.2   14:18   1.4   18:44  14.6   0.0   0.0   5.8  17.6   00:27   NNW
27   1.7   2.6   00:01   0.7   08:08  16.6   0.0   5.0   2.4  18.4   22:07   NNW
28   2.3   6.0   12:37   0.1   07:54  16.0   0.0   0.0   6.9  20.5   09:57   NNW
29   1.2   4.3   22:00  -3.0   06:17  17.1   0.0   0.0   1.6  19.1   23:59    NW
30   8.4  11.7   20:55   4.0   00:05   9.9   0.0   0.0  14.2  39.6   15:25   WNW
31   8.6  11.2   13:09   5.7   06:59   9.7   0.0   3.0   8.8  24.8   13:09   WNW
----------------------------------------------------------------------------------
     2.4  15.5    25   -13.5    20   494.2   0.0  87.0   4.3  47.2    23     WNW

Max >=  30.0:  0
Max <=  25.0: 31
Min <=  10.0: 31
Min <=   0.0: 12
Max Rain: 26.0 on day 25
Days of Rain: 10 (> 0.2 mm)  8 (> 2.0 mm)  1 (> 20.0 mm)
Heat Base: 18.3  Cool Base: 18.3  Method: Integration