ohhh nooe!

Report for 2009 Nov

                   Monthly Climatological Summary for Nov 2009

Name:  Dobrava   City:  Slovenske Konjice   State:  SI
Elevation: 342 m  Lat: N 46° 21' 04"   Lon: E 015° 24' 03"

                  Temperature (°C), Rain (mm), Wind Speed (km/h)

                                      Heat  Cool        Avg
    Mean                              Deg   Deg         Wind                 Dom
Day Temp  High   Time   Low    Time   Days  Days  Rain  Speed High   Time    Dir
----------------------------------------------------------------------------------
 1   2.4  10.9   14:06  -2.7   06:44  15.9   0.0   0.0   0.9  10.1   12:35    SW
 2   0.2   2.8   19:52  -3.7   06:40  18.1   0.0   8.0   0.2   8.6   10:52    SE
 3   1.1   2.3   00:01   0.4   06:03  17.2   0.0  26.0   0.1   8.6   17:52    SE
 4   2.2   4.3   10:53   0.7   00:03  16.1   0.0  12.0   1.2  16.9   02:31   NNW
 5   5.4  10.5   13:34   2.1   00:55  12.9   0.0   1.0   1.9  19.1   11:42    NW
 6   4.2   4.6   13:41   3.0   01:20  14.1   0.0  12.0   0.6  14.0   11:12    SE
 7   5.6   9.9   13:13   1.6   23:44  12.7   0.0   0.0   1.3  16.2   13:20   WNW
 8   3.4   5.2   23:32   0.5   04:17  14.9   0.0  12.0   0.6  10.1   01:31     N
 9   7.4  10.8   12:20   4.4   07:34  10.9   0.0   1.0   0.6  13.0   10:14   ESE
10   6.5   9.2   14:29   3.0   03:10  11.8   0.0   0.0   1.4  16.9   23:54   NNW
11   7.2  11.9   14:09   4.4   23:52  11.1   0.0   0.0   3.0  17.6   13:53   NNW
12   6.1  12.5   14:02   2.1   05:46  12.2   0.0   0.0   4.1  17.6   01:34   NNW
13  10.0  14.4   13:49   4.4   07:21   8.3   0.0   0.0   9.0  23.4   17:59    NW
14  11.7  13.2   12:37   8.5   06:58   6.6   0.0   0.0  13.7  45.0   14:55   WNW
15  12.2  14.9   13:26   8.5   07:33   6.1   0.0   0.0   8.8  24.8   00:58    NW
16  13.5  16.1   11:26  11.7   22:34   4.8   0.0   0.0  10.1  24.8   06:16    NW
17  13.6  16.6   13:25  11.9   06:42   4.7   0.0   0.0  12.4  31.0   18:03    NW
18  11.4  15.4   14:03   6.3   23:26   6.9   0.0   0.0   6.5  28.1   03:28   NNW
19   9.5  15.5   13:54   5.8   03:10   8.8   0.0   0.0   5.4  22.0   09:59    NW
20  12.0  16.0   14:05   7.6   05:40   6.3   0.0   0.0  11.1  28.1   12:09    NW
21   7.2  13.4   00:01   1.0   23:59  11.1   0.0   0.0   2.6  24.8   00:07    NW
22   5.6  13.2   13:47  -0.7   02:30  12.7   0.0   0.0   5.9  28.8   13:38    NW
23   4.9   9.0   23:44   2.3   00:40  13.4   0.0   0.0   2.0  17.6   23:02     N
24  10.9  13.5   12:56   8.6   23:55   7.4   0.0   0.0  11.2  28.1   06:01    NW
25   9.6  14.2   14:02   5.3   07:13   8.7   0.0   0.0   8.4  34.6   23:34    NW
26  11.1  12.5   13:05   9.6   00:05   7.2   0.0   0.0  11.1  31.0   01:44   WNW
27  10.0  11.8   14:59   7.6   04:02   8.3   0.0   2.0   3.0  20.5   23:09     W
28   7.2  10.2   01:50   4.7   17:51  11.1   0.0   3.0   2.6  16.2   23:42     N
29   9.6  13.0   13:59   6.8   01:25   8.7   0.0   0.0  12.6  41.0   11:40   WNW
30  13.5  16.0   12:42   8.3   01:23   4.8   0.0   0.0   6.1  31.7   04:31     S
----------------------------------------------------------------------------------
     7.8  16.6    17    -3.7     2   313.8   0.0  77.0   5.3  45.0    14      NW

Max >=  30.0:  0
Max <=  25.0: 30
Min <=  10.0: 28
Min <=   0.0:  3
Max Rain: 26.0 on day 3
Days of Rain: 9 (> 0.2 mm)  7 (> 2.0 mm)  1 (> 20.0 mm)
Heat Base: 18.3  Cool Base: 18.3  Method: Integration