ohhh nooe!

Report for 2009 Jun

                   Monthly Climatological Summary for Jun 2009

Name:  Dobrava   City:  Slovenske Konjice   State:  SI
Elevation: 342 m  Lat: N 46° 21' 04"   Lon: E 015° 24' 03"

                  Temperature (°C), Rain (mm), Wind Speed (km/h)

                                      Heat  Cool        Avg
    Mean                              Deg   Deg         Wind                 Dom
Day Temp  High   Time   Low    Time   Days  Days  Rain  Speed High   Time    Dir
----------------------------------------------------------------------------------
 1  13.9  19.0   13:52   8.4   06:01   4.4   0.0   0.0   1.5  14.0   13:56    NE
 2  14.5  19.4   17:17   7.8   04:57   3.8   0.0   0.0   1.3  26.3   15:00     E
 3  18.4  25.1   16:51  11.6   05:14   0.0   0.1   0.0   4.1  24.1   12:57    NW
 4  14.3  17.5   15:08  10.8   05:41   4.0   0.0   0.0   1.6  14.8   13:37   ESE
 5  13.2  16.1   12:27   8.8   03:07   5.1   0.0  21.0   0.2  10.1   10:30   NNE
 6  19.7  24.4   14:50  14.4   04:29   0.0   1.4   1.0   4.8  24.8   14:52     W
 7  17.1  21.1   00:00  13.5   22:30   1.2   0.0  20.0   3.0  27.0   00:16   WNW
 8  17.3  22.8   16:55  11.2   04:54   1.0   0.0   0.0   1.7  16.2   00:27   NNE
 9  20.0  24.8   14:23  14.7   04:23   0.0   1.7   0.0   5.5  24.8   19:53     W
10  19.1  24.5   14:32  13.5   02:12   0.0   0.8   0.0   3.5  19.1   11:00   WNW
11  17.4  25.2   15:26  12.5   04:04   0.9   0.0   5.0   3.3  28.8   15:45   WNW
12  16.6  20.9   13:03  11.6   02:12   1.7   0.0   0.0   2.0  17.6   14:57    NW
13  17.0  22.6   17:38  12.5   05:13   1.3   0.0   0.0   1.9  18.4   14:03   ENE
14  20.9  27.7   16:25  12.2   05:49   0.0   2.6   0.0   2.1  16.2   14:52     N
15  24.0  28.7   16:41  19.6   05:49   0.0   5.7   0.0   6.9  28.8   22:00   WNW
16  22.9  29.4   14:46  15.2   23:58   0.0   4.6   8.0   4.6  27.4   01:24     W
17  17.8  21.8   15:34  14.1   02:29   0.5   0.0   6.0   0.7  14.0   12:27   SSE
18  20.0  27.4   16:51  12.4   05:20   0.0   1.7   0.0   1.9  14.0   10:55    SW
19  23.0  30.3   16:03  14.7   05:03   0.0   4.7   0.0   2.7  16.2   08:37   WNW
20  14.5  20.4   00:00  11.7   13:06   3.8   0.0  25.0   0.6  16.2   02:49   SSE
21  16.0  20.4   14:14  10.8   05:57   2.3   0.0   0.0   3.4  27.0   16:40   NNE
22  14.2  15.5   00:00  12.2   23:20   4.1   0.0   1.0   2.3  21.2   19:06   WNW
23  12.9  14.0   16:34  11.8   01:56   5.4   0.0  19.0   0.6  17.6   00:04   NNW
24  14.7  17.2   18:31  12.7   03:39   3.6   0.0  25.0   0.9  13.0   05:11     N
25  17.8  23.6   16:46  14.4   03:31   0.5   0.0   6.0   0.9  13.0   13:15   SSE
26  18.6  24.7   15:41  13.7   03:47   0.0   0.3   3.0   0.9  24.8   16:07   NNE
27  17.8  22.3   15:57  13.9   05:29   0.5   0.0   5.0   0.7  17.6   16:15     N
28  18.7  22.6   15:28  16.3   00:25   0.0   0.4   6.0   1.0  10.1   05:46     N
29  19.2  23.9   18:13  16.4   03:01   0.0   0.9  17.0   0.4  16.9   12:35     E
30  20.4  26.0   16:12  15.8   02:40   0.0   2.1   0.0   0.8  16.9   17:14     E
----------------------------------------------------------------------------------
    17.7  30.3    19     7.8     2    44.1  27.0 168.0   2.2  28.8    11     WNW

Max >=  30.0:  1
Max <=  25.0: 22
Min <=  10.0:  3
Min <=   0.0:  0
Max Rain: 25.0 on day 20
Days of Rain: 15 (> 0.2 mm)  13 (> 2.0 mm)  4 (> 20.0 mm)
Heat Base: 18.3  Cool Base: 18.3  Method: Integration