ohhh nooe!

Report for 2009 Mar

                   Monthly Climatological Summary for Mar 2009

Name:  Dobrava   City:  Slovenske Konjice   State:  SI
Elevation: 342 m  Lat: N 46° 21' 04"   Lon: E 015° 24' 03"

                  Temperature (°C), Rain (mm), Wind Speed (km/h)

                                      Heat  Cool        Avg
    Mean                              Deg   Deg         Wind                 Dom
Day Temp  High   Time   Low    Time   Days  Days  Rain  Speed High   Time    Dir
----------------------------------------------------------------------------------
 1   8.9  13.7   13:35   2.8   01:37   9.4   0.0   0.0  10.8  31.7   07:47    NW
 2   4.9   7.1   16:55   0.3   05:57  13.4   0.0   0.0   1.5  18.4   01:18     N
 3   6.6   8.6   14:18   4.9   06:32  11.7   0.0   0.0   0.0   0.0   00:00   ---
 4   6.7   8.5   12:20   4.0   06:11  11.6   0.0   3.0   0.5  10.8   13:12     E
 5   6.4   7.5   01:06   5.5   22:14  11.9   0.0  18.0   0.6  10.8   09:21    SE
 6   6.5  11.9   13:35   1.6   23:35  11.8   0.0   2.0   3.4  20.5   16:19    NW
 7   7.0  10.7   14:50   1.9   00:00  11.3   0.0   0.0   6.0  28.1   13:27   WNW
 8   7.2  14.3   15:17   1.2   01:13  11.1   0.0   0.0   6.6  24.8   08:16    NW
 9   5.0   8.1   14:39   1.2   22:43  13.3   0.0   0.0   6.6  24.8   11:48   NNW
10   6.9  11.8   15:47   0.1   06:46  11.4   0.0   0.0   8.8  33.1   22:54   WNW
11   7.2  13.1   13:36  -0.6   23:40  11.1   0.0   0.0   9.6  31.7   14:21    NW
12   4.6  10.9   16:11  -1.8   02:10  13.7   0.0   0.0   3.7  27.4   12:23    NW
13   7.3  13.3   16:55   1.0   23:54  11.0   0.0   0.0   6.8  25.6   07:25    NW
14   6.7  14.4   14:48   0.1   01:27  11.6   0.0   0.0   3.3  20.5   12:38   SSW
15   6.6  13.5   13:53   1.4   01:01  11.7   0.0   0.0   2.3  19.1   10:06   NNW
16   6.8  12.7   13:40   0.4   06:05  11.5   0.0   0.0   2.5  13.3   15:29     E
17   6.3  11.2   15:48   1.0   06:44  12.0   0.0   0.0   1.4  14.0   11:32     E
18   5.8  12.5   13:59  -1.1   06:20  12.5   0.0   0.0   6.6  39.6   09:22   NNW
19   1.8   9.2   10:25  -2.3   23:41  16.5   0.0   0.0   3.5  22.7   09:17    SE
20   0.6   4.4   16:31  -4.1   04:04  17.7   0.0   0.0   3.6  27.0   21:19    NE
21   1.9   6.5   12:33  -3.4   22:34  16.4   0.0   0.0   5.5  33.8   11:02    NE
22   4.5  12.7   16:05  -5.8   06:01  13.8   0.0   0.0   4.4  24.8   09:21   NNW
23   8.0  15.0   14:26  -0.4   02:59  10.3   0.0   0.0   8.1  36.0   23:55   WNW
24   5.7   9.1   15:38  -2.2   22:50  12.6   0.0   0.0   5.9  26.3   14:15   NNW
25   1.6   5.1   13:45  -1.3   23:57  16.7   0.0   0.0   4.2  16.2   00:43     W
26   4.0  10.9   12:06  -2.0   04:45  14.3   0.0   0.0   3.2  16.9   17:10     E
27   8.2  13.7   13:21  -0.4   01:09  10.1   0.0   0.0  10.3  38.2   13:01   WNW
28  10.6  12.5   15:40   8.3   02:27   7.7   0.0   0.0  10.2  28.8   00:12   WNW
29   8.9  11.3   00:00   7.9   06:48   9.4   0.0  44.0   0.5  14.0   00:32     W
30   6.4   8.2   00:00   4.6   08:23  11.9   0.0  13.0   1.9  11.5   11:46    NW
31   7.4   9.7   14:22   5.6   06:13  10.9   0.0   2.0   1.4  19.8   13:35    SE
----------------------------------------------------------------------------------
     6.0  15.0    23    -5.8    22   380.3   0.0  82.0   4.6  39.6    18      NW

Max >=  30.0:  0
Max <=  25.0: 31
Min <=  10.0: 31
Min <=   0.0: 12
Max Rain: 44.0 on day 29
Days of Rain: 6 (> 0.2 mm)  6 (> 2.0 mm)  1 (> 20.0 mm)
Heat Base: 18.3  Cool Base: 18.3  Method: Integration