Select a Year or Month report
Report for 2023 Sep
Monthly Climatological Summary for Sep 2023 Name: Dobrava City: Slovenske Konjice State: SI Elevation: 342 m Lat: N 46° 21' 05" Lon: E 015° 24' 39" Temperature (°C), Rain (mm), Wind Speed (km/h) Heat Cool Avg Mean Deg Deg Wind Dom Day Temp High Time Low Time Days Days Rain Speed High Time Dir ---------------------------------------------------------------------------------- 01 18.6 26.1 17:44 12.3 05:47 2.0 2.3 0.0 1.0 20.9 12:05 W 02 20.1 27.2 15:02 13.4 06:52 0.9 2.7 0.0 0.9 16.1 00:18 N 03 19.5 24.9 14:53 15.1 06:01 0.7 1.9 4.6 0.4 11.3 16:51 NE 04 17.4 23.5 14:56 11.7 23:57 2.2 1.3 0.4 0.9 22.5 13:16 NE 05 16.4 23.4 13:47 10.4 06:58 3.3 1.4 0.0 0.8 24.1 15:58 ESE 06 18.3 25.4 14:20 12.9 02:52 2.1 2.1 0.0 0.7 9.7 08:21 NNE 07 18.2 25.8 15:21 11.6 07:06 2.3 2.1 0.0 1.1 14.5 13:57 NNE 08 18.9 26.8 15:05 12.4 07:06 1.8 2.4 0.0 0.6 8.0 13:55 N 09 19.6 27.1 14:17 13.6 06:14 1.4 2.7 0.0 0.9 12.9 14:50 ENE 10 20.1 28.4 14:37 12.8 06:48 1.4 3.2 0.0 0.5 11.3 13:37 NW 11 20.6 28.4 15:18 14.0 05:59 1.0 3.3 0.0 0.8 9.7 13:49 NW 12 21.3 28.3 15:16 16.3 02:58 0.5 3.4 0.0 1.6 14.5 22:27 NNW 13 22.0 27.1 14:05 17.9 04:39 0.0 3.7 0.0 2.4 17.7 20:27 NW 14 18.0 23.2 11:55 15.3 04:41 0.9 0.6 3.4 0.3 12.9 12:02 N 15 17.6 23.5 15:14 13.7 05:46 1.9 1.2 0.0 0.2 9.7 12:00 E 16 18.0 24.8 14:21 12.2 06:42 1.9 1.7 0.0 0.5 12.9 12:20 SSE 17 19.8 26.8 14:24 14.2 02:44 0.9 2.4 0.0 0.9 12.9 03:48 NNW 18 20.2 24.9 13:27 14.7 06:21 0.8 2.7 0.0 2.9 27.4 14:18 WSW 19 19.5 23.9 14:52 15.2 23:57 0.5 1.7 1.2 1.7 19.3 01:45 WSW 20 18.1 24.5 13:14 12.6 05:50 1.9 1.7 0.0 0.8 12.9 13:20 SSW 21 20.3 24.6 14:45 15.5 00:10 0.1 2.1 0.0 2.7 24.1 22:12 WSW 22 20.5 23.7 12:29 18.2 22:02 0.0 2.2 0.2 1.7 24.1 13:17 SW 23 15.1 20.3 01:01 12.9 23:41 3.2 0.0 31.6 0.7 22.5 01:04 SSE 24 13.4 15.5 01:03 11.6 10:29 4.9 0.0 2.8 1.5 35.4 02:07 N 25 13.7 16.8 16:03 11.6 05:58 4.6 0.0 0.2 0.0 4.8 03:55 W 26 17.1 24.3 14:25 11.8 02:51 2.6 1.5 0.0 0.3 9.7 00:20 N 27 17.4 25.1 14:31 11.6 07:13 2.5 1.6 0.0 0.0 1.6 00:34 N 28 17.4 24.8 14:10 12.7 05:39 2.4 1.6 0.0 0.0 0.0 00:00 N 29 17.2 24.8 14:34 10.9 05:09 2.7 1.6 0.0 0.0 0.0 00:00 N 30 17.0 22.5 14:08 13.4 01:31 2.0 0.8 0.0 0.0 0.0 00:00 N ---------------------------------------------------------------------------------- 18.4 28.4 10 10.4 5 53.4 55.7 44.4 0.9 35.4 24 NW Max >= 30.0 0 Max <= 0.0 0 Min <= 0.0 0 Min <= -10.0 0 Max Rain: 31.6 on day 23 Days of Rain: 8 (>= 0.2 mm) 5 (>= 1.0 mm) 1 (>= 10.0 mm) Heat Base: 18.3 Cool Base: 18.3 Method: Integration