Select a Year or Month report
Report for 2023 Aug
Monthly Climatological Summary for Aug 2023 Name: Dobrava City: Slovenske Konjice State: SI Elevation: 342 m Lat: N 46° 21' 05" Lon: E 015° 24' 39" Temperature (°C), Rain (mm), Wind Speed (km/h) Heat Cool Avg Mean Deg Deg Wind Dom Day Temp High Time Low Time Days Days Rain Speed High Time Dir ---------------------------------------------------------------------------------- 01 19.6 24.7 14:19 15.3 23:41 0.9 2.2 29.4 0.9 16.0 17:34 NW 02 20.0 26.3 17:40 13.6 06:34 1.3 3.0 0.4 0.9 19.0 23:56 SW 03 21.9 27.7 14:56 15.9 23:08 0.4 4.1 22.4 3.1 37.0 02:18 SW 04 15.8 16.8 16:21 15.2 13:20 2.5 0.0 45.0 0.3 11.0 12:05 SE 05 15.7 16.8 17:13 14.3 23:34 2.6 0.0 24.4 0.0 10.0 20:02 WNW 06 16.2 21.6 14:00 12.1 23:53 2.5 0.4 18.8 1.0 18.0 14:34 W 07 16.0 22.7 15:29 10.0 05:18 3.1 0.8 0.0 1.1 18.0 10:19 W 08 16.1 22.2 14:27 9.6 05:35 3.2 1.0 0.0 0.7 14.0 14:43 S 09 16.8 22.6 13:48 10.9 05:13 2.4 0.9 5.2 0.3 11.0 15:54 WNW 10 16.4 21.9 15:14 11.7 04:47 2.7 0.7 2.2 0.3 11.0 10:53 ENE 11 18.7 25.4 17:02 13.5 06:34 1.7 2.1 0.0 0.3 11.0 13:10 E 12 20.1 27.2 15:13 13.9 05:10 1.5 3.2 0.0 0.6 11.0 13:14 SE 13 20.9 28.8 16:43 13.8 06:02 1.2 3.7 0.0 0.3 11.0 14:35 E 14 21.8 28.7 15:16 15.4 06:15 0.6 4.1 0.0 0.8 11.0 14:31 NNE 15 22.4 29.8 15:24 14.5 05:29 0.6 4.7 0.0 0.4 11.0 15:24 NNW 16 22.0 28.1 16:31 17.3 06:40 0.1 3.8 0.0 0.3 11.0 12:08 NNW 17 21.8 27.8 15:05 16.5 06:20 0.2 3.7 0.0 0.3 9.7 12:40 NNE 18 22.0 28.8 15:13 17.8 04:45 0.0 3.7 0.0 0.3 11.3 11:57 NNW 19 22.6 28.9 16:52 17.1 04:40 0.1 4.5 0.0 0.3 12.9 12:19 SE 20 23.8 30.6 15:01 17.7 06:10 0.0 5.5 0.0 0.3 9.7 13:01 NE 21 25.0 31.9 14:25 19.4 02:58 0.0 6.7 0.0 0.8 9.7 14:59 N 22 25.1 32.5 15:37 19.2 04:49 0.0 6.8 0.0 1.1 9.7 14:03 NW 23 24.7 33.1 14:24 19.7 06:03 0.0 6.4 0.0 0.6 14.5 15:43 N 24 25.7 31.1 14:35 20.8 05:54 0.0 7.4 0.0 0.3 12.9 01:46 S 25 26.2 34.4 17:23 20.3 06:11 0.0 7.9 0.0 0.3 9.7 04:25 WSW 26 25.6 32.9 14:46 18.8 06:09 0.0 7.3 0.0 1.0 14.5 14:17 WNW 27 24.7 31.8 14:46 17.7 06:59 0.0 6.5 0.0 1.2 14.5 01:57 NW 28 21.0 25.1 15:07 17.1 23:13 0.1 2.8 17.0 0.7 24.1 21:25 S 29 16.8 20.9 14:10 14.6 23:37 1.7 0.2 43.6 0.3 19.3 15:41 SW 30 15.1 17.3 16:10 13.6 07:16 3.2 0.0 6.6 0.0 6.4 14:08 ESE 31 16.6 22.2 15:19 13.3 05:04 2.4 0.7 9.6 0.5 14.5 13:34 S ---------------------------------------------------------------------------------- 20.6 34.4 25 9.6 8 35.1 104.8 224.6 0.6 37.0 3 W Max >= 30.0 8 Max <= 0.0 0 Min <= 0.0 0 Min <= -10.0 0 Max Rain: 45.0 on day 4 Days of Rain: 12 (>= 0.2 mm) 11 (>= 1.0 mm) 7 (>= 10.0 mm) Heat Base: 18.3 Cool Base: 18.3 Method: Integration