Select a Year or Month report
Report for 2023 Jul
Monthly Climatological Summary for Jul 2023 Name: Dobrava City: Slovenske Konjice State: SI Elevation: 342 m Lat: N 46° 21' 05" Lon: E 015° 24' 39" Temperature (°C), Rain (mm), Wind Speed (km/h) Heat Cool Avg Mean Deg Deg Wind Dom Day Temp High Time Low Time Days Days Rain Speed High Time Dir ---------------------------------------------------------------------------------- 01 20.3 25.3 15:12 17.3 23:50 0.1 2.1 2.4 0.7 16.0 01:24 NNW 02 21.0 27.8 14:43 16.5 06:00 0.4 3.1 5.6 0.6 13.0 11:52 NNW 03 18.9 21.5 16:46 17.4 05:40 0.2 0.8 14.0 0.1 11.0 23:39 NNW 04 20.2 26.4 15:24 15.6 05:20 0.7 2.6 4.0 0.2 11.0 14:45 ENE 05 21.3 27.2 14:22 15.3 05:32 0.5 3.5 0.0 0.7 14.0 17:02 NW 06 19.6 23.4 16:39 16.0 05:12 0.4 1.7 0.4 0.1 11.0 00:17 SSE 07 19.9 26.1 15:57 16.1 06:26 0.6 2.2 2.8 0.4 11.0 02:49 NNW 08 21.8 28.7 17:04 14.7 05:44 0.8 4.3 0.0 1.1 14.0 11:34 WNW 09 23.3 30.3 13:26 16.3 05:52 0.3 5.3 0.0 0.4 13.0 14:54 ENE 10 25.5 32.8 17:53 18.7 04:30 0.0 7.2 0.0 0.7 23.0 18:03 NNW 11 26.0 32.9 16:56 19.2 06:13 0.0 7.7 0.0 0.6 11.0 23:24 N 12 25.5 28.8 17:16 20.1 07:59 0.0 7.2 0.6 2.5 27.0 06:10 W 13 19.2 23.5 12:40 15.6 23:27 0.4 1.3 46.4 0.7 29.0 03:47 WNW 14 20.6 27.2 16:50 14.6 04:40 0.9 3.2 12.8 0.7 18.0 01:37 NNW 15 23.7 31.6 16:58 16.2 04:45 0.4 5.8 0.8 0.9 16.0 14:59 W 16 26.4 32.2 14:39 20.2 02:10 0.0 8.1 0.2 1.3 27.0 08:48 WNW 17 25.4 34.4 16:17 18.2 04:47 0.0 7.1 0.0 0.5 11.0 13:38 NNW 18 23.8 29.7 16:45 18.0 23:21 0.0 5.5 3.2 1.1 37.0 18:56 WNW 19 21.8 31.2 14:21 17.5 15:42 0.0 3.5 0.4 1.6 42.0 15:17 NW 20 22.4 28.6 14:59 17.3 06:04 0.0 4.3 0.6 0.3 16.1 00:32 N 21 19.4 25.1 13:57 16.0 22:52 0.4 1.4 0.4 0.2 11.3 16:42 NW 22 18.7 25.6 13:02 14.8 03:21 1.3 1.7 0.4 0.2 14.5 17:49 NNE 23 20.4 27.1 15:28 13.8 06:07 1.2 3.3 21.8 0.6 12.9 02:59 WNW 24 23.4 28.7 14:15 17.9 01:14 0.0 5.1 8.4 4.3 46.7 22:54 WSW 25 18.3 23.2 17:32 15.7 09:34 0.9 0.8 53.6 0.6 38.6 00:06 WNW 26 16.7 22.6 14:18 12.7 23:58 2.3 0.7 6.6 0.3 17.7 12:27 NNW 27 16.9 23.9 16:35 9.9 03:11 2.8 1.4 0.0 1.5 19.3 12:14 SSW 28 21.2 27.4 17:01 15.3 05:22 0.6 3.5 0.0 2.5 29.0 15:40 WNW 29 22.6 29.9 16:38 15.1 04:06 0.3 4.7 0.0 1.1 14.5 13:53 NW 30 20.1 26.6 16:29 16.3 22:10 0.4 2.2 16.8 0.4 14.5 18:39 NW 31 20.4 25.5 16:23 16.0 01:36 0.7 2.8 0.0 0.6 12.9 11:43 S ---------------------------------------------------------------------------------- 21.4 34.4 17 9.9 27 16.5 114.2 202.2 0.9 46.7 24 WNW Max >= 30.0 7 Max <= 0.0 0 Min <= 0.0 0 Min <= -10.0 0 Max Rain: 53.6 on day 25 Days of Rain: 21 (>= 0.2 mm) 13 (>= 1.0 mm) 6 (>= 10.0 mm) Heat Base: 18.3 Cool Base: 18.3 Method: Integration