Select a Year or Month report
Report for 2023 May
Monthly Climatological Summary for May 2023 Name: Dobrava City: Slovenske Konjice State: SI Elevation: 342 m Lat: N 46° 21' 05" Lon: E 015° 24' 40" Temperature (°C), Rain (mm), Wind Speed (km/h) Heat Cool Avg Mean Deg Deg Wind Dom Day Temp High Time Low Time Days Days Rain Speed High Time Dir ---------------------------------------------------------------------------------- 01 11.8 18.1 17:13 4.7 03:51 6.5 0.0 0.0 0.4 8.0 09:52 E 02 12.2 14.3 10:49 10.5 23:37 6.1 0.0 11.2 0.1 10.0 10:09 W 03 12.6 15.9 16:48 9.1 23:59 5.7 0.0 2.0 0.7 21.0 13:14 NNE 04 12.8 19.1 18:19 7.0 06:07 5.5 0.0 0.0 0.4 13.0 11:29 E 05 15.9 23.9 16:32 8.2 06:00 3.9 1.5 0.0 1.3 18.0 10:49 NW 06 16.1 23.7 14:28 10.1 06:00 3.2 1.0 1.2 0.4 10.0 11:57 N 07 15.6 22.8 14:50 9.7 04:58 3.5 0.8 19.2 0.0 2.0 18:00 N 08 10.7 13.8 17:39 8.0 23:58 7.6 0.0 6.0 0.0 0.0 00:00 N 09 10.9 16.1 15:44 7.4 02:31 7.4 0.0 0.0 0.0 0.0 00:00 N 10 11.7 16.2 15:00 5.4 05:06 6.6 0.0 1.2 0.0 0.0 00:00 N 11 10.5 11.2 00:00 9.5 10:54 7.8 0.0 24.8 0.4 18.0 18:23 S 12 10.6 12.9 12:57 8.9 03:41 7.7 0.0 4.0 0.2 11.0 12:39 S 13 11.2 13.1 17:48 9.8 04:39 7.1 0.0 0.8 0.2 10.0 10:50 E 14 11.0 12.0 18:26 10.4 23:48 7.3 0.0 25.4 0.2 10.0 11:08 S 15 14.0 18.7 16:11 9.2 06:40 4.3 0.0 2.4 0.5 18.0 09:34 WNW 16 11.4 13.3 13:27 9.8 21:44 6.9 0.0 28.8 0.5 14.0 10:38 SSE 17 11.4 13.2 12:17 9.4 23:59 6.9 0.0 1.4 0.9 27.0 16:56 N 18 12.0 16.6 14:14 8.3 05:59 6.3 0.0 0.0 0.7 16.0 16:47 SE 19 12.0 15.1 14:54 9.6 05:39 6.3 0.0 2.4 0.1 10.0 14:26 SE 20 16.5 21.8 16:41 12.4 04:49 2.6 0.8 10.8 0.5 16.0 16:04 SE 21 17.1 24.0 15:13 11.4 05:39 2.6 1.4 0.0 0.6 21.0 14:10 ENE 22 19.0 26.1 15:39 12.4 05:51 1.9 2.6 0.0 0.4 13.0 12:35 S 23 18.7 26.7 13:48 13.1 05:45 1.5 1.9 2.4 1.7 16.0 17:51 WNW 24 16.1 18.7 16:47 14.2 01:28 2.3 0.0 4.0 0.1 6.0 01:45 NNE 25 18.1 24.1 16:49 12.9 05:33 1.7 1.5 0.0 0.4 11.0 13:08 SE 26 18.7 25.1 15:37 13.1 23:57 1.6 2.0 0.0 0.9 16.0 15:06 ESE 27 16.9 22.3 14:49 10.7 05:56 2.6 1.2 0.0 0.9 18.0 12:56 ESE 28 16.8 23.9 16:46 9.3 05:21 3.1 1.5 0.0 0.5 18.0 15:24 SE 29 17.8 24.6 15:51 11.3 05:05 2.4 1.9 0.0 1.0 18.0 16:35 ENE 30 17.5 24.9 15:14 11.6 04:06 2.4 1.6 0.0 0.7 19.0 13:50 N 31 16.2 21.8 16:29 11.2 03:59 2.6 0.5 0.2 0.2 14.0 16:07 SE ---------------------------------------------------------------------------------- 14.3 26.7 23 4.7 1 143.9 20.2 148.2 0.5 27.0 17 ENE Max >= 30.0 0 Max <= 0.0 0 Min <= 0.0 0 Min <= -10.0 0 Max Rain: 28.8 on day 16 Days of Rain: 18 (>= 0.2 mm) 16 (>= 1.0 mm) 6 (>= 10.0 mm) Heat Base: 18.3 Cool Base: 18.3 Method: Integration