Select a Year or Month report
Report for 2021 Dec
Monthly Climatological Summary for Dec 2021 Name: Dobrava City: Slovenske Konjice State: SI Elevation: 342 m Lat: N 46° 21' 05" Lon: E 015° 24' 41" Temperature (°C), Rain (mm), Wind Speed (km/h) Heat Cool Avg Mean Deg Deg Wind Dom Day Temp High Time Low Time Days Days Rain Speed High Time Dir ---------------------------------------------------------------------------------- 01 6.6 9.2 23:46 2.2 01:30 11.7 0.0 0.8 17.4 58.0 14:47 W 02 4.7 9.0 00:00 0.9 22:00 13.6 0.0 27.8 1.6 37.0 00:06 WSW 03 1.8 4.4 14:08 -1.2 23:56 16.5 0.0 0.4 0.4 11.0 01:19 NNW 04 1.6 5.3 22:56 -1.6 04:00 16.7 0.0 0.0 6.0 32.0 23:06 WNW 05 2.0 4.2 02:06 0.4 21:15 16.3 0.0 9.8 1.8 26.0 00:38 WNW 06 1.2 5.0 12:51 -2.0 23:59 17.1 0.0 0.6 1.5 18.0 11:55 W 07 -0.8 3.2 13:43 -3.2 05:57 19.1 0.0 0.0 3.4 24.0 11:36 WNW 08 0.1 3.5 12:54 -3.5 08:03 18.2 0.0 0.0 2.8 21.0 11:26 NW 09 -0.3 0.8 13:28 -1.8 22:02 18.6 0.0 0.6 0.0 5.0 00:27 NNE 10 -1.0 2.4 12:46 -5.3 08:59 19.3 0.0 0.0 0.8 13.0 01:38 NW 11 -1.0 1.6 13:13 -4.1 23:25 19.3 0.0 1.6 0.6 10.0 11:15 W 12 -2.5 2.4 13:46 -7.6 07:47 20.8 0.0 2.6 0.4 11.0 20:43 NNW 13 1.4 2.6 13:49 -0.1 00:00 16.9 0.0 6.4 0.2 6.0 02:03 NNW 14 3.2 6.7 13:06 0.9 06:10 15.1 0.0 4.2 1.1 13.0 11:28 NW 15 2.7 4.1 15:30 1.3 20:14 15.6 0.0 0.6 1.1 11.0 16:19 NW 16 3.2 6.3 14:31 1.1 06:52 15.1 0.0 0.0 2.8 14.0 15:59 NW 17 2.5 7.3 12:51 -1.3 22:29 15.8 0.0 0.0 2.2 19.0 09:55 NW 18 0.8 5.8 12:06 -2.4 06:18 17.5 0.0 0.0 1.4 14.0 20:11 NW 19 4.6 14.5 14:17 -1.5 22:42 13.7 0.0 0.0 4.7 39.0 15:02 WNW 20 -0.1 5.2 13:59 -3.2 23:41 18.4 0.0 0.0 1.0 14.0 09:03 NNW 21 -2.4 2.7 14:33 -5.4 06:06 20.7 0.0 0.0 0.7 14.0 12:04 WNW 22 -0.9 0.5 12:41 -4.9 00:04 19.2 0.0 0.0 0.3 11.0 21:30 WNW 23 0.7 4.2 23:56 -3.6 05:14 17.6 0.0 0.0 6.8 31.0 17:45 NW 24 6.7 8.9 17:43 3.8 01:41 11.6 0.0 0.0 16.0 47.0 13:35 WNW 25 7.7 9.8 11:17 2.2 23:56 10.6 0.0 1.2 9.5 39.0 00:23 NW 26 -0.1 2.2 00:00 -0.8 19:41 18.4 0.0 4.8 0.2 13.0 00:00 SE 27 -0.1 0.9 15:11 -1.2 07:44 18.4 0.0 4.2 0.0 6.0 23:35 ESE 28 2.0 7.1 22:29 -0.2 03:54 16.3 0.0 7.4 1.7 35.0 23:47 NW 29 3.8 8.8 12:18 0.1 04:29 14.5 0.0 2.0 4.3 18.0 13:19 WNW 30 7.5 11.3 12:25 2.3 00:29 10.8 0.0 0.0 4.6 21.0 03:35 WNW 31 9.6 13.1 12:58 6.3 07:51 8.7 0.0 0.0 5.7 24.0 11:03 WNW ---------------------------------------------------------------------------------- 2.1 14.5 19 -7.6 12 502.1 0.0 75.0 3.3 58.0 1 WNW Max >= 30.0 0 Max <= 0.0 0 Min <= 0.0 20 Min <= -10.0 0 Max Rain: 27.8 on day 2 Days of Rain: 16 (>= 0.2 mm) 11 (>= 1.0 mm) 1 (>= 10.0 mm) Heat Base: 18.3 Cool Base: 18.3 Method: Integration