Select a Year or Month report
Report for 2021 Jul
Monthly Climatological Summary for Jul 2021 Name: Dobrava City: Slovenske Konjice State: SI Elevation: 342 m Lat: N 46° 21' 05" Lon: E 015° 24' 41" Temperature (°C), Rain (mm), Wind Speed (km/h) Heat Cool Avg Mean Deg Deg Wind Dom Day Temp High Time Low Time Days Days Rain Speed High Time Dir ---------------------------------------------------------------------------------- 01 16.8 22.5 11:50 12.8 05:21 2.1 0.6 8.8 0.3 18.0 15:15 NW 02 18.0 23.7 16:13 12.6 03:28 2.0 1.7 0.0 0.3 10.0 17:53 N 03 20.4 27.1 15:57 13.3 03:47 1.3 3.4 0.0 0.7 18.0 14:40 NE 04 19.1 23.7 15:26 15.2 01:55 0.7 1.6 13.8 0.1 11.0 15:07 ESE 05 19.3 23.9 15:27 16.7 06:52 0.5 1.5 13.2 0.2 11.0 13:55 NW 06 22.7 30.8 16:33 14.4 05:10 0.8 5.3 0.0 0.8 14.0 16:46 SW 07 25.3 33.3 16:21 16.6 03:57 0.1 7.2 0.0 0.7 16.0 15:57 W 08 25.0 32.1 13:36 17.5 05:57 0.0 6.7 0.0 0.2 10.0 15:32 NNE 09 25.3 29.6 16:30 18.7 23:57 0.0 7.0 0.0 3.1 26.0 09:47 WSW 10 20.7 27.6 17:02 14.0 05:22 0.7 3.2 0.0 0.4 13.0 13:01 SSE 11 21.2 26.3 14:53 15.7 04:21 0.3 3.2 4.0 0.8 19.0 15:28 ESE 12 22.4 29.4 16:46 17.5 03:33 0.1 4.3 0.0 0.8 18.0 15:46 WSW 13 24.7 31.4 14:48 17.2 04:03 0.1 6.4 0.0 1.6 21.0 10:17 W 14 22.8 28.2 16:31 18.4 06:48 0.0 4.5 8.6 2.1 40.0 05:28 W 15 21.1 27.3 16:47 15.3 03:47 0.7 3.5 0.0 1.6 23.0 13:16 WNW 16 19.3 26.4 16:01 13.9 05:10 1.0 2.0 2.8 0.3 16.0 15:55 NNW 17 20.7 23.7 17:59 17.3 06:25 0.1 2.5 12.4 1.3 29.0 03:37 NNW 18 19.4 23.4 15:18 17.2 23:49 0.1 1.2 54.4 0.6 23.0 11:43 WNW 19 22.1 28.6 16:39 16.3 23:59 0.2 4.1 0.2 1.1 24.0 13:11 NNE 20 19.2 25.8 13:13 14.1 04:23 1.2 2.1 13.0 0.3 14.0 15:15 N 21 19.4 25.6 15:14 13.3 05:54 1.4 2.4 0.0 0.3 13.0 13:23 ENE 22 20.2 26.6 14:27 13.9 06:08 1.0 3.0 0.0 0.2 10.0 14:33 SSE 23 19.6 26.4 13:28 15.2 05:36 0.9 2.2 0.4 0.5 37.0 14:48 NW 24 22.2 29.6 17:08 15.3 04:23 0.7 4.6 0.0 0.8 16.0 13:56 WSW 25 24.2 31.0 15:07 17.5 06:34 0.0 5.9 0.8 1.3 19.0 17:42 WSW 26 23.7 29.9 15:11 16.3 06:12 0.2 5.7 1.0 1.4 24.0 17:05 WSW 27 23.3 28.4 15:55 19.1 04:42 0.0 5.0 0.6 2.7 29.0 14:24 W 28 25.3 31.1 15:52 19.8 05:42 0.0 7.0 0.0 3.0 23.0 18:12 W 29 23.1 29.2 16:29 15.9 06:32 0.2 5.0 0.0 0.8 18.0 14:01 NNE 30 24.6 31.9 15:58 16.8 06:33 0.1 6.5 0.8 0.8 16.0 15:29 SW 31 22.0 27.4 11:01 17.5 03:33 0.1 3.8 6.6 1.0 26.0 11:36 WNW ---------------------------------------------------------------------------------- 21.7 33.3 7 12.6 2 16.6 123.1 141.4 1.0 40.0 14 W Max >= 30.0 7 Max <= 0.0 0 Min <= 0.0 0 Min <= -10.0 0 Max Rain: 54.4 on day 18 Days of Rain: 16 (>= 0.2 mm) 11 (>= 1.0 mm) 5 (>= 10.0 mm) Heat Base: 18.3 Cool Base: 18.3 Method: Integration