ohhh nooe!
Select a Year or Month report

Report for 2021 Mar

                   Monthly Climatological Summary for Mar 2021

Name: Dobrava   City: Slovenske Konjice   State: SI
Elevation: 342 m  Lat: N 46° 21' 05"   Lon: E 015° 24' 41"

                  Temperature (°C), Rain (mm), Wind Speed (km/h)

                                      Heat  Cool        Avg
    Mean                              Deg   Deg         Wind                 Dom
Day Temp  High   Time   Low    Time   Days  Days  Rain  Speed High   Time    Dir
----------------------------------------------------------------------------------
01   3.9  12.3   13:53  -3.2   06:39  14.4   0.0   0.0   1.9  25.7   14:36   ESE
02   5.5  14.2   15:02  -0.4   05:43  12.8   0.0   0.0   2.2  14.5   12:56   NNW
03   7.6  17.5   15:05  -0.4   00:46  10.7   0.0   0.0   2.2  16.1   09:43   WNW
04  10.3  16.2   13:18   2.9   00:58   8.0   0.0   0.0   7.0  27.4   21:11   WNW
05   7.5  15.2   12:38   0.9   23:58  10.8   0.0   3.0   7.5  32.2   06:41   WNW
06   0.9   5.8   15:23  -3.4   06:50  17.4   0.0   0.0   2.0  22.5   10:29   ESE
07   1.9   9.2   15:03  -3.2   04:36  16.4   0.0   0.0   2.7  16.1   08:31   WNW
08   4.1  10.8   15:13  -1.9   00:38  14.2   0.0   0.0   1.6  17.7   12:58     E
09   2.6   7.7   14:31  -2.1   22:00  15.7   0.0   0.0   0.8  14.5   13:37   ESE
10   1.9   7.1   12:51  -2.9   03:31  16.4   0.0   0.0   1.4  20.9   16:23   WSW
11   5.0   9.4   14:22  -2.2   04:50  13.3   0.0   0.0  12.1  61.2   23:25     W
12   8.7  12.8   10:21   6.1   23:53   9.6   0.0   8.8   4.5  56.3   00:05     W
13   8.0  12.8   15:30   0.9   05:49  10.3   0.0   0.0   7.3  43.5   18:42     W
14   5.0   9.9   01:02   1.7   13:16  13.3   0.0  16.6   4.5  41.8   01:26     W
15   4.8  10.1   15:45   0.3   05:06  13.4   0.0   0.0   3.1  22.5   12:55    NW
16   4.8  10.1   11:45  -0.7   23:46  13.5   0.0   0.0   3.1  37.0   13:21    NW
17   2.6   8.2   12:21  -2.2   06:45  15.7   0.0   0.0   2.2  33.8   12:25    NW
18   1.9   6.2   12:44  -1.6   23:58  16.4   0.0   0.0   1.8  20.9   14:38    NW
19   1.1   7.0   14:21  -4.0   05:26  17.2   0.0   0.0   1.1  14.5   13:10   ENE
20   0.3   4.9   13:58  -3.1   23:47  18.0   0.0   0.0   1.9  24.1   14:01    NE
21  -0.3   5.2   15:58  -6.5   05:30  18.6   0.0   0.0   1.1  20.9   13:17    SE
22   3.2   8.7   13:05  -2.1   03:11  15.1   0.0   0.0   3.3  40.2   12:52   NNW
23   4.7  10.2   14:09  -1.8   04:49  13.6   0.0   0.0   1.5  25.7   11:49     N
24   6.0  12.8   13:47  -1.3   05:41  12.3   0.0   0.0   1.3  17.7   12:48   ESE
25   7.0  15.3   15:46  -0.5   04:14  11.3   0.0   0.0   1.8  17.7   08:09     N
26  11.2  19.3   16:34   0.2   05:31   7.2   0.1   0.0   4.2  27.4   21:52     W
27  12.2  16.7   11:55   8.9   04:32   6.1   0.0   0.0  12.6  43.5   14:52   WNW
28   7.5  11.4   18:07   2.8   22:12  10.4   0.0   0.4   0.7  12.9   16:07     W
29   9.8  18.8   15:18   1.6   05:44   8.6   0.0   0.0   1.3  14.5   11:59    SE
30  14.8  22.1   16:18   7.8   03:03   4.3   0.8   0.0   1.9  20.9   10:11   WNW
31  15.3  23.2   16:44   7.1   05:10   4.2   1.2   0.0   1.7  12.9   13:02    NE
----------------------------------------------------------------------------------
     5.8  23.2    31    -6.5    21   389.2   2.1  28.8   3.3  61.2    11     WNW

Max >=  30.0  0
Max <=   0.0  0
Min <=   0.0 19
Min <= -10.0  0
Max Rain: 16.6 on day 14
Days of Rain: 4 (>= 0.2 mm)  3 (>= 1.0 mm)  1 (>= 10.0 mm)
Heat Base: 18.3  Cool Base: 18.3  Method: Integration