ohhh nooe!
Select a Year or Month report

Report for 2021 Feb

                   Monthly Climatological Summary for Feb 2021

Name: Dobrava   City: Slovenske Konjice   State: SI
Elevation: 342 m  Lat: N 46° 21' 05"   Lon: E 015° 24' 41"

                  Temperature (°C), Rain (mm), Wind Speed (km/h)

                                      Heat  Cool        Avg
    Mean                              Deg   Deg         Wind                 Dom
Day Temp  High   Time   Low    Time   Days  Days  Rain  Speed High   Time    Dir
----------------------------------------------------------------------------------
01  -2.0   3.3   12:50  -7.7   07:47  20.3   0.0   6.6   0.4  12.9   14:04   WNW
02   1.5   7.7   14:37  -6.5   06:39  16.8   0.0   1.4   5.3  33.8   22:18    NW
03   9.2  12.1   23:27   5.9   06:32   9.1   0.0   0.0  19.2  64.4   15:09     W
04  11.4  15.0   12:59   9.2   06:48   6.9   0.0   0.0   9.7  32.2   01:33   WNW
05  11.0  13.7   12:24   8.1   01:14   7.3   0.0   0.0  10.1  38.6   10:47     W
06  11.8  13.3   13:07   9.8   01:16   6.5   0.0   0.0  18.4  53.1   15:27   WSW
07  12.0  15.7   11:59   9.3   20:49   6.3   0.0  10.0   9.8  41.8   00:50     W
08   5.0  10.3   02:19   1.5   18:39  13.3   0.0  11.2   1.7  27.4   01:32    SW
09   2.4   3.2   14:21   1.0   23:40  15.9   0.0   7.8   0.5  11.3   16:17   ESE
10   1.7   2.8   17:26   0.4   03:30  16.6   0.0  16.2   0.0   6.4   19:09   ESE
11  -3.0   0.5   00:00  -6.8   23:47  21.4   0.0   0.4   1.5  12.9   05:41   ESE
12  -6.1  -2.7   15:38  -8.9   06:26  24.4   0.0   0.0   0.8  11.3   12:45   ESE
13  -5.4  -1.3   14:43 -10.2   06:46  23.7   0.0   0.0   1.9  25.7   11:36    NE
14  -2.6   3.3   15:04  -7.6   07:12  20.9   0.0   0.0   1.3  33.8   13:15    NE
15  -1.7   4.4   15:17  -6.4   04:14  20.0   0.0   0.0   3.0  19.3   09:38   WNW
16   2.6   8.8   15:01  -1.9   00:00  15.7   0.0   0.0   3.4  29.0   23:10   WNW
17   5.1  11.3   14:43   0.8   23:59  13.2   0.0   2.0   6.9  35.4   06:13    NW
18   5.7  12.7   13:21  -0.6   07:29  12.5   0.0   0.0   3.9  35.4   22:25   WNW
19   8.5  13.3   14:08   5.4   00:26   9.8   0.0   0.0  11.1  37.0   11:49   WNW
20   7.6  14.0   15:21   2.1   07:28  10.7   0.0   0.0   3.0  25.7   02:18    NW
21   7.5  13.1   13:08   1.7   01:00  10.8   0.0   0.0   6.5  38.6   12:33   WNW
22  10.3  15.1   14:51   7.2   05:24   8.0   0.0   0.0  13.7  43.5   07:42   WNW
23   9.7  19.9   15:11   1.1   07:06   8.7   0.1   0.0   1.9  19.3   11:44    NW
24  11.9  20.4   15:00   6.3   03:18   6.6   0.2   0.0   3.3  19.3   10:51    NW
25  11.7  20.4   14:47   5.4   00:34   6.8   0.2   0.0   3.3  17.7   09:35    NW
26  12.4  19.9   13:02   5.7   22:37   6.1   0.2   0.0   3.2  20.9   02:32   NNW
27   6.2  11.0   14:57  -1.1   23:56  12.1   0.0   0.0   3.0  24.1   14:46   ESE
28   2.9   9.4   15:06  -2.3   06:15  15.4   0.0   0.0   1.4  14.5   10:58   ESE
----------------------------------------------------------------------------------
     5.3  20.4    24   -10.2    13   365.8   0.7  55.6   5.3  64.4     3     WNW

Max >=  30.0  0
Max <=   0.0  2
Min <=   0.0 11
Min <= -10.0  1
Max Rain: 16.2 on day 10
Days of Rain: 8 (>= 0.2 mm)  7 (>= 1.0 mm)  3 (>= 10.0 mm)
Heat Base: 18.3  Cool Base: 18.3  Method: Integration