ohhh nooe!
Select a Year or Month report

Report for 2021 Jan

                   Monthly Climatological Summary for Jan 2021

Name: Dobrava   City: Slovenske Konjice   State: SI
Elevation: 342 m  Lat: N 46° 21' 05"   Lon: E 015° 24' 41"

                  Temperature (°C), Rain (mm), Wind Speed (km/h)

                                      Heat  Cool        Avg
    Mean                              Deg   Deg         Wind                 Dom
Day Temp  High   Time   Low    Time   Days  Days  Rain  Speed High   Time    Dir
----------------------------------------------------------------------------------
01   3.9   7.5   15:13   1.1   00:22  14.4   0.0   2.6   7.1  37.0   15:07   WNW
02   3.9   4.9   11:00   2.4   01:11  14.4   0.0   7.6   0.2   9.7   02:16   SSE
03   4.6   7.6   13:26   2.2   08:31  13.7   0.0   3.0   0.9  12.9   11:58   WNW
04   3.5   4.2   11:54   2.6   09:07  14.8   0.0   2.4   0.2   6.4   10:01     W
05   3.0   6.2   12:42   0.4   23:09  15.3   0.0   7.2   1.9  17.7   11:15    NW
06   1.6   4.2   14:03   0.2   03:21  16.7   0.0   9.6   2.2  16.1   12:37   WNW
07   0.8   2.3   00:00  -0.6   02:30  17.5   0.0   0.0   1.6  16.1   04:39    NW
08   0.3   2.7   14:28  -1.6   23:46  18.0   0.0   0.0   0.5   9.7   12:48     W
09  -1.6   1.2   14:00  -3.3   06:59  19.9   0.0   0.0   2.3  12.9   10:39     W
10  -1.8  -0.7   13:04  -2.9   03:04  20.1   0.0   0.0   0.5   9.7   02:13    NW
11  -2.5   0.0   12:47  -5.4   23:37  20.8   0.0   0.2   0.9  12.9   11:52     W
12  -2.3   0.5   12:58  -5.9   08:16  20.6   0.0   0.0   5.2  20.9   09:53   WNW
13  -0.9   5.4   13:55  -5.4   07:47  19.2   0.0   0.2   2.2  20.9   01:42   WNW
14   0.1   5.3   12:56  -4.0   22:18  18.2   0.0   0.2   3.6  29.0   03:32    NW
15  -2.1   2.1   13:55  -5.2   00:56  20.4   0.0   0.0   1.6  11.3   10:43    NW
16  -2.7   0.8   14:49  -5.7   23:54  21.0   0.0   0.0   1.0  12.9   02:08     W
17  -4.4  -1.5   14:52  -7.9   03:17  22.7   0.0   0.0   0.4  11.3   14:32    SE
18  -1.4   2.6   13:19  -3.1   20:54  19.7   0.0   0.0   3.8  27.4   09:42   WNW
19   1.5   4.8   23:59  -2.3   07:13  16.8   0.0   0.0  10.2  41.8   18:57    NW
20   6.2   8.3   12:55   3.6   06:54  12.1   0.0   0.0  18.4  64.4   23:59     W
21   8.9  10.3   15:57   7.6   00:03   9.4   0.0   0.0  20.8  67.6   01:45   WSW
22   9.8  11.4   23:48   8.4   07:41   8.5   0.0   6.0   3.4  30.6   07:07     W
23   7.5  11.5   00:17   5.1   08:10  10.8   0.0   8.2   1.1  24.1   23:57   SSW
24   2.1   5.9   00:45   0.5   23:53  16.2   0.0   3.2   1.2  29.0   00:48   WNW
25  -0.4   2.0   15:04  -2.4   06:52  18.7   0.0   0.0   1.9  16.1   01:05   WNW
26   0.8   4.4   15:36  -2.4   05:00  17.5   0.0   0.0   5.3  27.4   14:11   WNW
27   0.8   5.5   14:25  -2.8   05:47  17.5   0.0   0.0   3.5  24.1   12:22   WNW
28   1.8   4.6   16:26  -3.4   06:49  16.5   0.0   0.0   8.2  41.8   16:46   WNW
29   6.3   8.9   15:06   3.7   04:03  12.0   0.0   0.0  13.2  46.7   11:06   WNW
30   6.5   9.6   15:41   1.9   23:57  11.8   0.0   0.8   6.3  25.7   03:42    NW
31  -0.8   1.9   00:00  -2.0   07:46  19.1   0.0   1.6   0.1  11.3   14:27   ESE
----------------------------------------------------------------------------------
     1.7  11.5    23    -7.9    17   514.3   0.0  52.8   4.2  67.6    21     WNW

Max >=  30.0  0
Max <=   0.0  3
Min <=   0.0 18
Min <= -10.0  0
Max Rain: 9.6 on day 6
Days of Rain: 14 (>= 0.2 mm)  10 (>= 1.0 mm)  0 (>= 10.0 mm)
Heat Base: 18.3  Cool Base: 18.3  Method: Integration