ohhh nooe!

Report for 2020 Sep

                   Monthly Climatological Summary for Sep 2020

Name: Dobrava   City: Slovenske Konjice   State: SI
Elevation: 342 m  Lat: N 46° 21' 05"   Lon: E 015° 24' 41"

                  Temperature (°C), Rain (mm), Wind Speed (km/h)

                                      Heat  Cool        Avg
    Mean                              Deg   Deg         Wind                 Dom
Day Temp  High   Time   Low    Time   Days  Days  Rain  Speed High   Time    Dir
----------------------------------------------------------------------------------
01  15.4  21.6   14:48  10.6   23:58   3.2   0.3   7.8   0.7  20.9   10:31     W
02  14.1  20.3   16:20   8.7   06:41   4.3   0.2   4.2   0.1  11.3   11:36   NNE
03  14.6  21.2   16:27  10.4   02:46   4.0   0.3   0.0   0.1  11.3   13:31     E
04  17.9  25.4   15:06  11.3   05:27   2.5   2.0   0.2   0.7  14.5   11:12    SW
05  20.0  27.7   16:49  13.2   03:36   1.4   3.2   0.0   1.2  17.7   11:20    NW
06  19.4  25.3   14:40  13.1   05:18   1.3   2.4   0.0   0.8  14.5   11:01    SE
07  17.1  21.7   15:02  12.6   22:25   1.9   0.7   0.0   0.4  12.9   15:30    SE
08  16.5  22.4   17:28  11.4   03:40   2.8   1.0   0.0   0.3  12.9   14:30   SSW
09  17.2  24.2   14:06  10.1   07:00   2.9   1.7   0.0   0.8  16.1   11:42   SSW
10  18.7  26.2   14:36  12.3   06:30   1.8   2.2   0.0   0.5   9.7   11:58     N
11  18.0  24.9   15:06  12.5   05:31   2.1   1.8   0.0   0.5  11.3   12:04   SSE
12  19.0  26.7   14:55  13.2   06:26   1.6   2.3   0.0   0.5   9.7   13:35   NNW
13  20.1  27.2   14:55  14.6   06:14   1.1   2.9   0.0   0.7  16.1   13:07     E
14  19.9  26.8   13:52  14.3   06:38   1.1   2.7   0.0   0.6  14.5   13:01     E
15  19.7  27.7   15:11  13.2   07:08   1.4   2.8   0.0   0.6   9.7   13:05   NNW
16  19.6  26.0   14:25  15.2   07:26   0.8   2.1   0.0   0.8   9.7   13:11   NNW
17  19.8  25.6   13:35  15.8   00:36   0.5   2.0   0.0   0.7  16.1   03:11     N
18  14.7  19.3   14:57   9.9   23:58   3.7   0.0   0.0   0.3  11.3   00:21   SSE
19  13.8  20.6   14:44   9.7   03:40   4.8   0.3   0.0   0.5  11.3   14:38    NE
20  13.9  21.3   14:55   7.0   07:03   5.0   0.6   0.0   0.7   9.7   11:22     N
21  15.9  23.6   14:59   9.8   04:22   3.5   1.1   0.0   0.4   9.7   13:34     N
22  17.5  23.6   15:23  12.5   07:24   2.0   1.2   0.6   0.5  22.5   19:34    SW
23  17.1  22.6   14:03  12.0   05:47   2.0   0.8   0.2   2.5  22.5   11:21     W
24  18.4  23.7   15:12  13.6   05:19   1.3   1.5   0.0   1.9  22.5   22:52     W
25  16.0  18.5   00:00  11.3   23:58   2.3   0.0  44.2   0.5  27.4   22:21     W
26   9.2  12.9   16:56   5.6   06:32   9.1   0.0  10.2   1.2  25.7   05:35   WNW
27   9.8  14.6   13:01   4.7   07:15   8.5   0.0   5.8   0.5  11.3   07:40     N
28  10.4  13.2   17:02   8.6   21:11   7.9   0.0  24.6   0.3  14.5   04:51   SSW
29  12.2  18.3   14:16   7.9   05:47   6.1   0.0   0.0   1.0  24.1   13:30     W
----------------------------------------------------------------------------------
    16.4  27.7     5     4.7    27    90.9  36.1  97.8   0.7  27.4    25     WNW

Max >=  30.0  0
Max <=   0.0  0
Min <=   0.0  0
Min <= -10.0  0
Max Rain: 44.2 on day 25
Days of Rain: 9 (>= 0.2 mm)  6 (>= 1.0 mm)  3 (>= 10.0 mm)
Heat Base: 18.3  Cool Base: 18.3  Method: Integration