ohhh nooe!
Select a Year or Month report

Report for 2019 May

                   Monthly Climatological Summary for May 2019

Name: Dobrava   City: Slovenske Konjice   State: SI
Elevation: 342 m  Lat: N 46 21 05   Lon: E 015 24 41

                  Temperature (°C), Rain (mm), Wind Speed (km/h)

                                      Heat  Cool        Avg
    Mean                              Deg   Deg         Wind                 Dom
Day Temp  High   Time   Low    Time   Days  Days  Rain  Speed High   Time    Dir
----------------------------------------------------------------------------------
01  13.4  19.6   13:31   8.8   01:24   5.0   0.1   0.0   2.7  24.1   09:43     W
02  15.3  22.0   14:49   7.6   01:05   3.8   0.7   0.0   6.6  37.0   16:49   WSW
03  13.5  16.5   15:33  10.5   23:54   4.8   0.0   1.6   5.5  33.8   00:41   WSW
04  10.2  11.4   16:38   8.6   06:58   8.1   0.0  11.4   0.0  11.3   11:07   ESE
05   6.9  10.2   00:00   3.9   23:56  11.4   0.0  11.2   1.1  25.7   12:29   NNW
06   6.3   9.6   12:34   3.4   02:44  12.0   0.0   0.2   0.7  29.0   08:23     N
07   8.7  15.1   17:30   1.8   05:55   9.6   0.0   0.0   0.5  16.1   08:45   WNW
08  10.4  17.6   14:29   1.5   04:57   7.9   0.0   0.0   5.6  40.2   19:43     W
09  10.8  12.8   11:29   7.9   23:18   7.5   0.0   8.8   5.7  45.1   01:19     W
10  13.1  21.6   15:22   6.7   05:27   5.6   0.4   0.0   1.9  25.7   17:07   WNW
11  15.2  21.7   16:02   7.5   01:41   3.8   0.7   0.0   2.3  25.7   14:31   WSW
12  11.5  13.8   00:00   9.4   04:33   6.9   0.0   5.6   1.9  49.9   19:15    NW
13   9.6  11.1   14:48   7.6   06:38   8.7   0.0   2.0   2.0  32.2   16:56   WNW
14   7.8   9.9   00:32   5.2   23:32  10.5   0.0   0.4   1.3  33.8   10:59     N
15   6.4   8.8   14:51   4.6   05:27  11.9   0.0  10.6   0.0   8.0   14:14   WNW
16   9.2  12.1   11:39   6.4   05:30   9.1   0.0   0.2   0.0   8.0   12:13   ENE
17  11.0  16.3   15:11   4.9   03:58   7.3   0.0   0.0   0.3  14.5   16:36   ESE
18  12.0  18.3   15:55   6.7   00:41   6.3   0.0   1.0   0.0  14.5   13:45     N
19  13.7  19.5   12:59  10.7   00:02   4.6   0.0  15.4   0.3  17.7   14:20    NE
20  13.1  16.8   11:31   9.4   03:25   5.2   0.0   3.0   3.1  27.4   16:32   WSW
21  13.4  15.3   12:13  11.6   03:29   4.9   0.0   1.8   4.1  32.2   05:19     W
22  15.3  22.3   16:20  11.2   23:59   3.3   0.3   9.6   2.2  24.1   15:53     W
23  15.4  20.8   17:21   9.8   05:11   3.3   0.5   0.0   0.2  14.5   19:55     N
24  16.1  23.2   15:48   9.8   06:01   3.2   1.0   0.0   0.2  11.3   12:16   ESE
25  17.0  23.6   15:01  10.1   05:25   2.7   1.4   0.0   0.6  14.5   15:25     N
26  17.8  25.1   15:01  10.8   03:30   2.2   1.8   0.0   0.4  11.3   14:29   ENE
27  14.9  16.4   00:00  13.6   23:32   3.4   0.0   7.4   0.3  17.7   09:55     W
28  14.8  19.7   13:32  13.2   03:16   3.5   0.1  46.8   0.3  16.1   13:57    SW
29  11.9  13.8   00:00  10.1   23:43   6.4   0.0  30.2   0.0   4.8   08:31    NW
30  11.2  14.4   16:23   8.8   04:34   7.1   0.0   6.4   0.0  12.9   05:26   NNW
31  14.5  21.0   16:13   9.7   04:55   4.1   0.3   0.0   0.2  12.9   16:03   NNE
----------------------------------------------------------------------------------
    12.3  25.1    26     1.5     8   194.1   7.3 173.6   1.6  49.9    12       W

Max >=  30.0  0
Max <=   0.0  0
Min <=   0.0  0
Min <= -10.0  0
Max Rain: 46.8 on day 28
Days of Rain: 19 (>= 0.2 mm)  16 (>= 1.0 mm)  6 (>= 10.0 mm)
Heat Base: 18.3  Cool Base: 18.3  Method: Integration