ohhh nooe!
Select a Year or Month report

Report for 2019 Mar

                   Monthly Climatological Summary for Mar 2019

Name: Dobrava   City: Slovenske Konjice   State: SI
Elevation: 342 m  Lat: N 46 21 05   Lon: E 015 24 41

                  Temperature (°C), Rain (mm), Wind Speed (km/h)

                                      Heat  Cool        Avg
    Mean                              Deg   Deg         Wind                 Dom
Day Temp  High   Time   Low    Time   Days  Days  Rain  Speed High   Time    Dir
----------------------------------------------------------------------------------
01   9.6  16.8   13:05   2.6   06:34   8.7   0.0   0.0   2.2  27.4   19:07    NW
02   6.4  13.3   15:02   1.4   04:02  11.9   0.0   0.0   0.5  12.9   11:58   ESE
03   9.7  16.0   13:39   2.7   01:18   8.6   0.0   0.0   6.3  29.0   23:15   WNW
04  11.0  14.9   11:40   4.8   23:38   7.3   0.0   1.2  15.6  57.9   15:13     W
05   7.6  13.5   14:11   2.3   04:07  10.7   0.0   0.0   3.2  27.4   00:07   WNW
06   9.0  14.3   13:54   1.2   05:41   9.3   0.0   0.0   7.7  54.7   22:05     W
07  13.1  17.0   14:38  10.0   03:23   5.2   0.0   0.0  13.1  54.7   01:53     W
08  12.3  16.3   13:06   5.9   22:23   6.0   0.0   0.0   8.0  33.8   11:12   WSW
09  10.3  15.7   14:31   5.6   06:19   8.0   0.0   0.0   5.1  33.8   13:15     W
10  10.9  13.2   12:11   7.3   03:01   7.4   0.0   0.0  15.8  67.6   14:08     W
11   4.8  11.1   00:00   0.1   23:58  13.5   0.0   2.2   1.6  29.0   12:15     S
12   3.0  11.3   14:17  -3.4   06:16  15.3   0.0   0.0   0.8  22.5   13:20    NE
13   5.1  10.3   13:22  -1.2   00:00  13.2   0.0   0.0   4.1  27.4   08:12   WNW
14   7.2  12.7   13:46   1.7   04:22  11.1   0.0   0.0   6.8  33.8   21:41   WNW
15   9.0  14.6   13:23   3.1   06:52   9.3   0.0   0.0   5.8  33.8   02:17     W
16  10.9  15.9   12:00   5.4   20:18   7.4   0.0   0.0   7.2  32.2   09:41    NW
17  13.0  16.1   12:31  10.7   06:52   5.3   0.0   0.0  17.1  56.3   13:49     W
18   4.2  12.1   00:06   0.4   11:10  14.1   0.0  20.8   1.0  27.4   00:05   WSW
19   3.9   7.2   14:51   1.6   05:58  14.4   0.0   1.2   0.1   9.7   14:01    NE
20   3.9   9.6   13:34  -1.3   22:36  14.4   0.0   0.0   1.7  30.6   09:47     N
21   4.7  11.4   16:08  -1.5   04:35  13.6   0.0   0.0   1.2  14.5   09:56   ESE
22   7.8  15.8   14:38  -0.3   06:03  10.5   0.0   0.0   1.0  16.1   14:00   ESE
23  10.4  18.9   16:51   1.3   05:52   8.0   0.0   0.0   1.5  17.7   23:47    NE
24  12.8  21.1   15:43   5.7   04:10   6.1   0.5   0.0   2.7  17.7   01:02   WNW
25   7.4  11.9   11:40   2.9   22:58  10.9   0.0  15.8   0.4  17.7   15:33   NNE
26   5.6  11.6   16:34  -0.3   23:24  12.7   0.0   0.0   1.2  24.1   11:48     N
27   4.0   9.1   12:23  -0.9   02:18  14.3   0.0   0.0   1.2  20.9   12:56   ESE
28   6.1  11.4   16:47   0.6   06:17  12.2   0.0   0.0   1.0  19.3   13:37   ESE
29   8.4  13.8   15:44   3.5   06:35   9.9   0.0   0.0   0.8  19.3   09:49   ESE
30   9.6  19.4   16:35   1.4   06:13   8.7   0.0   0.0   0.2  14.5   11:59    SW
31  10.4  19.6   17:27   0.9   06:22   7.6   0.1   0.0   1.0  16.1   16:45   ESE
----------------------------------------------------------------------------------
     8.1  21.1    24    -3.4    12   315.6   0.6  41.2   4.4  67.6    10       W

Max >=  30.0  0
Max <=   0.0  0
Min <=   0.0  7
Min <= -10.0  0
Max Rain: 20.8 on day 18
Days of Rain: 5 (>= 0.2 mm)  5 (>= 1.0 mm)  2 (>= 10.0 mm)
Heat Base: 18.3  Cool Base: 18.3  Method: Integration