ohhh nooe!

Report for 2018 Sep

                   Monthly Climatological Summary for Sep 2018

Name: Dobrava   City: Slovenske Konjice   State: SI
Elevation: 342 m  Lat: N 46 21 05   Lon: E 015 24 41

                  Temperature (°C), Rain (mm), Wind Speed (km/h)

                                      Heat  Cool        Avg
    Mean                              Deg   Deg         Wind                 Dom
Day Temp  High   Time   Low    Time   Days  Days  Rain  Speed High   Time    Dir
----------------------------------------------------------------------------------
01  17.2  18.5   13:53  15.3   23:59   1.1   0.0  13.4   0.1  12.9   15:20    SE
02  17.0  20.3   16:05  14.8   03:50   1.6   0.3   4.4   0.0   8.0   12:35   NNE
03  17.4  21.4   13:58  14.4   02:44   1.5   0.6   2.0   0.3  12.9   12:56   NNE
04  16.7  18.7   18:14  15.1   06:42   1.6   0.0   8.0   0.2  12.9   07:27   NNW
05  19.2  24.9   15:10  15.8   06:38   0.8   1.7   2.4   0.1   9.7   04:09     S
06  19.2  24.2   15:40  15.6   04:50   0.8   1.7   1.6   0.2  12.9   21:36   NNE
07  18.6  24.2   14:28  15.0   06:53   1.0   1.4   0.0   0.3  14.5   09:22     W
08  18.7  23.4   14:32  15.2   23:51   1.1   1.5   0.0   0.1   8.0   04:29   NNW
09  18.6  25.7   14:40  12.4   05:32   1.8   2.1   0.2   0.3   9.7   12:40   ENE
10  19.2  26.2   14:54  13.1   06:20   1.5   2.4   0.2   0.1   9.7   11:31   ENE
11  20.3  27.3   14:25  14.8   05:49   0.8   2.8   0.0   0.6  12.9   08:03    NW
12  20.8  28.9   15:06  14.0   07:15   0.9   3.4   0.0   0.0   0.0   00:00     N
13  20.6  27.2   14:55  15.1   05:15   0.8   3.0   0.0   0.0   0.0   00:00     N
14  19.5  25.8   14:59  14.6   05:38   1.0   2.2   3.2   0.0   3.2   20:31     N
15  18.4  23.7   17:34  14.4   06:02   1.3   1.4   0.2   0.0   0.0   00:00     N
16  18.8  24.5   13:52  14.3   05:12   1.3   1.8   0.0   0.0   0.0   00:00     N
17  19.4  26.2   14:49  14.1   07:06   1.2   2.4   0.0   0.0   0.0   00:00     N
18  18.9  25.8   15:08  13.5   06:11   1.5   2.1   0.0   0.0   0.0   00:00     N
19  18.8  25.9   14:48  13.0   07:03   1.6   2.1   0.0   0.0   0.0   00:00     N
20  19.5  25.7   13:18  14.6   07:35   1.0   2.2   0.0   0.0   0.0   00:00     N
21  20.2  27.0   15:10  15.2   06:53   0.9   2.8   0.0   0.0   0.0   00:00     N
22  13.7  19.9   05:08  10.0   21:14   4.9   0.2  16.0   0.4  14.5   09:38     E
23  15.0  20.8   23:19  10.0   00:00   3.6   0.3   0.2   2.4  40.2   22:43     W
24  13.1  21.3   01:38   5.2   23:57   5.5   0.4  30.0   2.5  37.0   00:31   WSW
25   7.8  13.2   15:46   3.4   23:45  10.5   0.0   0.0   0.7  16.1   11:25     E
26   7.4  14.9   15:14   1.4   04:39  10.9   0.0   0.2   0.6  12.9   13:25   ESE
27  10.1  19.6   15:13   2.5   06:44   8.3   0.1   0.0   0.4   9.7   13:56   ESE
28  12.3  20.8   14:34   6.4   06:16   6.4   0.4   0.0   0.5   9.7   14:40   ENE
29  11.6  16.4   14:11   5.1   23:49   6.7   0.0   0.0   1.2  20.9   14:52     E
30   8.4  15.6   15:06   2.6   06:54   9.9   0.0   0.0   0.7  14.5   13:47   ESE
----------------------------------------------------------------------------------
    16.5  28.9    12     1.4    26    91.8  39.3  82.0   0.4  40.2    23     WSW

Max >=  30.0  0
Max <=   0.0  0
Min <=   0.0  0
Min <= -10.0  0
Max Rain: 30.0 on day 24
Days of Rain: 14 (>= 0.2 mm)  9 (>= 1.0 mm)  3 (>= 10.0 mm)
Heat Base: 18.3  Cool Base: 18.3  Method: Integration