ohhh nooe!

Report for 2018 Jul

                   Monthly Climatological Summary for Jul 2018

Name: Dobrava   City: Slovenske Konjice   State: SI
Elevation: 342 m  Lat: N 46 21 05   Lon: E 015 24 41

                  Temperature (°C), Rain (mm), Wind Speed (km/h)

                                      Heat  Cool        Avg
    Mean                              Deg   Deg         Wind                 Dom
Day Temp  High   Time   Low    Time   Days  Days  Rain  Speed High   Time    Dir
----------------------------------------------------------------------------------
01  17.0  21.3   16:42  13.5   05:39   1.9   0.6   0.0   0.0  11.3   17:01     E
02  18.1  23.4   15:55  12.7   05:25   1.5   1.4   0.0   0.0   9.7   12:49    NE
03  20.6  26.8   15:30  16.8   04:36   0.4   2.7   2.0   0.0  20.9   21:21     W
04  20.5  25.6   13:47  16.4   02:36   0.5   2.7   7.8   0.0   8.0   10:01     N
05  22.5  29.6   14:58  16.4   02:11   0.3   4.5   0.2   0.3  25.7   19:16   SSW
06  18.9  22.6   15:39  16.7   01:32   0.3   0.9   1.2   0.1   9.7   02:23   NNW
07  20.5  26.7   15:05  14.1   23:23   0.6   2.8   0.2   0.2  19.3   23:49     N
08  19.1  25.3   16:50  12.3   05:30   1.6   2.4   0.8   0.1  12.9   21:28   NNW
09  20.0  25.6   14:19  14.6   04:02   1.1   2.8   0.0   0.3  19.3   10:41     N
10  21.0  28.1   13:26  14.1   03:53   0.9   3.6   1.0   0.1  17.7   18:06     N
11  15.9  18.7   00:00  14.1   23:55   2.4   0.0  45.4   0.0   9.7   00:31     W
12  17.8  23.5   16:07  13.9   05:09   1.8   1.4   1.0   0.1  11.3   17:16     S
13  20.2  26.9   17:35  15.9   00:00   0.6   2.5   0.2   0.0  14.5   14:08    SE
14  21.3  27.4   14:57  15.6   03:27   0.6   3.6   1.2   0.2  29.0   15:58     N
15  18.8  24.2   15:21  15.7   05:26   0.7   1.2   5.2   0.1  12.9   16:32    NW
16  19.2  27.0   17:05  13.6   04:15   1.4   2.3   9.4   0.1  25.7   19:30     N
17  20.1  26.6   17:33  15.1   06:11   0.8   2.7   3.2   0.6  16.1   14:19    NW
18  22.8  30.2   17:22  16.1   01:27   0.3   4.7   0.0   1.7  24.1   08:21     W
19  21.9  29.2   14:49  14.2   03:31   0.7   4.3   0.0   0.8  12.9   06:38     N
20  21.2  28.4   13:36  15.2   06:11   0.5   3.4   0.4   0.7  17.7   18:40   NNW
21  21.0  27.7   14:37  14.9   05:10   0.6   3.3   1.6   1.0  19.3   19:54   WSW
22  19.2  24.8   11:56  17.0   06:28   0.3   1.2  12.0   0.3  19.3   12:54   NNW
23  18.0  21.8   17:54  16.1   06:56   0.9   0.7   8.8   0.6  19.3   14:04   NNW
24  22.2  28.4   15:51  14.5   05:53   0.5   4.4   0.0   0.4  14.5   11:43     N
25  21.3  29.2   14:10  16.5   05:03   0.2   3.2  13.4   1.0  40.2   17:08   NNW
26  21.0  28.1   15:37  15.5   06:04   0.6   3.3   3.4   0.7  20.9   10:55     N
27  21.8  29.0   17:01  16.1   05:19   0.3   3.8   0.0   0.5  12.9   00:20   NNW
28  22.8  29.4   15:23  17.3   05:47   0.1   4.6   0.0   0.2  11.3   14:03    NE
29  24.3  30.4   16:44  17.9   06:04   0.0   6.0   0.0   0.4  12.9   10:45    NW
30  25.0  31.1   15:06  19.1   05:29   0.0   6.7   0.0   0.3  17.7   13:31     E
31  25.2  32.1   17:33  18.8   01:57   0.0   6.9   0.0   0.6  12.9   09:44   NNW
----------------------------------------------------------------------------------
    20.6  32.1    31    12.3     8    22.4  94.6 118.4   0.4  40.2    25      NW

Max >=  30.0  4
Max <=   0.0  0
Min <=   0.0  0
Min <= -10.0  0
Max Rain: 45.4 on day 11
Days of Rain: 20 (>= 0.2 mm)  15 (>= 1.0 mm)  3 (>= 10.0 mm)
Heat Base: 18.3  Cool Base: 18.3  Method: Integration