ohhh nooe!

Report for 2017 Nov

                   Monthly Climatological Summary for Nov 2017

Name: Dobrava   City: Slovenske Konjice   State: SI
Elevation: 342 m  Lat: N 46 21 05   Lon: E 015 24 41

                  Temperature (°C), Rain (mm), Wind Speed (km/h)

                                      Heat  Cool        Avg
    Mean                              Deg   Deg         Wind                 Dom
Day Temp  High   Time   Low    Time   Days  Days  Rain  Speed High   Time    Dir
----------------------------------------------------------------------------------
01   6.6  13.2   14:45  -0.4   06:17  11.7   0.0   0.0   0.8  16.1   17:55     W
02   9.8  13.5   12:31   2.6   01:04   8.5   0.0   0.0   5.7  32.2   12:49   WNW
03   9.5  13.0   14:14   5.9   21:59   8.8   0.0   0.4   1.5  22.5   00:56    NW
04   8.6  15.2   13:43   2.7   06:27   9.7   0.0   0.2   0.7  20.9   23:51     W
05  12.6  16.9   14:55   8.1   19:50   5.7   0.0   0.2   4.7  33.8   10:37   WSW
06   7.3   8.9   00:11   6.4   20:11  11.0   0.0  26.0   0.8  16.1   15:59    SE
07   7.5   8.5   06:10   6.9   17:03  10.8   0.0  11.4   0.7  22.5   05:47   ENE
08   6.5   7.5   13:45   3.7   23:57  11.8   0.0  19.4   0.0   8.0   13:10   WSW
09   5.9   8.2   13:08   2.9   00:58  12.4   0.0   0.2   0.0   9.7   12:11     E
10   6.9  11.0   12:42   3.3   22:25  11.4   0.0   0.0   0.3  12.9   12:10   WSW
11   7.7  11.3   12:53   2.7   07:00  10.6   0.0   0.0   1.3  20.9   23:04   WNW
12   9.9  12.9   13:06   7.1   03:44   8.4   0.0   1.6   8.4  41.8   11:51     W
13   4.3   7.7   00:01   1.9   07:12  14.0   0.0  22.0   1.4  27.4   01:34    SE
14   3.1   6.6   13:33  -1.7   23:46  15.2   0.0   0.0   1.3  19.3   14:08   ESE
15   1.9   4.5   13:49  -1.8   01:34  16.4   0.0   0.2   0.1   8.0   00:02    NW
16   4.1   5.4   13:12   3.1   06:52  14.2   0.0   0.0   0.0   6.4   18:31     E
17   3.9   5.1   12:45   2.8   20:26  14.4   0.0   0.2   0.4  16.1   15:26   ESE
18   3.9   8.1   14:14   1.7   23:53  14.4   0.0   0.8   0.6  11.3   21:39   NNW
19   1.7   7.7   14:13  -2.2   23:41  16.6   0.0   0.0   0.5  14.5   14:52   NNW
20   3.6  10.4   14:38  -2.2   00:02  14.7   0.0   0.2   3.3  32.2   10:35     W
21   7.5  11.2   13:38   1.1   00:00  10.8   0.0   0.0   9.2  40.2   12:26   WNW
22  10.4  13.5   11:30   8.6   00:46   7.9   0.0   0.0  13.3  41.8   22:24   WNW
23  10.6  14.2   12:11   7.8   07:13   7.7   0.0   0.0  12.1  49.9   12:41   WNW
24  10.8  15.0   13:44   7.9   07:25   7.5   0.0   0.0  10.3  33.8   22:58    NW
25  10.7  12.5   16:17   6.6   23:59   7.6   0.0  25.4  10.4  49.9   08:28     W
26   3.2   6.6   00:00  -0.7   23:51  14.8   0.0  22.4   1.1  14.5   11:50   WNW
27   0.7   6.2   13:49  -1.8   06:52  17.6   0.0   0.0   1.5  14.5   12:59     W
28   2.4   4.8   13:33  -0.9   00:48  15.9   0.0   0.0   7.4  30.6   12:12   WNW
29   3.0   4.7   00:00   0.1   23:41  15.3   0.0  22.2   1.9  25.7   01:29     W
30   0.9   2.7   15:22  -0.1   06:02  17.4   0.0  12.4   0.4  12.9   18:22   NNW
----------------------------------------------------------------------------------
     6.2  16.9     5    -2.2    19   363.2   0.0 165.2   3.3  49.9    23     WNW

Max >=  30.0  0
Max <=   0.0  0
Min <=   0.0  9
Min <= -10.0  0
Max Rain: 26.0 on day 6
Days of Rain: 17 (>= 0.2 mm)  9 (>= 1.0 mm)  8 (>= 10.0 mm)
Heat Base: 18.3  Cool Base: 18.3  Method: Integration