ohhh nooe!

Report for 2017 Oct

                   Monthly Climatological Summary for Oct 2017

Name: Dobrava   City: Slovenske Konjice   State: SI
Elevation: 342 m  Lat: N 46 21 05   Lon: E 015 24 41

                  Temperature (°C), Rain (mm), Wind Speed (km/h)

                                      Heat  Cool        Avg
    Mean                              Deg   Deg         Wind                 Dom
Day Temp  High   Time   Low    Time   Days  Days  Rain  Speed High   Time    Dir
----------------------------------------------------------------------------------
01   9.5  16.3   14:32   3.9   07:24   8.8   0.0   0.0   0.3  14.5   12:45   ESE
02  10.3  17.4   15:09   3.4   07:24   8.0   0.0   0.0   0.4  12.9   12:45   SSW
03  13.4  16.9   15:08   9.7   23:54   4.9   0.0   0.2   3.5  32.2   13:10     W
04  13.3  17.8   14:31   8.3   03:06   5.0   0.0   0.2   0.8  17.7   12:53   WSW
05  16.8  20.9   13:52  14.1   06:58   1.9   0.4   0.0   7.5  45.1   17:46     W
06  10.6  16.0   00:17   5.8   23:58   7.7   0.0   4.4   0.6  17.7   11:49   ESE
07   8.5  16.6   14:58   3.5   06:10   9.8   0.0   0.0   0.3  12.9   03:01     N
08  10.3  17.6   15:48   4.7   01:44   8.0   0.0   0.0   0.4  16.1   09:17    NW
09  10.3  14.4   14:52   6.1   04:42   8.0   0.0   0.0   0.3  11.3   02:05     N
10  11.7  17.6   14:31   8.9   05:24   6.6   0.0   0.0   0.4  12.9   14:42     S
11  13.1  19.7   14:49   6.6   07:00   5.3   0.2   0.0   1.4  17.7   15:51    NW
12  15.0  23.1   15:09   8.9   06:53   3.9   0.7   0.0   2.4  22.5   11:45   WNW
13  14.0  22.2   15:04   8.1   02:09   4.9   0.6   0.0   1.0  12.9   14:09     N
14  12.8  20.1   14:58   8.2   04:52   5.7   0.2   0.2   0.9  14.5   12:47    NW
15  13.3  22.2   13:59   6.8   07:41   5.7   0.7   0.0   0.8   9.7   11:25   NNW
16  14.2  24.9   15:11   6.6   06:50   5.1   1.0   0.0   0.3   9.7   09:56     W
17  13.6  23.2   15:17   6.7   06:52   5.4   0.7   0.0   0.4   8.0   13:50     N
18  14.7  21.9   14:30   7.7   05:57   4.2   0.6   0.0   4.3  33.8   15:03     W
19  15.1  22.2   14:04   8.3   08:28   3.9   0.6   0.0   3.0  19.3   00:03    NW
20  15.0  20.4   14:27  11.5   05:10   3.6   0.3   0.0   5.2  22.5   13:38   WNW
21  14.5  20.6   14:23   8.6   07:24   4.0   0.2   0.0   4.2  24.1   11:16   WNW
22  10.8  14.1   06:22   6.5   23:48   7.5   0.0  30.2   2.0  27.4   04:23   WNW
23   8.8  11.4   20:24   6.2   07:32   9.5   0.0   0.4   0.7  25.7   20:19    NW
24  10.2  16.2   14:52   4.4   23:58   8.1   0.0   0.0   1.7  29.0   14:55   NNW
25   9.4  15.3   15:18   3.3   03:15   8.9   0.0   0.0   1.5  17.7   22:49    NW
26  11.8  19.0   15:34   4.7   07:37   6.5   0.1   0.0   0.8  16.1   04:45   WSW
27  10.0  16.4   14:29   4.1   23:22   8.3   0.0   0.0   1.4  35.4   15:28    NW
28   7.1  13.4   15:37   1.1   06:26  11.2   0.0   0.2   0.9  17.7   11:20   WNW
29  11.1  15.5   12:57   5.5   21:33   7.5   0.0   0.0   7.0  46.7   07:57     W
30   5.5  14.1   14:16   0.5   23:31  12.8   0.0   0.0   2.1  29.0   10:58   WNW
31   4.3  12.2   14:11  -0.7   04:22  13.9   0.0   0.0   0.9  14.5   12:59     W
----------------------------------------------------------------------------------
    11.6  24.9    16    -0.7    31   214.6   6.3  35.8   1.9  46.7    29     WNW

Max >=  30.0  0
Max <=   0.0  0
Min <=   0.0  1
Min <= -10.0  0
Max Rain: 30.2 on day 22
Days of Rain: 7 (>= 0.2 mm)  2 (>= 1.0 mm)  1 (>= 10.0 mm)
Heat Base: 18.3  Cool Base: 18.3  Method: Integration