ohhh nooe!

Report for 2017 Jul

                   Monthly Climatological Summary for Jul 2017

Name: Dobrava   City: Slovenske Konjice   State: SI
Elevation: 342 m  Lat: N 46 21 05   Lon: E 015 24 41

                  Temperature (°C), Rain (mm), Wind Speed (km/h)

                                      Heat  Cool        Avg
    Mean                              Deg   Deg         Wind                 Dom
Day Temp  High   Time   Low    Time   Days  Days  Rain  Speed High   Time    Dir
----------------------------------------------------------------------------------
01  19.7  25.7   16:04  14.8   06:30   1.1   2.4   0.8   2.9  24.1   07:48     W
02  18.4  24.0   09:54  11.5   03:49   1.7   1.8   0.4   0.5  17.7   20:48     N
03  19.2  24.1   17:28  14.4   23:51   1.0   1.8   0.4   0.6  16.1   11:19     E
04  20.6  28.1   16:25  12.9   03:45   1.4   3.7   0.0   1.4  19.3   11:22   WSW
05  22.7  29.7   15:40  14.9   05:46   0.7   5.1   0.0   1.3  17.7   19:11     W
06  25.3  32.8   16:52  19.1   23:59   0.0   7.0   0.0   1.7  19.3   02:49   NNW
07  23.6  32.9   14:10  16.9   02:39   0.2   5.4   0.6   1.1  22.5   16:11    NW
08  25.5  31.9   15:01  19.4   06:49   0.0   7.2   0.2   2.6  22.5   04:21    NW
09  26.4  33.8   16:38  19.0   02:03   0.0   8.1   0.0   0.5  19.3   22:47    NW
10  26.2  32.7   15:22  18.1   05:05   0.0   7.9   0.0   2.2  22.5   21:58     W
11  23.7  28.3   12:43  17.3   23:44   0.0   5.4  10.4   1.6  32.2   16:10     W
12  22.7  30.1   16:31  15.6   05:39   0.6   5.0   0.4   1.1  17.7   20:09     W
13  21.5  26.6   16:00  14.7   23:58   0.3   3.5   0.0   0.6  14.5   15:12   ENE
14  15.1  19.6   16:46  10.5   05:03   3.3   0.1   0.8   0.1   8.0   16:48   ENE
15  17.7  23.3   12:50  12.0   23:59   1.9   1.3   1.2   1.4  27.4   17:46     N
16  16.8  23.7   16:14   9.6   04:57   3.0   1.5   0.0   1.3  25.7   11:24     N
17  19.5  27.2   16:13   9.7   03:51   2.1   3.4   0.0   1.0  12.9   14:48    NE
18  21.6  29.6   16:40  13.3   04:56   1.1   4.5   0.0   0.6  16.1   12:39   ESE
19  22.9  32.5   15:30  14.2   04:54   0.7   5.3   1.2   1.9  22.5   14:00   WNW
20  24.9  32.9   15:42  15.6   02:05   0.3   6.9   0.0   1.8  17.7   18:51   WNW
21  23.9  31.3   15:39  15.1   06:29   0.4   6.0   0.0   0.8  24.1   00:05   ENE
22  25.9  33.5   16:47  19.1   06:20   0.0   7.6   0.0   1.4  17.7   11:21     W
23  22.9  32.9   14:14  16.7   04:59   0.2   4.8  13.8   0.7  19.3   14:19    NE
24  18.6  21.6   14:26  15.9   23:16   0.3   0.7  18.8   0.3  22.5   21:19    NW
25  18.0  24.6   15:48  12.6   05:43   2.0   1.7   2.6   0.9  16.1   18:41     N
26  16.3  23.2   14:19  11.5   05:19   2.7   0.7   0.6   0.7  14.5   12:46    NW
27  21.4  25.1   16:34  13.3   00:00   0.1   1.4   0.0   0.5  12.9   14:49     E
28  21.6  30.1   16:47  14.8   05:34   0.9   4.2   0.0   0.2  16.1   14:49     W
29  22.2  30.0   17:12  15.4   05:28   0.5   4.4   0.0   0.1  12.9   11:47   WSW
30  22.9  31.8   15:10  17.3   04:07   0.1   4.7   1.8   0.4  27.4   16:17   WSW
31  24.1  32.3   17:48  15.7   05:32   0.4   6.2   0.0   0.1  11.3   00:15   NNW
----------------------------------------------------------------------------------
    21.7  33.8     9     9.6    16    27.0 129.7  54.0   1.0  32.2    11      NW

Max >=  30.0 15
Max <=   0.0  0
Min <=   0.0  0
Min <= -10.0  0
Max Rain: 18.8 on day 24
Days of Rain: 15 (>= 0.2 mm)  7 (>= 1.0 mm)  3 (>= 10.0 mm)
Heat Base: 18.3  Cool Base: 18.3  Method: Integration