Select a Year or Month report
Report for 2017 Jun
Monthly Climatological Summary for Jun 2017 Name: Dobrava City: Slovenske Konjice State: SI Elevation: 342 m Lat: N 46 21 05 Lon: E 015 24 41 Temperature (°C), Rain (mm), Wind Speed (km/h) Heat Cool Avg Mean Deg Deg Wind Dom Day Temp High Time Low Time Days Days Rain Speed High Time Dir ---------------------------------------------------------------------------------- 01 20.0 26.7 16:04 14.8 05:50 0.7 2.4 11.6 0.8 17.7 13:25 E 02 19.5 26.4 15:20 15.6 21:14 0.9 2.0 20.6 1.3 37.0 19:47 NW 03 20.4 27.1 16:47 14.8 03:01 0.9 3.1 0.2 0.5 11.3 12:01 NW 04 20.9 27.9 16:40 15.2 05:46 0.8 3.5 0.0 2.4 25.7 09:19 W 05 18.4 23.7 16:51 14.1 03:27 1.3 1.4 0.0 0.4 12.9 12:14 WSW 06 19.5 24.4 15:28 13.9 05:40 1.1 2.3 0.2 1.5 24.1 13:02 WSW 07 13.8 16.6 00:13 10.6 23:48 4.5 0.0 10.6 0.5 17.7 02:16 NNE 08 15.0 21.8 16:53 8.1 04:24 4.0 0.7 0.2 0.6 14.5 09:23 WNW 09 18.3 25.7 15:22 10.4 04:59 2.5 2.5 0.0 0.6 16.1 13:05 SE 10 17.6 24.3 16:16 13.1 05:56 2.0 1.3 3.0 0.6 11.3 08:40 NE 11 19.1 25.9 16:15 11.5 03:40 1.9 2.6 0.0 0.8 17.7 15:38 ESE 12 22.5 30.6 14:15 12.9 05:52 1.1 5.3 0.0 1.5 12.9 08:57 WNW 13 22.4 28.7 16:37 16.2 05:28 0.2 4.2 0.0 0.5 14.5 16:15 ENE 14 19.2 22.9 14:45 15.4 23:30 0.5 1.4 2.8 0.4 12.9 08:36 SE 15 20.6 27.6 15:35 13.7 06:04 1.1 3.4 0.0 0.7 16.1 14:30 SSE 16 19.0 24.9 12:51 14.7 04:31 0.7 1.4 7.4 1.2 46.7 13:03 NNW 17 17.8 22.9 15:34 12.1 23:58 1.5 1.0 0.0 0.7 16.1 19:13 ENE 18 17.7 25.7 16:14 10.8 01:36 2.8 2.2 0.0 1.5 29.0 13:10 N 19 20.2 28.3 16:24 10.9 05:18 1.8 3.7 0.0 0.9 11.3 09:07 ENE 20 23.7 31.3 16:23 14.1 04:29 0.7 6.2 0.0 1.9 14.5 10:03 WNW 21 24.0 31.7 13:33 18.1 23:59 0.0 5.5 26.6 2.4 19.3 00:58 NW 22 25.6 32.8 15:28 16.6 02:33 0.2 7.5 0.0 1.8 17.7 08:12 WNW 23 26.5 32.3 14:00 20.8 23:54 0.0 8.2 0.2 2.9 29.0 04:28 WNW 24 24.3 32.2 15:33 16.1 06:00 0.2 6.3 0.0 0.6 11.3 13:25 NNE 25 21.3 24.5 11:07 17.4 23:58 0.1 3.1 22.2 1.0 17.7 13:32 NW 26 21.8 28.8 17:15 14.7 05:12 0.7 4.1 0.0 1.0 14.5 14:57 W 27 21.1 27.4 12:35 15.1 05:11 0.6 3.4 0.0 0.8 17.7 12:40 WSW 28 20.9 28.3 12:47 16.0 23:56 0.3 2.9 30.8 2.7 45.1 23:37 WNW 29 19.4 24.3 15:37 14.2 04:22 1.1 2.2 13.0 5.5 43.5 14:26 W 30 19.8 25.2 13:15 13.6 03:15 0.7 2.3 1.2 4.3 30.6 11:43 WSW ---------------------------------------------------------------------------------- 20.3 32.8 22 8.1 8 34.9 96.1 150.6 1.4 46.7 16 WNW Max >= 30.0 6 Max <= 0.0 0 Min <= 0.0 0 Min <= -10.0 0 Max Rain: 30.8 on day 28 Days of Rain: 15 (>= 0.2 mm) 11 (>= 1.0 mm) 7 (>= 10.0 mm) Heat Base: 18.3 Cool Base: 18.3 Method: Integration