ohhh nooe!

Report for 2016 Aug

                   Monthly Climatological Summary for Aug 2016

Name: Dobrava   City: Slovenske Konjice   State: SI
Elevation: 342 m  Lat: N 46 21 05   Lon: E 015 24 41

                  Temperature (°C), Rain (mm), Wind Speed (km/h)

                                      Heat  Cool        Avg
    Mean                              Deg   Deg         Wind                 Dom
Day Temp  High   Time   Low    Time   Days  Days  Rain  Speed High   Time    Dir
----------------------------------------------------------------------------------
01  19.2  24.2   11:50  16.3   22:48   0.5   1.4   2.6   0.2  12.9   11:41    NE
02  19.7  25.3   15:49  14.3   05:39   1.1   2.5   0.0   0.5  11.3   10:24   ENE
03  21.0  28.2   16:30  15.4   01:02   0.7   3.4   0.0   0.6  12.9   14:20    SW
04  22.4  29.5   16:41  15.7   03:32   0.5   4.6   0.0   0.9  14.5   13:16   ENE
05  22.3  29.5   16:22  15.3   22:52   0.5   4.5  13.0   1.2  25.7   21:34   WNW
06  19.2  25.4   15:15  14.3   03:11   1.3   2.2   4.0   1.3  25.7   16:02   NNE
07  19.7  25.8   15:33  14.3   06:38   1.2   2.7   0.0   1.2  24.1   10:47   NNE
08  19.8  26.7   17:27  13.2   06:19   1.6   3.1   0.0   0.8  14.5   11:40   ENE
09  20.2  28.3   15:53  13.7   03:12   1.4   3.3   0.0   0.8  25.7   18:16    NE
10  14.9  17.4   00:00  11.9   23:02   3.4   0.0  26.6   0.3   9.7   08:49   SSE
11  13.2  18.3   14:50   9.8   23:50   5.1   0.0   5.8   0.3  14.5   14:00   ENE
12  15.0  21.4   14:14   7.9   06:09   3.9   0.6   0.2   0.4   9.7   11:43   NNW
13  18.7  25.3   15:37  13.4   00:09   1.6   2.0   0.0   0.4   9.7   11:15    SW
14  20.3  27.7   14:58  12.8   06:41   1.4   3.4   0.0   0.7  12.9   15:56    NE
15  20.4  28.6   14:15  16.2   23:54   0.7   2.8  34.2   0.8  27.4   17:29   ENE
16  19.3  26.2   15:12  13.7   05:12   1.3   2.3   0.2   0.4  16.1   13:47   ENE
17  18.3  20.9   14:54  16.7   22:48   0.4   0.4   2.4   0.1  14.5   13:40     E
18  18.8  24.8   17:50  14.2   03:59   1.0   1.6   0.2   0.3  11.3   10:39   NNE
19  19.3  24.3   16:48  15.5   04:53   0.7   1.7   1.4   0.2  12.9   14:20   ENE
20  21.1  27.8   14:11  14.9   06:26   0.8   3.6   0.0   0.4  12.9   14:25   ESE
21  19.0  21.9   12:57  14.7   23:06   0.6   1.3  16.4   0.4  16.1   23:40     E
22  17.9  24.0   15:06  13.4   04:09   1.9   1.5   6.0   2.0  27.4   13:44   NNW
23  18.5  26.1   16:56  11.6   05:40   2.3   2.5   0.0   1.2  24.1   12:17     N
24  19.1  25.8   18:44  14.1   05:32   1.6   2.4   0.0   0.8  17.7   11:56   ENE
25  19.1  25.9   16:57  13.4   05:33   1.6   2.5   0.0   0.6  12.9   11:44     E
26  19.7  27.1   17:51  13.4   05:03   1.5   2.9   0.0   0.6  12.9   11:55   ENE
27  20.8  28.0   17:43  13.6   06:24   1.1   3.5   0.0   0.7  12.9   12:07    NE
28  21.5  28.4   14:33  15.5   06:04   0.7   3.9   0.0   0.7  12.9   15:50   ENE
29  20.9  29.6   14:18  14.5   05:27   0.8   3.4   4.2   0.9  20.9   17:32   NNE
30  20.0  26.2   16:39  15.1   23:59   0.6   2.3   0.0   0.7  14.5   10:53    NE
31  18.2  25.1   14:43  12.2   05:40   2.1   1.9   0.2   0.4  12.9   15:27     E
----------------------------------------------------------------------------------
    19.3  29.6    29     7.9    12    43.9  74.2 117.4   0.7  27.4    15      NE

Max >=  30.0  0
Max <=   0.0  0
Min <=   0.0  0
Min <= -10.0  0
Max Rain: 34.2 on day 15
Days of Rain: 15 (>= 0.2 mm)  11 (>= 1.0 mm)  4 (>= 10.0 mm)
Heat Base: 18.3  Cool Base: 18.3  Method: Integration