ohhh nooe!

Report for 2015 Nov

                   Monthly Climatological Summary for Nov 2015

Name: Dobrava   City: Slovenske Konjice   State: SI
Elevation: 342 m  Lat: N 46 21 05   Lon: E 015 24 41

                  Temperature (°C), Rain (mm), Wind Speed (km/h)

                                      Heat  Cool        Avg
    Mean                              Deg   Deg         Wind                 Dom
Day Temp  High   Time   Low    Time   Days  Days  Rain  Speed High   Time    Dir
----------------------------------------------------------------------------------
01   4.6  12.3   14:28  -0.2   06:33  13.7   0.0   0.2   0.9  14.5   11:56     E
02   4.3  15.0   14:32  -0.4   04:36  14.0   0.0   0.0   0.7   9.7   11:27     N
03   9.0  17.9   14:20  -1.0   01:49   9.3   0.0   0.2   3.4  24.1   22:42    NW
04   9.4  14.2   14:25   4.3   22:27   8.9   0.0   0.0   2.4  24.1   01:00    NW
05   7.5  14.8   13:51   3.1   02:37  10.8   0.0   0.2   0.4   8.0   10:15    SE
06   8.4  17.8   14:28   2.0   06:41   9.9   0.0   0.2   0.7   8.0   13:04    NE
07  13.1  20.3   13:58   8.7   00:00   5.4   0.2   0.0   2.1  16.1   09:32    NW
08  14.1  23.2   14:29   6.9   07:28   4.9   0.7   0.0   2.1  16.1   10:04    NW
09  14.7  22.8   12:08   8.4   02:25   4.1   0.5   0.0   3.4  22.5   08:29    NW
10  15.0  22.6   14:36  10.3   07:19   3.7   0.4   0.0   2.5  14.5   11:55    NW
11  13.7  21.8   14:14   8.8   07:23   5.0   0.4   0.0   0.9   8.0   00:47     N
12  12.1  20.9   13:53   5.8   23:50   6.4   0.2   0.0   1.4  12.9   10:09    NW
13   8.6  16.6   13:58   3.5   07:15   9.7   0.0   0.2   0.5   6.4   10:02   SSE
14   8.9  13.3   13:30   4.7   05:38   9.4   0.0   0.2   0.4   9.7   14:16   ENE
15  11.4  13.8   12:53   8.7   06:02   6.3   0.0   0.0   9.9  38.6   16:04    NW
16  14.5  22.1   13:48   7.8   22:38   2.5   0.5   0.0   4.9  17.7   11:35    NW
17  12.3  16.2   11:13   8.5   00:10   6.0   0.0   0.0   3.9  25.7   12:18    NW
18  12.4  16.4   13:25  10.4   06:29   5.9   0.0   0.0  12.3  41.8   08:17    NW
19  11.4  15.9   13:43   7.3   08:02   6.9   0.0   0.0  10.2  33.8   22:50    NW
20  12.6  14.9   12:44   9.3   02:10   5.6   0.0   0.0  20.4  54.7   20:12   WNW
21   5.5  14.3   02:05   0.9   15:39  12.8   0.0  42.8   3.5  56.3   00:24     W
22   2.5   5.8   13:37   0.1   23:41  15.8   0.0   4.6   0.5  12.9   14:22    NW
23   1.4   4.9   12:59  -1.7   06:14  16.9   0.0   0.0   0.5  11.3   13:07   WNW
24   1.5   2.9   11:36   0.1   23:58  16.8   0.0   0.0   0.0   4.8   11:46     N
25   0.3   1.3   13:50  -0.8   02:15  18.0   0.0   0.0   0.2   9.7   14:10     E
26   0.5   1.9   14:25  -0.4   03:35  17.8   0.0   1.4   0.0   8.0   08:03   ESE
27   1.8   4.6   11:24  -0.6   03:55  16.5   0.0   0.2   1.1  17.7   11:10   ESE
28   3.6   7.4   14:05   1.0   00:00  14.7   0.0   0.0   2.0  17.7   16:21    NW
29   5.0   8.3   11:47   1.3   04:58  13.3   0.0   0.0   7.4  35.4   21:47    NW
30   7.1   9.4   14:01   4.5   06:52  11.2   0.0   0.0  13.0  40.2   19:42    NW
----------------------------------------------------------------------------------
     8.2  23.2     8    -1.7    23   302.2   2.9  50.2   3.7  56.3    21      NW

Max >=  30.0  0
Max <=   0.0  0
Min <=   0.0  7
Min <= -10.0  0
Max Rain: 42.8 on day 21
Days of Rain: 10 (>= 0.2 mm)  3 (>= 1.0 mm)  1 (>= 10.0 mm)
Heat Base: 18.3  Cool Base: 18.3  Method: Integration