ohhh nooe!

Report for 2015 Aug

                   Monthly Climatological Summary for Aug 2015

Name: Dobrava   City: Slovenske Konjice   State: SI
Elevation: 342 m  Lat: N 46° 21' 05"   Lon: E 015° 24' 41"

                  Temperature (°C), Rain (mm), Wind Speed (km/h)

                                      Heat  Cool        Avg
    Mean                              Deg   Deg         Wind                 Dom
Day Temp  High   Time   Low    Time   Days  Days  Rain  Speed High   Time    Dir
----------------------------------------------------------------------------------
 1  18.4  24.6   16:32  10.8   06:27   2.0   2.1   0.0   1.0  12.9   12:53   ENE
 2  20.6  25.8   15:57  17.2   04:37   0.2   2.6   1.6   0.3  11.3   02:54   NNE
 3  21.7  27.2   15:35  16.6   02:00   0.2   3.5   0.0   0.5  12.9   14:22   ENE
 4  23.5  30.0   16:47  17.4   03:56   0.1   5.2   0.0   0.6  12.9   11:51     E
 5  24.6  30.8   16:23  19.2   06:35   0.0   6.3   0.0   0.7  16.1   03:11     N
 6  25.1  31.7   15:40  18.9   04:42   0.0   6.8   0.0   1.1  12.9   09:33    NE
 7  25.6  32.2   15:22  18.7   06:07   0.0   7.3   0.0   0.6  12.9   13:56    NE
 8  25.4  32.2   15:03  18.8   06:00   0.0   7.1   0.0   0.7  11.3   13:02    NE
 9  25.4  32.2   15:30  19.7   23:10   0.0   7.1   0.0   0.9  12.9   14:14     N
10  23.5  31.2   17:33  15.3   05:17   0.4   5.6   0.0   0.7  11.3   13:04   NNE
11  24.0  31.6   15:37  16.1   06:31   0.1   5.8   0.0   0.8  11.3   12:53   NNE
12  25.8  32.8   17:52  20.1   02:02   0.0   7.5   0.0   1.8  14.5   12:44   NNW
13  25.9  33.6   14:27  17.8   02:18   0.0   7.6   0.0   1.2  14.5   15:52    NW
14  24.8  32.3   15:33  17.3   06:07   0.0   6.5   0.0   0.7  16.1   17:00    NE
15  23.5  32.7   15:04  18.5   05:56   0.0   5.2   1.4   2.2  32.2   09:06    NW
16  21.4  26.5   13:50  17.0   03:57   0.1   3.2   2.2   1.7  22.5   18:02    NW
17  18.6  20.3   18:01  17.5   23:59   0.1   0.4  11.6   0.1   8.0   11:33   ENE
18  19.9  25.2   13:47  16.3   04:39   0.5   2.1   4.0   0.8  12.9   13:33    NE
19  18.0  21.8   13:06  15.8   03:09   0.9   0.7  53.6   0.2  20.9   20:57   NNW
20  17.3  20.1   14:56  15.8   23:45   1.2   0.2   1.2   0.3  11.3   13:12   ESE
21  17.3  21.0   13:01  13.8   06:20   1.6   0.6   0.0   0.4  14.5   10:42     E
22  17.2  23.2   12:55  11.6   05:45   2.5   1.4   0.0   0.5  17.7   12:47     E
23  16.7  22.8   17:00  11.1   06:37   2.7   1.1   0.0   0.4  14.5   12:00     E
24  18.5  24.7   16:51  12.4   06:43   1.7   1.9   0.0   1.6  25.7   12:29     W
25  17.7  23.0   11:28  14.3   22:33   1.5   0.9   8.8   0.9  17.7   13:45   NNE
26  18.3  24.2   18:45  13.3   06:50   1.8   1.8   0.0   0.5  11.3   11:15     E
27  20.6  28.1   16:49  14.6   00:07   1.1   3.4   0.0   1.0  11.3   03:48   WNW
28  23.3  30.9   14:55  16.1   00:50   0.1   5.2   0.0   1.8  27.4   09:41   WNW
29  24.1  31.6   14:23  15.4   06:02   0.1   6.0   0.0   0.8  11.3   10:36   NNW
30  24.2  31.9   14:56  17.6   06:19   0.0   6.0   0.0   1.1  20.9   15:01   NNW
31  24.8  30.7   16:31  18.4   05:21   0.0   6.5   0.0   3.8  27.4   22:08     W
----------------------------------------------------------------------------------
    21.8  33.6    13    10.8     1    18.9 127.6  84.4   1.0  32.2    15     NNW

Max >=  30.0: 16
Max <=   0.0:  0
Min <=   0.0:  0
Min <= -10.0:  0
Max Rain: 53.6 on day 19
Days of Rain: 8 (>= 0.2 mm)  8 (>= 1.0 mm)  2 (>= 10.0 mm)
Heat Base: 18.3  Cool Base: 18.3  Method: Integration