ohhh nooe!

Report for 2015 Jun

                   Monthly Climatological Summary for Jun 2015

Name: Dobrava   City: Slovenske Konjice   State: SI
Elevation: 342 m  Lat: N 46° 21' 05"   Lon: E 015° 24' 41"

                  Temperature (°C), Rain (mm), Wind Speed (km/h)

                                      Heat  Cool        Avg
    Mean                              Deg   Deg         Wind                 Dom
Day Temp  High   Time   Low    Time   Days  Days  Rain  Speed High   Time    Dir
----------------------------------------------------------------------------------
 1  19.3  26.3   16:21  11.6   05:33   1.9   2.9   0.0   1.2  14.5   16:35    SW
 2  20.6  27.2   17:16  13.8   05:34   1.0   3.4   0.0   1.0  12.9   11:12   NNE
 3  22.7  29.9   15:58  14.9   05:57   0.6   5.0   0.0   0.8  12.9   10:02   ESE
 4  23.3  29.3   13:15  16.8   04:12   0.2   5.2   0.0   0.9  19.3   14:12     E
 5  20.7  27.6   16:27  14.2   04:59   0.9   3.3   0.0   0.6  14.5   17:30   ESE
 6  22.2  28.9   16:25  14.3   05:23   0.7   4.5   0.0   0.9  16.1   15:10     E
 7  22.1  28.9   15:39  15.9   05:10   0.5   4.3   0.0   1.1  16.1   12:38   ENE
 8  21.5  28.5   14:57  13.5   05:37   0.9   4.1   0.0   1.0  16.1   13:17    NE
 9  21.0  27.0   15:48  15.3   05:34   0.6   3.4   4.4   1.6  17.7   12:29   ENE
10  20.0  26.5   16:50  14.4   05:02   1.0   2.7   0.8   0.8  12.9   13:05    SE
11  21.4  27.8   16:29  15.2   05:07   0.6   3.7   0.0   0.6  12.9   15:13   ESE
12  23.8  30.3   15:34  16.9   06:09   0.2   5.7   0.0   3.3  32.2   18:00   WSW
13  24.7  29.3   15:47  20.8   04:03   0.0   6.4   0.0   9.6  38.6   09:25   WSW
14  22.8  29.0   13:17  15.7   23:53   0.2   4.7   4.0   3.1  45.1   20:24   WNW
15  20.7  26.4   13:56  15.6   00:01   0.5   2.9   0.2   3.4  22.5   11:06   WNW
16  16.6  18.2   00:27  14.7   23:52   1.7   0.0   4.2   0.3  14.5   10:24   ESE
17  15.1  19.5   14:52  11.3   22:08   3.3   0.1   0.8   1.0  16.1   12:18   NNE
18  16.4  22.6   14:16   8.7   04:53   2.9   1.0   0.4   0.7  12.9   14:22    SE
19  16.2  18.6   16:11  13.1   23:58   2.1   0.0   5.6   0.2   8.0   04:51     N
20  13.5  18.2   12:36   9.7   23:50   4.8   0.0  10.8   0.4  12.9   11:42    NW
21  14.0  20.7   16:05   8.4   05:30   4.5   0.2   0.0   0.5  11.3   13:23   WSW
22  17.8  24.2   14:04   9.7   05:05   2.4   1.8   0.0   4.3  30.6   22:01     W
23  14.6  18.6   00:19  11.6   21:01   3.7   0.0  74.0   1.2  22.5   00:17     W
24  13.7  18.2   16:05  10.8   23:57   4.6   0.0   5.6   0.7  12.9   13:21     N
25  16.5  23.5   16:42   9.6   05:06   3.1   1.3   1.0   0.9  17.7   16:08   ENE
26  18.1  24.3   17:09  12.7   06:09   2.0   1.8   0.2   0.6  11.3   11:01   ESE
27  18.8  24.3   10:47  14.6   04:21   1.2   1.7   7.0   1.1  19.3   16:53    NW
28  18.6  26.1   16:37  14.1   23:53   1.5   1.8   0.2   1.3  20.9   19:01   NNW
29  18.3  24.7   15:47  11.6   05:11   1.9   1.9   0.4   0.6   9.7   16:49    NE
30  19.9  26.3   16:23  13.3   05:39   1.3   2.9   0.2   0.4  11.3   12:02     E
----------------------------------------------------------------------------------
    19.2  30.3    12     8.4    21    50.8  76.7 119.8   1.5  45.1    14       W

Max >=  30.0:  1
Max <=   0.0:  0
Min <=   0.0:  0
Min <= -10.0:  0
Max Rain: 74.0 on day 23
Days of Rain: 17 (>= 0.2 mm)  9 (>= 1.0 mm)  2 (>= 10.0 mm)
Heat Base: 18.3  Cool Base: 18.3  Method: Integration