ohhh nooe!

Report for 2015 May

                   Monthly Climatological Summary for May 2015

Name: Dobrava   City: Slovenske Konjice   State: SI
Elevation: 342 m  Lat: N 46° 21' 05"   Lon: E 015° 24' 41"

                  Temperature (°C), Rain (mm), Wind Speed (km/h)

                                      Heat  Cool        Avg
    Mean                              Deg   Deg         Wind                 Dom
Day Temp  High   Time   Low    Time   Days  Days  Rain  Speed High   Time    Dir
----------------------------------------------------------------------------------
 1  12.1  15.0   14:08   5.8   01:35   6.2   0.0   0.0  10.4  41.8   11:24     W
 2  14.8  21.7   14:00  11.9   02:44   3.7   0.2   9.8   5.0  38.6   00:09     W
 3  14.4  17.9   14:35  11.7   06:04   3.9   0.0   1.6   3.8  30.6   16:11   WNW
 4  18.4  22.8   17:24  14.5   02:50   1.2   1.3   0.2   5.4  29.0   08:23   WNW
 5  20.0  24.4   17:02  15.4   04:50   0.7   2.4   0.0   9.2  43.5   12:11     W
 6  21.1  27.5   13:48  14.7   23:08   0.5   3.3   0.0   4.3  27.4   16:13     W
 7  16.6  23.1   16:46  10.8   23:02   2.9   1.2   0.0   1.0  17.7   14:24     E
 8  16.6  23.9   15:43   8.1   05:47   3.4   1.7   0.0   1.2  17.7   14:47     E
 9  16.1  23.3   15:03   9.4   05:03   3.1   0.9   1.0   0.8  17.7   17:23    NE
10  16.5  22.5   14:44  10.3   23:56   2.9   1.1   1.2   1.5  20.9   10:04     N
11  14.4  21.6   15:54   7.2   05:44   4.6   0.7   0.0   1.0  16.1   14:39     E
12  16.4  24.2   15:09   7.9   04:41   3.4   1.5   0.0   1.8  16.1   11:23   WSW
13  21.8  27.8   16:47  15.5   01:55   0.5   4.0   0.0   3.3  33.8   19:57   WNW
14  18.6  23.4   14:53  14.4   23:58   1.1   1.4   5.6   2.6  30.6   01:53   WNW
15  13.9  15.1   10:41  12.7   22:51   4.4   0.0  19.0   0.2  14.5   16:09   ESE
16  14.3  18.8   17:39  12.3   05:57   4.0   0.0   2.0   0.0   8.0   18:02     W
17  15.9  21.1   17:18  11.7   02:25   2.8   0.5   0.2   0.2  11.3   13:25    NE
18  16.6  22.4   15:57  11.6   01:02   2.7   1.0   0.0   0.6  14.5   15:52     E
19  19.0  27.2   15:01  11.6   05:22   1.8   2.6   0.8   2.6  25.7   09:30     W
20  17.7  24.8   17:16  11.4   05:48   2.3   1.7   8.8   1.4  24.1   14:46   WSW
21  11.1  13.2   00:00   9.5   06:29   7.2   0.0  19.6   0.2   9.7   06:27   ESE
22  11.0  12.1   11:34  10.2   05:28   7.3   0.0  27.2   1.3  16.1   10:51    SE
23  11.2  12.9   18:19  10.1   03:51   7.1   0.0  32.2   0.1   9.7   01:49    NW
24  14.3  19.9   14:47  10.1   03:56   4.2   0.2   0.6   0.6  17.7   15:01     E
25  14.5  18.8   12:10  10.8   05:40   3.9   0.0   0.2   1.4  16.1   11:05   NNW
26  15.1  20.4   15:41  12.4   07:38   3.3   0.1   1.4   0.9  16.1   00:28     N
27  12.3  17.1   15:50   7.6   05:30   6.0   0.0   0.0   1.3  25.7   14:29   NNW
28  12.8  18.6   16:44   7.2   03:42   5.5   0.0   0.0   0.9  16.1   14:32   ESE
29  15.7  24.3   16:09   6.1   04:43   4.3   1.7   0.0   1.0  17.7   15:15    SE
30  18.8  25.8   15:46  11.3   00:00   1.7   2.2   1.2   1.5  16.1   11:23   NNE
31  16.2  20.7   17:31  13.6   23:55   2.5   0.4   6.6   0.2   6.4   13:14    NW
----------------------------------------------------------------------------------
    15.7  27.8    13     5.8     1   109.1  30.1 139.2   2.1  43.5     5     WNW

Max >=  30.0:  0
Max <=   0.0:  0
Min <=   0.0:  0
Min <= -10.0:  0
Max Rain: 32.2 on day 23
Days of Rain: 19 (>= 0.2 mm)  14 (>= 1.0 mm)  4 (>= 10.0 mm)
Heat Base: 18.3  Cool Base: 18.3  Method: Integration