ohhh nooe!

Report for 2014 Dec

                   Monthly Climatological Summary for Dec 2014

Name: Dobrava   City: Slovenske Konjice   State: SI
Elevation: 342 m  Lat: N 46° 21' 05"   Lon: E 015° 24' 41"

                  Temperature (°C), Rain (mm), Wind Speed (km/h)

                                      Heat  Cool        Avg
    Mean                              Deg   Deg         Wind                 Dom
Day Temp  High   Time   Low    Time   Days  Days  Rain  Speed High   Time    Dir
----------------------------------------------------------------------------------
 1   3.0   4.1   00:00   2.4   22:48  15.3   0.0   8.0   1.4  17.7   12:20   ESE
 2   2.1   2.6   00:36   1.4   19:35  16.2   0.0   0.8   0.7  12.9   10:07   ESE
 3   2.6   3.2   10:46   1.6   00:00  15.7   0.0   3.6   0.7  14.5   11:48   ESE
 4   3.7   4.2   10:21   3.2   00:00  14.6   0.0   1.8   0.1   9.7   12:03   ESE
 5   4.3   5.2   13:11   3.6   00:00  14.0   0.0   0.8   0.0   1.6   14:22     E
 6   4.8   5.6   13:31   4.4   03:09  13.5   0.0   3.4   0.1  11.3   19:56    SE
 7   5.1   6.1   14:20   4.3   02:28  13.2   0.0   5.2   0.0   8.0   20:21     E
 8   5.0   6.7   14:04   3.6   23:55  13.3   0.0   1.8   0.1  12.9   22:51   ESE
 9   2.3   3.8   11:55  -2.4   23:52  16.0   0.0   0.0   1.3  22.5   06:54   ESE
10  -0.6   4.6   13:00  -3.8   07:31  18.9   0.0   0.2   0.1   8.0   10:07     E
11   3.0   8.9   12:53  -0.8   21:50  15.3   0.0   0.0   1.2  16.1   09:55   WNW
12   5.2  10.8   13:59   1.0   07:07  13.1   0.0   0.0   6.6  40.2   22:39   WNW
13   9.6  12.2   12:44   6.3   00:00   8.7   0.0   0.0  15.9  61.2   11:26     W
14  11.5  12.7   14:19  10.5   08:30   6.8   0.0   0.0  12.9  41.8   01:29   WSW
15  10.7  13.3   14:02   5.9   22:42   7.6   0.0   0.0   9.9  38.6   13:26   WNW
16   7.3  10.3   11:25   4.7   05:36  11.0   0.0   1.6   1.3  16.1   10:44   NNW
17   5.7   6.9   14:13   3.9   19:24  12.6   0.0   5.8   0.4   9.7   23:07   NNW
18   6.6  11.2   13:40   0.8   06:16  11.7   0.0   0.0   5.8  24.1   22:22    NW
19  10.5  13.6   14:09   8.9   06:03   7.8   0.0   0.0  14.6  38.6   17:41    NW
20   8.5  13.6   14:26   4.2   23:46   9.8   0.0   0.0   5.0  35.4   01:44    NW
21   4.7  10.7   14:03   0.6   23:37  13.6   0.0   0.0   3.3  27.4   03:00    NW
22   6.8   9.4   21:23   1.2   01:06  11.5   0.0   0.0  14.1  41.8   13:06    NW
23   8.6  11.1   14:33   6.5   23:57   9.7   0.0   0.0  17.6  43.5   21:12    NW
24   7.4   9.8   13:13   5.9   23:51  10.9   0.0   0.0  17.7  48.3   08:38    NW
25   6.0  10.3   14:19   3.2   17:40  12.3   0.0   4.2   6.1  27.4   00:47   NNW
26   1.6   5.8   14:25  -3.8   23:32  16.7   0.0   0.2   1.0  17.7   13:40   WNW
27  -2.0   0.2   12:59  -5.1   06:54  20.3   0.0   0.2   0.3   6.4   02:21     N
28  -2.2  -0.8   00:00  -4.9   21:08  20.5   0.0  21.2   0.6  24.1   23:33   ESE
29  -6.1  -2.2   00:00 -11.7   07:59  24.4   0.0   0.0   1.3  25.7   04:02   SSE
30  -8.6  -0.5   14:10 -13.6   23:03  26.9   0.0   0.0   1.3  24.1   11:11     N
31  -8.8  -5.1   13:49 -12.7   08:50  27.1   0.0   0.0   1.4  14.5   02:40    SE
----------------------------------------------------------------------------------
     3.8  13.6    19   -13.6    30   449.0   0.0  58.8   4.6  61.2    13     WNW

Max >=  30.0:  0
Max <=   0.0:  4
Min <=   0.0:  9
Min <= -10.0:  3
Max Rain: 21.2 on day 28
Days of Rain: 15 (>= 0.2 mm)  10 (>= 1.0 mm)  1 (>= 10.0 mm)
Heat Base: 18.3  Cool Base: 18.3  Method: Integration