ohhh nooe!

Report for 2014 Oct

                   Monthly Climatological Summary for Oct 2014

Name: Dobrava   City: Slovenske Konjice   State: SI
Elevation: 342 m  Lat: N 46° 21' 05"   Lon: E 015° 24' 41"

                  Temperature (°C), Rain (mm), Wind Speed (km/h)

                                      Heat  Cool        Avg
    Mean                              Deg   Deg         Wind                 Dom
Day Temp  High   Time   Low    Time   Days  Days  Rain  Speed High   Time    Dir
----------------------------------------------------------------------------------
 1  15.4  18.9   15:37  12.9   06:56   3.0   0.0   0.0   0.4  11.3   16:26   ESE
 2  14.5  18.1   15:16  11.1   23:58   3.8   0.0   1.4   0.3   9.7   12:31   ESE
 3  13.4  19.1   14:59   8.1   06:22   4.9   0.0   0.2   1.0  17.7   15:57   ESE
 4  12.6  15.8   16:27   9.4   05:24   5.7   0.0   0.0   0.4  11.3   13:51   ESE
 5  12.9  16.0   12:52  10.9   06:53   5.5   0.0   0.0   0.3   9.7   14:54    SE
 6  13.0  17.1   13:47   9.9   05:46   5.3   0.0   0.0   0.4   8.0   04:50   ESE
 7  14.6  19.8   12:52   9.0   03:02   3.8   0.2   0.0   3.6  27.4   16:48     W
 8  17.9  21.0   14:44  14.9   01:37   1.1   0.7   0.0   6.6  35.4   17:46     W
 9  19.7  23.4   13:48  16.9   02:46   0.3   1.6   0.0  10.4  43.5   14:45   WSW
10  19.8  24.2   13:30  16.7   03:39   0.3   1.8   0.0   8.4  37.0   11:33   WNW
11  19.8  24.6   13:19  16.2   02:55   0.4   1.9   0.0   7.0  37.0   12:58   WNW
12  18.4  24.4   14:07  12.3   06:51   1.2   1.3   0.0   1.7  22.5   15:07     W
13  20.0  24.5   13:48  16.9   05:11   0.3   2.0   0.0   9.2  49.9   12:02     W
14  19.1  23.7   14:29  15.8   22:17   0.5   1.3   0.0   7.1  41.8   00:13     W
15  16.2  20.1   15:29  13.8   08:37   2.3   0.2   6.2   1.8  24.1   12:17   WNW
16  17.6  21.6   13:05  14.9   00:31   1.3   0.6   0.0   2.4  17.7   17:27   WNW
17  17.7  23.7   16:15  11.3   23:54   1.6   1.0   1.8   6.3  38.6   12:03     W
18  14.7  21.4   15:08  10.9   00:57   4.0   0.4   0.2   1.0  12.9   12:37   WSW
19  15.4  22.4   15:04  10.6   00:10   3.5   0.7   0.0   3.2  17.7   11:00    NW
20  17.2  22.9   14:25  10.2   03:20   1.9   0.9   0.0   4.6  22.5   11:12    NW
21  16.2  21.8   15:11  12.1   03:55   2.6   0.5   0.6   1.1  17.7   00:29    NW
22   8.6  15.6   00:00   4.9   09:04   9.7   0.0  45.8   3.0  35.4   02:31   WNW
23   7.7   9.2   22:31   4.9   02:36  10.6   0.0  20.0   2.3  24.1   06:24   WNW
24   9.2  11.3   05:38   7.3   23:36   9.1   0.0   4.6   1.7  17.7   05:23    SE
25   7.4  10.3   14:27   4.4   23:54  10.9   0.0   0.2   0.5  16.1   15:11   ESE
26   5.1   7.5   15:06   2.4   02:13  13.7   0.0   0.0   0.2   9.7   13:00   ESE
27   6.0   9.0   12:38   3.1   20:47  12.3   0.0   0.0   0.7  12.9   12:56   ESE
28   4.7  10.3   13:28   1.2   23:48  13.6   0.0   0.2   0.8  11.3   12:27    SE
29   4.3   8.7   13:18  -0.2   06:34  14.0   0.0   0.0   0.8  11.3   11:31   ESE
30   6.7  12.4   14:15   2.8   23:49  11.6   0.0   0.2   0.6   9.7   13:47     E
31   6.8  13.7   13:44   2.7   06:19  11.5   0.0   0.2   0.7  12.9   14:20   ENE
----------------------------------------------------------------------------------
    13.3  24.6    11    -0.2    29   170.3  15.1  81.6   2.8  49.9    13       W

Max >=  30.0:  0
Max <=   0.0:  0
Min <=   0.0:  1
Min <= -10.0:  0
Max Rain: 45.8 on day 22
Days of Rain: 13 (>= 0.2 mm)  4 (>= 2.0 mm)  2 (>= 20.0 mm)
Heat Base: 18.3  Cool Base: 18.3  Method: Integration