ohhh nooe!

Report for 2014 Aug

                   Monthly Climatological Summary for Aug 2014

Name: Dobrava   City: Slovenske Konjice   State: SI
Elevation: 342 m  Lat: N 46° 21' 05"   Lon: E 015° 24' 41"

                  Temperature (°C), Rain (mm), Wind Speed (km/h)

                                      Heat  Cool        Avg
    Mean                              Deg   Deg         Wind                 Dom
Day Temp  High   Time   Low    Time   Days  Days  Rain  Speed High   Time    Dir
----------------------------------------------------------------------------------
 1  21.1  26.2   16:18  17.4   04:14   0.1   2.9   0.0   0.4  14.5   14:33     E
 2  22.3  27.9   14:32  16.3   05:49   0.2   4.2   0.2   0.7  17.7   14:39     E
 3  22.3  29.3   15:42  16.1   05:34   0.3   4.3   0.0   1.8  19.3   19:20   WSW
 4  20.9  26.5   15:26  15.6   06:31   0.2   2.8   0.6   1.3  14.5   02:46     N
 5  18.2  21.4   14:29  16.2   21:07   0.6   0.6  26.4   0.9  14.5   11:50    NW
 6  20.0  25.3   14:32  16.1   05:28   0.6   2.3   0.6   1.2  20.9   12:53    NW
 7  20.6  25.7   16:00  16.9   23:47   0.4   2.7   0.0   0.8  12.9   11:11     E
 8  21.1  27.3   17:40  14.4   06:20   0.8   3.6   0.0   0.8  14.5   16:02   ENE
 9  22.4  29.3   15:24  15.9   05:42   0.5   4.6   0.0   2.2  19.3   09:48     W
10  23.5  29.2   15:39  16.8   06:17   0.1   5.3   0.0   1.8  20.9   18:49     W
11  24.7  30.3   14:57  19.6   01:48   0.0   6.4   0.0   2.3  19.3   06:05   WNW
12  19.3  22.9   12:10  16.2   21:52   0.4   1.3   2.0   0.3  11.3   12:12     E
13  19.2  25.3   17:23  15.6   03:55   1.0   1.9  22.2   0.4  29.0   20:58   WNW
14  15.8  19.8   00:00  13.7   23:52   2.6   0.2  26.0   0.2  11.3   07:34    SE
15  15.1  18.2   12:49  11.8   03:44   3.2   0.0   1.0   0.0   4.8   05:21   NNW
16  15.2  20.3   13:05  10.3   05:26   3.4   0.2   1.2   0.3  11.3   13:21    NE
17  16.2  22.4   16:49  10.5   06:05   3.0   1.0   0.6   0.7  14.5   16:26     S
18  17.6  24.6   15:37  10.5   06:01   2.6   1.8   0.0   1.9  29.0   16:25     W
19  18.2  23.5   14:10  14.0   06:49   1.2   1.1   1.0   2.3  19.3   13:04    NW
20  17.0  19.7   14:35  14.8   02:22   1.5   0.2   6.0   0.4  14.5   14:34   ESE
21  16.2  20.6   16:46  13.2   05:11   2.5   0.4  32.4   0.6  14.5   14:14   ESE
22  16.3  19.8   16:36  11.5   05:08   2.3   0.3   0.0   0.0   6.4   11:50    NE
23  16.4  19.0   10:26  13.1   04:37   2.0   0.1   7.6   0.2  11.3   23:21   NNE
24  15.8  22.1   13:28  11.7   23:13   2.9   0.4   0.6   1.0  19.3   14:06   NNW
25  15.3  21.2   17:38  11.9   00:00   3.4   0.4   0.0   0.7  12.9   12:56     S
26  17.4  21.8   16:34  11.5   02:33   1.8   0.9   0.2   4.8  29.0   11:54     W
27  19.2  25.1   15:02  13.7   23:59   0.7   1.6   8.0   1.5  19.3   20:06   WNW
28  16.1  21.9   17:47  10.7   05:37   3.1   0.9   0.0   0.7  14.5   13:32     E
29  17.1  24.3   14:38  10.7   06:40   2.8   1.7   0.0   0.7  11.3   13:24   SSW
30  18.2  25.2   13:54  11.3   06:21   2.2   2.1   0.0   0.6  12.9   14:40   ENE
31  18.4  22.9   15:14  14.0   02:24   1.3   1.4  12.2   0.2   9.7   11:54   ESE
----------------------------------------------------------------------------------
    18.6  30.3    11    10.3    16    47.7  57.6 148.8   1.0  29.0    13     WNW

Max >=  30.0:  1
Max <=   0.0:  0
Min <=   0.0:  0
Min <= -10.0:  0
Max Rain: 32.4 on day 21
Days of Rain: 18 (>= 0.2 mm)  9 (>= 2.0 mm)  4 (>= 20.0 mm)
Heat Base: 18.3  Cool Base: 18.3  Method: Integration