ohhh nooe!

Report for 2014 Jun

                   Monthly Climatological Summary for Jun 2014

Name: Dobrava   City: Slovenske Konjice   State: SI
Elevation: 342 m  Lat: N 46° 21' 05"   Lon: E 015° 24' 41"

                  Temperature (°C), Rain (mm), Wind Speed (km/h)

                                      Heat  Cool        Avg
    Mean                              Deg   Deg         Wind                 Dom
Day Temp  High   Time   Low    Time   Days  Days  Rain  Speed High   Time    Dir
----------------------------------------------------------------------------------
 1  14.3  17.8   13:22  10.6   04:13   4.0   0.0   0.0   2.3  24.1   13:33   WNW
 2  15.6  21.2   16:07  11.4   01:53   3.1   0.4   0.8   0.8  14.5   09:28   NNW
 3  14.5  19.9   14:04  10.3   05:33   3.9   0.1   6.6   0.8  12.9   01:06   NNW
 4  16.5  23.2   15:49   9.0   05:23   3.0   1.2   0.2   1.2  16.1   14:51   SSW
 5  16.4  21.4   14:42  12.9   02:11   2.3   0.4   3.4   0.7  14.5   07:31    NW
 6  19.0  26.4   17:12  11.7   05:57   1.9   2.6   0.0   0.9  14.5   18:03   ESE
 7  21.1  29.2   14:31  13.3   05:52   1.2   4.0   0.0   1.2  16.1   11:37   ESE
 8  22.7  29.8   15:25  14.3   04:32   0.8   5.2   0.0   1.1  12.9   12:10   ENE
 9  24.0  30.6   14:51  16.4   05:02   0.2   5.8   0.0   0.8  14.5   11:41   ESE
10  24.5  31.2   15:36  16.8   02:31   0.2   6.4   0.0   1.1  14.5   14:26   ENE
11  25.7  33.1   15:01  18.8   03:29   0.0   7.4   0.0   1.5  14.5   09:35     W
12  22.5  30.8   13:21  17.9   23:07   0.0   4.2   4.0   1.9  27.4   15:40   NNW
13  20.2  26.6   13:02  15.3   04:21   0.6   2.5   1.8   1.8  20.9   00:01   NNW
14  18.0  22.7   15:27  14.6   05:42   1.1   0.8   1.0   0.7  16.1   00:00     E
15  17.0  22.6   16:50  11.7   04:48   2.3   1.0   0.4   1.4  20.9   12:53     E
16  16.3  20.8   13:57  12.0   01:29   2.4   0.4   0.2   1.2  22.5   12:05   ESE
17  16.3  19.0   14:28  13.2   05:35   2.1   0.1   0.2   0.6  16.1   17:13     E
18  18.1  24.3   15:44  12.7   05:33   1.9   1.8   0.0   1.2  20.9   11:21     E
19  19.1  26.8   15:47  11.4   05:44   1.8   2.6   0.0   0.9  11.3   23:35   NNW
20  16.9  22.6   12:10  12.2   23:56   2.0   0.6  19.6   1.2  12.9   04:04     N
21  15.7  21.4   15:38   9.3   04:40   3.3   0.7   0.0   0.9  14.5   10:11   ESE
22  19.3  27.5   16:33  10.1   04:56   2.2   3.3   0.0   1.5  17.7   16:50   WSW
23  21.0  26.7   14:55  14.8   05:18   0.6   3.3   3.8   2.0  33.8   21:29   WNW
24  16.3  20.1   10:53  13.6   21:15   2.2   0.2  24.8   1.6  29.0   00:28    NW
25  14.6  17.8   19:18  13.3   22:50   3.7   0.0  20.6   0.5  11.3   17:35    NW
26  17.4  22.6   14:56  10.6   05:38   2.2   1.2   0.0   1.0  16.1   11:17   ENE
27  18.3  24.1   15:14  13.7   03:41   1.6   1.6   0.0   0.5  12.9   10:52    SE
28  20.8  27.8   15:53  14.0   05:11   1.1   3.6   0.0   1.4  25.7   20:47    SW
29  22.4  26.6   13:27  18.7   03:56   0.0   4.1   0.0   6.4  41.8   09:10     W
30  16.0  21.1   00:00  12.2   23:53   2.5   0.1  40.0   1.1  19.3   02:26   WNW
----------------------------------------------------------------------------------
    18.7  33.1    11     9.0     4    54.2  65.6 127.4   1.3  41.8    29      NW

Max >=  30.0:  4
Max <=   0.0:  0
Min <=   0.0:  0
Min <= -10.0:  0
Max Rain: 40.0 on day 30
Days of Rain: 15 (>= 0.2 mm)  8 (>= 2.0 mm)  3 (>= 20.0 mm)
Heat Base: 18.3  Cool Base: 18.3  Method: Integration