ohhh nooe!

Report for 2014 May

                   Monthly Climatological Summary for May 2014

Name: Dobrava   City: Slovenske Konjice   State: SI
Elevation: 342 m  Lat: N 46° 21' 05"   Lon: E 015° 24' 41"

                  Temperature (°C), Rain (mm), Wind Speed (km/h)

                                      Heat  Cool        Avg
    Mean                              Deg   Deg         Wind                 Dom
Day Temp  High   Time   Low    Time   Days  Days  Rain  Speed High   Time    Dir
----------------------------------------------------------------------------------
 1  14.6  21.0   13:43   9.1   04:13   4.1   0.4   0.0   1.9  19.3   12:00    NE
 2  14.2  21.4   17:07   8.0   06:31   4.4   0.3   0.0   1.3  12.9   12:09   NNE
 3  11.0  14.6   11:19   7.3   23:50   7.3   0.0   0.0   1.2  29.0   11:33   ENE
 4  11.5  17.3   14:23   5.9   23:58   6.8   0.0   0.0   3.0  33.8   15:33     N
 5   9.6  17.2   15:48   1.7   06:02   8.7   0.0   0.0   1.1  16.1   13:08     E
 6  14.3  22.7   16:21   5.3   05:44   4.9   0.9   0.0   2.4  25.7   22:48     W
 7  15.1  20.9   15:16  11.3   23:47   3.3   0.1   5.8   7.8  40.2   15:25     W
 8  14.9  21.2   16:32  10.3   04:36   3.7   0.3   0.0   1.4  16.1   12:18   ENE
 9  16.1  23.6   14:37   8.2   05:12   3.4   1.2   0.0   1.4  16.1   07:25     N
10  17.3  22.6   15:44  12.3   05:55   2.1   1.2   0.2   1.1  16.1   11:12     E
11  15.0  21.2   15:50   6.4   23:59   3.8   0.6  27.8   2.5  32.2   16:09     W
12  11.1  18.7   14:15   5.3   04:35   7.2   0.0   5.0   3.9  20.9   16:22   WNW
13   8.8  11.6   17:42   7.0   09:44   9.5   0.0  18.4   0.3   8.0   08:05     S
14  11.8  17.3   16:15   6.6   05:42   6.5   0.0   0.0   5.2  48.3   17:11   NNW
15  11.6  13.4   16:20   9.2   22:56   6.7   0.0   2.8  10.6  62.8   12:55    NW
16  10.7  13.2   15:33   8.1   05:52   7.6   0.0  13.0   4.8  40.2   01:56    NW
17  11.3  15.1   18:25   8.0   05:32   7.0   0.0   4.0   0.4  14.5   01:09    NW
18  13.9  19.0   16:32  10.2   03:10   4.5   0.0   0.4   5.0  30.6   15:28     W
19  16.1  22.5   15:50   7.9   06:01   3.2   1.0   0.0   5.0  30.6   12:57     W
20  18.3  24.0   15:52  12.5   02:52   1.6   1.6   0.0   5.1  24.1   07:43     W
21  19.3  26.1   17:37  12.3   06:08   1.4   2.4   0.0   3.6  20.9   13:12     W
22  20.7  28.0   15:53  11.7   05:39   1.4   3.8   0.0   4.4  25.7   18:56   WNW
23  21.8  27.6   15:29  16.6   00:39   0.1   3.5   0.0   4.9  29.0   17:50     W
24  20.7  26.7   15:23  13.6   05:00   0.8   3.2   0.2   3.7  25.7   15:58     W
25  19.2  25.4   15:51  12.8   05:06   1.5   2.4   0.0   1.0  16.1   10:44     E
26  17.2  22.8   10:39  13.4   05:54   1.8   0.7   9.4   1.4  32.2   12:20     W
27  18.1  22.2   13:08  14.8   05:17   1.2   1.0   0.0   7.1  35.4   17:43     W
28  14.2  16.3   10:59  11.5   23:24   4.1   0.0   3.4   2.8  27.4   08:46   WNW
29  15.9  20.1   12:45  11.6   01:18   2.7   0.3   0.2   0.5  12.9   18:28    NE
30  12.9  16.7   15:04   8.3   23:53   5.4   0.0   0.0   0.0   1.6   10:21     E
31  13.0  17.8   16:19   7.2   01:15   5.3   0.0   0.0   1.8  25.7   18:42     N
----------------------------------------------------------------------------------
    14.8  28.0    22     1.7     5   132.0  24.9  90.6   3.1  62.8    15     WNW

Max >=  30.0:  0
Max <=   0.0:  0
Min <=   0.0:  0
Min <= -10.0:  0
Max Rain: 27.8 on day 11
Days of Rain: 13 (>= 0.2 mm)  9 (>= 2.0 mm)  1 (>= 20.0 mm)
Heat Base: 18.3  Cool Base: 18.3  Method: Integration