ohhh nooe!

Report for 2014 Mar

                   Monthly Climatological Summary for Mar 2014

Name: Dobrava   City: Slovenske Konjice   State: SI
Elevation: 342 m  Lat: N 46° 21' 05"   Lon: E 015° 24' 41"

                  Temperature (°C), Rain (mm), Wind Speed (km/h)

                                      Heat  Cool        Avg
    Mean                              Deg   Deg         Wind                 Dom
Day Temp  High   Time   Low    Time   Days  Days  Rain  Speed High   Time    Dir
----------------------------------------------------------------------------------
 1   6.6  11.1   13:44   0.8   05:13  11.7   0.0   0.0   1.5  20.9   00:14     N
 2   6.2   8.9   16:13   3.8   01:13  12.1   0.0   0.0   1.9  19.3   10:08   ESE
 3   5.9   8.4   13:13   3.7   06:30  12.4   0.0   4.6   1.3  12.9   14:04     E
 4   6.1   7.8   15:13   4.8   00:00  12.2   0.0   0.2   1.9  19.3   16:39   ESE
 5   9.1  12.4   13:04   6.6   04:37   9.2   0.0   0.0   2.3  24.1   13:15   NNW
 6   8.6  11.7   13:35   6.1   23:51   9.7   0.0   0.0   3.4  27.4   12:29   ESE
 7   6.2  10.4   14:24   1.6   05:13  12.1   0.0   0.0   1.9  17.7   16:49   ESE
 8   6.1  11.8   15:09   1.4   04:44  12.2   0.0   0.0   2.5  20.9   12:36   ESE
 9   5.6  12.9   13:55  -0.5   06:42  12.7   0.0   0.0   2.5  25.7   15:18   ESE
10   6.9  10.8   14:48   2.4   22:00  11.4   0.0   0.0   3.7  29.0   09:34   ESE
11   6.1  14.3   17:06  -0.3   06:24  12.2   0.0   0.0   2.5  25.7   12:34     E
12   8.6  16.0   14:35   3.5   06:25   9.7   0.0   0.0   2.5  14.5   14:08   NNE
13   8.2  16.3   15:00   1.2   05:26  10.1   0.0   0.0   2.0  12.9   13:37   NNE
14   9.4  18.6   14:19   0.5   06:18   8.9   0.0   0.0   1.5  12.9   00:56     E
15  11.0  16.6   12:30   5.1   23:27   7.3   0.0   0.0   6.5  32.2   10:23   WNW
16  12.2  19.0   13:10   3.6   01:06   6.2   0.0   0.0   6.8  32.2   10:51   WNW
17  13.9  23.2   16:43   6.2   23:57   5.6   1.2   0.0   2.9  19.3   13:18     W
18  13.4  20.6   15:19   4.8   05:36   5.3   0.3   0.0   5.4  27.4   23:34   WNW
19  13.2  19.2   12:50   6.3   21:41   5.2   0.0   0.0   7.0  30.6   12:57    NW
20  11.5  20.2   15:00   4.6   02:50   7.1   0.3   0.0   3.3  22.5   09:30     W
21  12.9  19.9   13:56   4.3   06:10   5.5   0.2   0.0   9.1  40.2   15:50     W
22  13.3  16.1   13:48  10.7   06:01   5.0   0.0   0.2  13.3  45.1   09:36     W
23  11.6  13.7   15:40   6.3   23:59   6.7   0.0   8.4   3.9  30.6   09:14     W
24   6.1  10.1   15:34   2.7   23:31  12.2   0.0   0.0   1.3  32.2   16:34   ESE
25   4.5   9.3   11:54   1.7   06:40  13.8   0.0   2.2   1.4  20.9   13:13    SE
26   6.3  10.5   14:06   2.9   00:00  12.0   0.0   0.2   1.2  19.3   14:22   ESE
27   8.2  11.1   16:05   4.4   05:59  10.1   0.0   0.2   0.8  14.5   14:10   ENE
28  10.9  16.9   14:10   4.4   23:47   7.2   0.0   0.0   1.4  25.7   10:49    NE
29  11.5  19.6   16:34   4.7   00:00   6.9   0.1   0.0   2.2  12.9   05:58   NNE
30  13.5  21.5   16:34   4.6   05:50   5.2   0.6   0.0   4.7  22.5   12:08   WNW
31  13.9  21.1   16:23   5.4   07:24   4.9   0.5   0.0   3.2  22.5   10:26    NW
----------------------------------------------------------------------------------
     9.3  23.2    17    -0.5     9   282.8   3.2  16.0   3.4  45.1    22     WNW

Max >=  30.0:  0
Max <=   0.0:  0
Min <=  20.0: 31
Min <= -10.0:  0
Max Rain: 8.4 on day 23
Days of Rain: 7 (>= 0.2 mm)  3 (>= 2.0 mm)  0 (>= 20.0 mm)
Heat Base: 18.3  Cool Base: 18.3  Method: Integration